000
CDUS41 KCAR 130526
CLICAR


CLIMATE REPORT
NATIONAL WEATHER SERVICE CARIBOU, ME
126 AM EDT MON OCT 13 2014


...................................

...THE CARIBOU ME CLIMATE SUMMARY FOR OCTOBER 12 2014...

CLIMATE NORMAL PERIOD 1981 TO 2010
CLIMATE RECORD PERIOD 1939 TO 2014


WEATHER ITEM   OBSERVED TIME   RECORD YEAR NORMAL DEPARTURE LAST
                VALUE   (LST)  VALUE       VALUE  FROM      YEAR
                                                  NORMAL
..................................................................
TEMPERATURE (F)
 YESTERDAY
  MAXIMUM         54    340 PM  76    1949  54      0       58
  MINIMUM         29    537 AM  21    1987  36     -7       37
  AVERAGE         42                        45     -3       48

PRECIPITATION (IN)
  YESTERDAY        0.00          1.49 2007   0.11  -0.11     0.00
  MONTH TO DATE    1.86                      1.36   0.50     0.90
  SINCE SEP 1      4.45                      4.68  -0.23     7.91
  SINCE JAN 1     33.11                     29.42   3.69    40.93

SNOWFALL (IN)
  YESTERDAY        0.0           0.1  1958   0.1   -0.1      0.0
  MONTH TO DATE    0.0                       0.2   -0.2      0.0
  SINCE SEP 1      0.0                       0.3   -0.3      0.0
  SINCE JUL 1      0.0                       0.3   -0.3      0.0
  SNOW DEPTH       0

DEGREE DAYS
 HEATING
  YESTERDAY       23                        20      3       17
  MONTH TO DATE  199                       218    -19      155
  SINCE SEP 1    493                       531    -38      412
  SINCE JUL 1    551                       685   -134      526

 COOLING
  YESTERDAY        0                         0      0        0
  MONTH TO DATE    0                         0      0        0
  SINCE SEP 1     24                        11     13       13
  SINCE JAN 1    265                       180     85      192
..................................................................


WIND (MPH)
  HIGHEST WIND SPEED    16   HIGHEST WIND DIRECTION    NW (310)
  HIGHEST GUST SPEED    21   HIGHEST GUST DIRECTION     N (340)
  AVERAGE WIND SPEED     4.7


SKY COVER
  POSSIBLE SUNSHINE  MM
  AVERAGE SKY COVER 0.1


WEATHER CONDITIONS
 THE FOLLOWING WEATHER WAS RECORDED YESTERDAY.
  FOG


RELATIVE HUMIDITY (PERCENT)
 HIGHEST    96           200 AM
 LOWEST     41           200 PM
 AVERAGE    69

..........................................................


THE CARIBOU ME CLIMATE NORMALS FOR TODAY
                         NORMAL    RECORD    YEAR
 MAXIMUM TEMPERATURE (F)   53        73      1943
 MINIMUM TEMPERATURE (F)   35        24      1985


SUNRISE AND SUNSET
OCTOBER 13 2014.......SUNRISE   647 AM EDT   SUNSET   549 PM EDT
OCTOBER 14 2014.......SUNRISE   648 AM EDT   SUNSET   547 PM EDT


-  INDICATES NEGATIVE NUMBERS.
R  INDICATES RECORD WAS SET OR TIED.
MM INDICATES DATA IS MISSING.
T  INDICATES TRACE AMOUNT.




$$
