000
CDUS41 KCAR 020534
CLICAR


CLIMATE REPORT
NATIONAL WEATHER SERVICE CARIBOU, ME
1233 AM EST TUE FEB 2 2016


...................................

...THE CARIBOU ME CLIMATE SUMMARY FOR FEBRUARY 1 2016...

CLIMATE NORMAL PERIOD 1981 TO 2010
CLIMATE RECORD PERIOD 1939 TO 2016


WEATHER ITEM   OBSERVED TIME   RECORD YEAR NORMAL DEPARTURE LAST
                VALUE   (LST)  VALUE       VALUE  FROM      YEAR
                                                  NORMAL
..................................................................
TEMPERATURE (F)
 YESTERDAY
  MAXIMUM         47    148 PM  49    1988  20     27        4
  MINIMUM         19   1159 PM -41    1955   1     18      -12
  AVERAGE         33                        10     23       -4

PRECIPITATION (IN)
  YESTERDAY        0.06          0.85 2008   0.08  -0.02     0.00
  MONTH TO DATE    0.06                      0.08  -0.02     0.00
  SINCE DEC 1      6.36                      6.06   0.30     8.78
  SINCE JAN 1      1.48                      2.79  -1.31     2.90

SNOWFALL (IN)
  YESTERDAY        0.0          10.4  1942   0.8   -0.8      0.0
  MONTH TO DATE    0.0                       0.8   -0.8      0.0
  SINCE DEC 1     39.0                      48.9   -9.9     60.8
  SINCE JUL 1     43.1                      61.1  -18.0     89.6
  SNOW DEPTH       7

DEGREE DAYS
 HEATING
  YESTERDAY       32                        55    -23       69
  MONTH TO DATE   32                        55    -23       69
  SINCE DEC 1   2611                      3204   -593     3125
  SINCE JUL 1   4429                      5349   -920     5077

 COOLING
  YESTERDAY        0                         0      0        0
  MONTH TO DATE    0                         0      0        0
  SINCE DEC 1      0                         0      0        0
  SINCE JAN 1      0                         0      0        0
..................................................................


WIND (MPH)
  HIGHEST WIND SPEED    33   HIGHEST WIND DIRECTION     W (250)
  HIGHEST GUST SPEED    49   HIGHEST GUST DIRECTION     W (250)
  AVERAGE WIND SPEED    11.1


SKY COVER
  POSSIBLE SUNSHINE  MM
  AVERAGE SKY COVER 0.7


WEATHER CONDITIONS
 THE FOLLOWING WEATHER WAS RECORDED YESTERDAY.
  RAIN
  LIGHT RAIN
  FOG
  HAZE


RELATIVE HUMIDITY (PERCENT)
 HIGHEST    89           200 AM
 LOWEST     54           600 PM
 AVERAGE    72

..........................................................


THE CARIBOU ME CLIMATE NORMALS FOR TODAY
                         NORMAL    RECORD    YEAR
 MAXIMUM TEMPERATURE (F)   20        49      1976
 MINIMUM TEMPERATURE (F)    1       -32      1962


SUNRISE AND SUNSET
FEBRUARY  2 2016......SUNRISE   656 AM EST   SUNSET   436 PM EST
FEBRUARY  3 2016......SUNRISE   655 AM EST   SUNSET   438 PM EST


-  INDICATES NEGATIVE NUMBERS.
R  INDICATES RECORD WAS SET OR TIED.
MM INDICATES DATA IS MISSING.
T  INDICATES TRACE AMOUNT.




$$
