000
CDUS41 KCAR 270529
CLICAR


CLIMATE REPORT
NATIONAL WEATHER SERVICE CARIBOU, ME
129 AM EDT SAT JUN 27 2015


...................................

...THE CARIBOU ME CLIMATE SUMMARY FOR JUNE 26 2015...

CLIMATE NORMAL PERIOD 1981 TO 2010
CLIMATE RECORD PERIOD 1939 TO 2015


WEATHER ITEM   OBSERVED TIME   RECORD YEAR NORMAL DEPARTURE LAST
                VALUE   (LST)  VALUE       VALUE  FROM      YEAR
                                                  NORMAL
..................................................................
TEMPERATURE (F)
 YESTERDAY
  MAXIMUM         69    202 PM  91    2003  74     -5       72
  MINIMUM         42    417 AM  39    1965  53    -11       52
  AVERAGE         56                        63     -7       62

PRECIPITATION (IN)
  YESTERDAY        T             1.98 1940   0.13  -0.13     0.00
  MONTH TO DATE    3.81                      2.95   0.86     2.61
  SINCE JUN 1      3.81                      2.95   0.86     2.61
  SINCE JAN 1     14.66                     16.37  -1.71    19.81

SNOWFALL (IN)
  YESTERDAY        0.0           0.0  2002   0.0    0.0      0.0
                                      2001
  MONTH TO DATE    0.0                       0.0    0.0      0.0
  SINCE JUN 1      0.0                       0.0    0.0      0.0
  SINCE JUL 1    142.1                     108.7   33.4    150.7
  SNOW DEPTH       0

DEGREE DAYS
 HEATING
  YESTERDAY        9                         3      6        3
  MONTH TO DATE  191                       153     38       89
  SINCE JUN 1    191                       153     38       89
  SINCE JUL 1   9481                      9342    139     9501

 COOLING
  YESTERDAY        0                         2     -2        0
  MONTH TO DATE    5                        28    -23       15
  SINCE JUN 1      5                        28    -23       15
  SINCE JAN 1     26                        33     -7       18
..................................................................


WIND (MPH)
  HIGHEST WIND SPEED    17   HIGHEST WIND DIRECTION     N (10)
  HIGHEST GUST SPEED    22   HIGHEST GUST DIRECTION     N (10)
  AVERAGE WIND SPEED     3.5


SKY COVER
  POSSIBLE SUNSHINE  MM
  AVERAGE SKY COVER 0.3


WEATHER CONDITIONS
 THE FOLLOWING WEATHER WAS RECORDED YESTERDAY.
  NO SIGNIFICANT WEATHER WAS OBSERVED.


RELATIVE HUMIDITY (PERCENT)
 HIGHEST    96           400 AM
 LOWEST     42           100 PM
 AVERAGE    69

..........................................................


THE CARIBOU ME CLIMATE NORMALS FOR TODAY
                         NORMAL    RECORD    YEAR
 MAXIMUM TEMPERATURE (F)   74        91      2003
 MINIMUM TEMPERATURE (F)   53        37      1986


SUNRISE AND SUNSET
JUNE 27 2015..........SUNRISE   439 AM EDT   SUNSET   831 PM EDT
JUNE 28 2015..........SUNRISE   440 AM EDT   SUNSET   831 PM EDT


-  INDICATES NEGATIVE NUMBERS.
R  INDICATES RECORD WAS SET OR TIED.
MM INDICATES DATA IS MISSING.
T  INDICATES TRACE AMOUNT.




$$
