318
CDUS41 KCAR 182031
CLICAR


CLIMATE REPORT
NATIONAL WEATHER SERVICE CARIBOU, ME
430 PM EDT THU AUG 18 2016


...................................

...THE CARIBOU ME CLIMATE SUMMARY FOR AUGUST 18 2016...
VALID TODAY AS OF 0400 PM LOCAL TIME.

CLIMATE NORMAL PERIOD 1981 TO 2010
CLIMATE RECORD PERIOD 1939 TO 2016


WEATHER ITEM   OBSERVED TIME   RECORD YEAR NORMAL DEPARTURE LAST
                VALUE   (LST)  VALUE       VALUE  FROM      YEAR
                                                  NORMAL
..................................................................
TEMPERATURE (F)
 TODAY
  MAXIMUM         81    237 PM  91    1960  74      7       88
  MINIMUM         60    341 AM  40    1957  53      7       68
  AVERAGE         71                        64      7       78

PRECIPITATION (IN)
  TODAY            0.00          4.08 1958   0.12  -0.12     0.30
  MONTH TO DATE    4.22                      2.26   1.96     2.30
  SINCE JUN 1     13.51                      9.82   3.69     9.74
  SINCE JAN 1     29.44                     23.24   6.20    20.59

SNOWFALL (IN)
  TODAY            0.0           0.0  2002   0.0    0.0      0.0
                                      2001
  MONTH TO DATE    0.0                       0.0    0.0      0.0
  SINCE JUN 1      0.0                       0.0    0.0      0.0
  SINCE JUL 1      0.0                       0.0    0.0      0.0
  SNOW DEPTH       0

DEGREE DAYS
 HEATING
  TODAY            0                         3     -3        0
  MONTH TO DATE   17                        41    -24       10
  SINCE JUN 1    209                       264    -55      287
  SINCE JUL 1     65                        99    -34       75

 COOLING
  TODAY            6                         2      4       13
  MONTH TO DATE   57                        37     20       56
  SINCE JUN 1    211                       148     63      118
  SINCE JAN 1    219                       153     66      139
..................................................................


WIND (MPH)
  HIGHEST WIND SPEED    15   HIGHEST WIND DIRECTION    NW (330)
  HIGHEST GUST SPEED    20   HIGHEST GUST DIRECTION    NW (330)
  AVERAGE WIND SPEED     5.9


SKY COVER
  POSSIBLE SUNSHINE  MM
  AVERAGE SKY COVER 0.4


WEATHER CONDITIONS
 THE FOLLOWING WEATHER WAS RECORDED TODAY.
  NO SIGNIFICANT WEATHER WAS OBSERVED.


RELATIVE HUMIDITY (PERCENT)
 HIGHEST    97           100 AM
 LOWEST     45           200 PM
 AVERAGE    71

..........................................................


THE CARIBOU ME CLIMATE NORMALS FOR TOMORROW
                         NORMAL    RECORD    YEAR
 MAXIMUM TEMPERATURE (F)   74        92      1960
 MINIMUM TEMPERATURE (F)   53        37      2005


SUNRISE AND SUNSET
AUGUST 18 2016........SUNRISE   534 AM EDT   SUNSET   737 PM EDT
AUGUST 19 2016........SUNRISE   535 AM EDT   SUNSET   735 PM EDT


-  INDICATES NEGATIVE NUMBERS.
R  INDICATES RECORD WAS SET OR TIED.
MM INDICATES DATA IS MISSING.
T  INDICATES TRACE AMOUNT.




$$
