000
CDUS41 KCAR 090535
CLICAR

CLIMATE REPORT
NATIONAL WEATHER SERVICE CARIBOU, ME
132 AM EDT TUE SEP 9 2014


...................................

...THE CARIBOU ME CLIMATE SUMMARY FOR SEPTEMBER 8 2014...

CLIMATE NORMAL PERIOD 1981 TO 2010
CLIMATE RECORD PERIOD 1939 TO 2014


WEATHER ITEM   OBSERVED TIME   RECORD YEAR NORMAL DEPARTURE LAST
                VALUE   (LST)  VALUE       VALUE  FROM      YEAR
                                                  NORMAL
..................................................................
TEMPERATURE (F)
 YESTERDAY
  MAXIMUM         67    405 PM  87    2001  69     -2       59
  MINIMUM         37    528 AM  29    1952  47    -10       42
  AVERAGE         52                        58     -6       51

PRECIPITATION (IN)
  YESTERDAY        0.00          1.48 1999   0.10  -0.10     0.11
  MONTH TO DATE    1.67                      0.83   0.84     2.59
  SINCE SEP 1      1.67                      0.83   0.84     2.59
  SINCE JAN 1     30.33                     25.57   4.76    35.61

SNOWFALL (IN)
  YESTERDAY        0.0           0.0  2002   0.0    0.0      0.0
                                      2001
  MONTH TO DATE    0.0                       0.0    0.0      0.0
  SINCE SEP 1      0.0                       0.0    0.0      0.0
  SINCE JUL 1      0.0                       0.0    0.0      0.0
  SNOW DEPTH       0

DEGREE DAYS
 HEATING
  YESTERDAY       13                         8      5       14
  MONTH TO DATE   22                        54    -32       62
  SINCE SEP 1     22                        54    -32       62
  SINCE JUL 1     80                       208   -128      176

 COOLING
  YESTERDAY        0                         1     -1        0
  MONTH TO DATE   21                         8     13        6
  SINCE SEP 1     21                         8     13        6
  SINCE JAN 1    262                       177     85      185
..................................................................


WIND (MPH)
  HIGHEST WIND SPEED    10   HIGHEST WIND DIRECTION     W (250)
  HIGHEST GUST SPEED    14   HIGHEST GUST DIRECTION     W (250)
  AVERAGE WIND SPEED     3.7


SKY COVER
  POSSIBLE SUNSHINE  MM
  AVERAGE SKY COVER 0.0


WEATHER CONDITIONS
 THE FOLLOWING WEATHER WAS RECORDED YESTERDAY.
  NO SIGNIFICANT WEATHER WAS OBSERVED.


RELATIVE HUMIDITY (PERCENT)
 HIGHEST    92           300 AM
 LOWEST     29           200 PM
 AVERAGE    61

..........................................................


THE CARIBOU ME CLIMATE NORMALS FOR TODAY
                         NORMAL    RECORD    YEAR
 MAXIMUM TEMPERATURE (F)   68        88      2001
 MINIMUM TEMPERATURE (F)   47        34      1946


SUNRISE AND SUNSET
SEPTEMBER  9 2014.....SUNRISE   602 AM EDT   SUNSET   656 PM EDT
SEPTEMBER 10 2014.....SUNRISE   603 AM EDT   SUNSET   654 PM EDT


-  INDICATES NEGATIVE NUMBERS.
R  INDICATES RECORD WAS SET OR TIED.
MM INDICATES DATA IS MISSING.
T  INDICATES TRACE AMOUNT.

THE CARIBOU ME 4 INCH SOIL TEMPERATURE FOR SEPTEMBER 08 2014

MAXIMUM SOIL TEMPERATURE (F)...68
MINIMUM SOIL TEMPERATURE (F)...63


$$
