000
CDUS41 KCAR 020526
CLICAR


CLIMATE REPORT
NATIONAL WEATHER SERVICE CARIBOU, ME
1226 AM EST TUE JAN 2 2018


...................................

...THE CARIBOU ME CLIMATE SUMMARY FOR JANUARY 1 2018...

CLIMATE NORMAL PERIOD 1981 TO 2010
CLIMATE RECORD PERIOD 1939 TO 2018


WEATHER ITEM   OBSERVED TIME   RECORD YEAR NORMAL DEPARTURE LAST
                VALUE   (LST)  VALUE       VALUE  FROM      YEAR
                                                  NORMAL
..................................................................
TEMPERATURE (F)
 YESTERDAY
  MAXIMUM          1    249 PM  48    1945  21    -20       23
  MINIMUM         -6    809 AM -32    1972   3     -9       11
  AVERAGE         -2                        12    -14       17

PRECIPITATION (IN)
  YESTERDAY        0.01          1.06 1969   0.09  -0.08     0.13
  MONTH TO DATE    0.01                      0.09  -0.08     0.13
  SINCE DEC 1      4.13                      3.36   0.77     4.33
  SINCE JAN 1      0.01                      0.09  -0.08     0.13

SNOWFALL (IN)
  YESTERDAY        0.1          12.4  1961   0.8   -0.7      0.7
  MONTH TO DATE    0.1                       0.8   -0.7      0.7
  SINCE DEC 1     34.3                      23.7   10.6     41.9
  SINCE JUL 1     38.2                      35.9    2.3     62.1
  SNOW DEPTH      17

DEGREE DAYS
 HEATING
  YESTERDAY       67                        53     14       48
  MONTH TO DATE   67                        53     14       48
  SINCE DEC 1   1661                      1502    159     1541
  SINCE JUL 1   3365                      3647   -282     3228

 COOLING
  YESTERDAY        0                         0      0        0
  MONTH TO DATE    0                         0      0        0
  SINCE DEC 1      0                         0      0        0
  SINCE JAN 1      0                         0      0        0
..................................................................


WIND (MPH)
  HIGHEST WIND SPEED    14   HIGHEST WIND DIRECTION    NW (310)
  HIGHEST GUST SPEED    18   HIGHEST GUST DIRECTION    NW (310)
  AVERAGE WIND SPEED     6.8


SKY COVER
  POSSIBLE SUNSHINE  MM
  AVERAGE SKY COVER 1.0


WEATHER CONDITIONS
 THE FOLLOWING WEATHER WAS RECORDED YESTERDAY.
  LIGHT SNOW


RELATIVE HUMIDITY (PERCENT)
 HIGHEST    71          1000 PM
 LOWEST     58           200 AM
 AVERAGE    65

..........................................................


THE CARIBOU ME CLIMATE NORMALS FOR TODAY
                         NORMAL    RECORD    YEAR
 MAXIMUM TEMPERATURE (F)   21        47      1945
 MINIMUM TEMPERATURE (F)    3       -28      2014


SUNRISE AND SUNSET
JANUARY  2 2018.......SUNRISE   717 AM EST   SUNSET   355 PM EST
JANUARY  3 2018.......SUNRISE   717 AM EST   SUNSET   356 PM EST


-  INDICATES NEGATIVE NUMBERS.
R  INDICATES RECORD WAS SET OR TIED.
MM INDICATES DATA IS MISSING.
T  INDICATES TRACE AMOUNT.




$$
