000
CDUS41 KCAR 120527
CLICAR


CLIMATE REPORT
NATIONAL WEATHER SERVICE CARIBOU, ME
127 AM EDT MON JUN 12 2017


...................................

...THE CARIBOU ME CLIMATE SUMMARY FOR JUNE 11 2017...

CLIMATE NORMAL PERIOD 1981 TO 2010
CLIMATE RECORD PERIOD 1939 TO 2017


WEATHER ITEM   OBSERVED TIME   RECORD YEAR NORMAL DEPARTURE LAST
                VALUE   (LST)  VALUE       VALUE  FROM      YEAR
                                                  NORMAL
..................................................................
TEMPERATURE (F)
 YESTERDAY
  MAXIMUM         91R   238 PM  90    1996  71     20       71
  MINIMUM         59    422 AM  36    1950  49     10       50
  AVERAGE         75                        60     15       61

PRECIPITATION (IN)
  YESTERDAY        T             1.34 1976   0.11  -0.11     0.00
  MONTH TO DATE    0.14                      1.19  -1.05     1.08
  SINCE JUN 1      0.14                      1.19  -1.05     1.08
  SINCE JAN 1     16.71                     14.61   2.10    17.01

SNOWFALL (IN)
  YESTERDAY        0.0           0.0  2002   0.0    0.0      0.0
                                      2001
  MONTH TO DATE    0.0                       0.0    0.0      0.0
  SINCE JUN 1      0.0                       0.0    0.0      0.0
  SINCE JUL 1    129.6                     108.7   20.9     94.8
  SNOW DEPTH       0

DEGREE DAYS
 HEATING
  YESTERDAY        0                         6     -6        4
  MONTH TO DATE   64                        83    -19       67
  SINCE JUN 1     64                        83    -19       67
  SINCE JUL 1   8512                      9272   -760     8284

 COOLING
  YESTERDAY       10                         1      9        0
  MONTH TO DATE   15                         8      7        0
  SINCE JUN 1     15                         8      7        0
  SINCE JAN 1     21                        13      8        8
..................................................................


WIND (MPH)
  HIGHEST WIND SPEED    30   HIGHEST WIND DIRECTION    SW (240)
  HIGHEST GUST SPEED    40   HIGHEST GUST DIRECTION     W (250)
  AVERAGE WIND SPEED    11.5


SKY COVER
  POSSIBLE SUNSHINE  MM
  AVERAGE SKY COVER 0.3


WEATHER CONDITIONS
 THE FOLLOWING WEATHER WAS RECORDED YESTERDAY.
  LIGHT RAIN


RELATIVE HUMIDITY (PERCENT)
 HIGHEST    78           400 AM
 LOWEST     32           300 PM
 AVERAGE    55

..........................................................


THE CARIBOU ME CLIMATE NORMALS FOR TODAY
                         NORMAL    RECORD    YEAR
 MAXIMUM TEMPERATURE (F)   71        89      1942
 MINIMUM TEMPERATURE (F)   49        31      1950


SUNRISE AND SUNSET
JUNE 12 2017..........SUNRISE   437 AM EDT   SUNSET   827 PM EDT
JUNE 13 2017..........SUNRISE   437 AM EDT   SUNSET   827 PM EDT


-  INDICATES NEGATIVE NUMBERS.
R  INDICATES RECORD WAS SET OR TIED.
MM INDICATES DATA IS MISSING.
T  INDICATES TRACE AMOUNT.




$$
