000
CDUS41 KCAR 230527
CLICAR


CLIMATE REPORT
NATIONAL WEATHER SERVICE CARIBOU, ME
126 AM EDT FRI SEP 23 2016


...................................

...THE CARIBOU ME CLIMATE SUMMARY FOR SEPTEMBER 22 2016...

CLIMATE NORMAL PERIOD 1981 TO 2010
CLIMATE RECORD PERIOD 1939 TO 2016


WEATHER ITEM   OBSERVED TIME   RECORD YEAR NORMAL DEPARTURE LAST
                VALUE   (LST)  VALUE       VALUE  FROM      YEAR
                                                  NORMAL
..................................................................
TEMPERATURE (F)
 YESTERDAY
  MAXIMUM         63    229 PM  86    1965  63      0       67
  MINIMUM         48    406 AM  23    1950  42      6       42
  AVERAGE         56                        52      4       55

PRECIPITATION (IN)
  YESTERDAY        0.09          1.35 1983   0.12  -0.03     0.00
  MONTH TO DATE    2.17                      2.41  -0.24     2.12
  SINCE SEP 1      2.17                      2.41  -0.24     2.12
  SINCE JAN 1     33.28                     27.15   6.13    24.59

SNOWFALL (IN)
  YESTERDAY       MM             0.0  2002   0.0   MM        0.0
                                      2001
  MONTH TO DATE    0.0                       0.0    0.0      0.0
  SINCE SEP 1      0.0                       0.0    0.0      0.0
  SINCE JUL 1      0.0                       0.0    0.0      0.0
  SNOW DEPTH       0

DEGREE DAYS
 HEATING
  YESTERDAY        9                        13     -4       10
  MONTH TO DATE   72                       197   -125       63
  SINCE SEP 1     72                       197   -125       63
  SINCE JUL 1    152                       351   -199      140

 COOLING
  YESTERDAY        0                         0      0        0
  MONTH TO DATE   22                        10     12       50
  SINCE SEP 1     22                        10     12       50
  SINCE JAN 1    275                       179     96      253
..................................................................


WIND (MPH)
  HIGHEST WIND SPEED    17   HIGHEST WIND DIRECTION    NW (300)
  HIGHEST GUST SPEED    23   HIGHEST GUST DIRECTION    NW (300)
  AVERAGE WIND SPEED     5.4


SKY COVER
  POSSIBLE SUNSHINE  MM
  AVERAGE SKY COVER 0.3


WEATHER CONDITIONS
 THE FOLLOWING WEATHER WAS RECORDED YESTERDAY.
  LIGHT RAIN
  FOG


RELATIVE HUMIDITY (PERCENT)
 HIGHEST    93           400 AM
 LOWEST     48          1100 AM
 AVERAGE    71

..........................................................


THE CARIBOU ME CLIMATE NORMALS FOR TODAY
                         NORMAL    RECORD    YEAR
 MAXIMUM TEMPERATURE (F)   62        86      1965
 MINIMUM TEMPERATURE (F)   42        27      2008


SUNRISE AND SUNSET
SEPTEMBER 23 2016.....SUNRISE   621 AM EDT   SUNSET   627 PM EDT
SEPTEMBER 24 2016.....SUNRISE   622 AM EDT   SUNSET   625 PM EDT


-  INDICATES NEGATIVE NUMBERS.
R  INDICATES RECORD WAS SET OR TIED.
MM INDICATES DATA IS MISSING.
T  INDICATES TRACE AMOUNT.




$$
