810
CDUS41 KCAR 152047
CLICAR


CLIMATE REPORT
NATIONAL WEATHER SERVICE CARIBOU, ME
446 PM EDT WED MAR 15 2017


...................................

...THE CARIBOU ME CLIMATE SUMMARY FOR MARCH 15 2017...
VALID TODAY AS OF 0400 PM LOCAL TIME.

CLIMATE NORMAL PERIOD 1981 TO 2010
CLIMATE RECORD PERIOD 1939 TO 2017


WEATHER ITEM   OBSERVED TIME   RECORD YEAR NORMAL DEPARTURE LAST
                VALUE   (LST)  VALUE       VALUE  FROM      YEAR
                                                  NORMAL
..................................................................
TEMPERATURE (F)
 TODAY
  MAXIMUM         33   1154 AM  54    2010  33      0       37
  MINIMUM         23   1228 AM -11    2003  15      8       29
  AVERAGE         28                        24      4       33

PRECIPITATION (IN)
  TODAY            0.15          0.63 2015   0.08   0.07     0.14
  MONTH TO DATE    1.98                      1.22   0.76     1.51
  SINCE MAR 1      1.98                      1.22   0.76     1.51
  SINCE JAN 1      7.60                      6.14   1.46     6.98

SNOWFALL (IN)
  TODAY            1.4           8.6  2015   0.6    0.8      0.1
  MONTH TO DATE   14.8                      10.4    4.4     11.0
  SINCE MAR 1     14.8                      10.4    4.4     11.0
  SINCE JUL 1    111.4                      92.9   18.5     71.0
  SNOW DEPTH      27

DEGREE DAYS
 HEATING
  TODAY           37                        41     -4       32
  MONTH TO DATE  728                       655     73      642
  SINCE MAR 1    728                       655     73      642
  SINCE JUL 1   6709                      7376   -667     6384

 COOLING
  TODAY            0                         0      0        0
  MONTH TO DATE    0                         0      0        0
  SINCE MAR 1      0                         0      0        0
  SINCE JAN 1      0                         0      0        0
..................................................................


WIND (MPH)
  HIGHEST WIND SPEED    24   HIGHEST WIND DIRECTION    NE (50)
  HIGHEST GUST SPEED    34   HIGHEST GUST DIRECTION     E (70)
  AVERAGE WIND SPEED    15.6


SKY COVER
  POSSIBLE SUNSHINE  MM
  AVERAGE SKY COVER 1.0


WEATHER CONDITIONS
 THE FOLLOWING WEATHER WAS RECORDED TODAY.
  HEAVY SNOW
  SNOW
  LIGHT SNOW
  FOG
  FOG W/VISIBILITY <= 1/4 MILE
  HAZE
  BLOWING SNOW


RELATIVE HUMIDITY (PERCENT)
 HIGHEST    92          1200 AM
 LOWEST     64          1200 PM
 AVERAGE    78

..........................................................


THE CARIBOU ME CLIMATE NORMALS FOR TOMORROW
                         NORMAL    RECORD    YEAR
 MAXIMUM TEMPERATURE (F)   34        57      2010
 MINIMUM TEMPERATURE (F)   15        -6      1963


SUNRISE AND SUNSET
MARCH 15 2017.........SUNRISE   644 AM EDT   SUNSET   638 PM EDT
MARCH 16 2017.........SUNRISE   643 AM EDT   SUNSET   639 PM EDT


-  INDICATES NEGATIVE NUMBERS.
R  INDICATES RECORD WAS SET OR TIED.
MM INDICATES DATA IS MISSING.
T  INDICATES TRACE AMOUNT.




$$
