000
CDUS41 KCAR 300623
CLICAR


CLIMATE REPORT
NATIONAL WEATHER SERVICE CARIBOU, ME
122 AM EST FRI DEC 30 2016


...................................

...THE CARIBOU ME CLIMATE SUMMARY FOR DECEMBER 29 2016...

CLIMATE NORMAL PERIOD 1981 TO 2010
CLIMATE RECORD PERIOD 1939 TO 2016


WEATHER ITEM   OBSERVED TIME   RECORD YEAR NORMAL DEPARTURE LAST
                VALUE   (LST)  VALUE       VALUE  FROM      YEAR
                                                  NORMAL
..................................................................
TEMPERATURE (F)
 YESTERDAY
  MAXIMUM         29    927 PM  47    1982  22      7        9
  MINIMUM         15    554 AM -23    1946   4     11        0
  AVERAGE         22                        13      9        5

PRECIPITATION (IN)
  YESTERDAY        0.16          1.09 1967   0.09   0.07     0.40
  MONTH TO DATE    3.32                      3.09   0.23     4.74
  SINCE DEC 1      3.32                      3.09   0.23     4.74
  SINCE JAN 1     43.08                     38.31   4.77    36.03

SNOWFALL (IN)
  YESTERDAY        2.1          12.1  1967   0.9    1.2      5.3
  MONTH TO DATE   31.1                      21.3    9.8     26.1
  SINCE DEC 1     31.1                      21.3    9.8     26.1
  SINCE JUL 1     51.3                      33.5   17.8     30.2
  SNOW DEPTH      18

DEGREE DAYS
 HEATING
  YESTERDAY       43                        52     -9       60
  MONTH TO DATE 1399                      1345     54     1036
  SINCE DEC 1   1399                      1345     54     1036
  SINCE JUL 1   3086                      3490   -404     2854

 COOLING
  YESTERDAY        0                         0      0        0
  MONTH TO DATE    0                         0      0        0
  SINCE DEC 1      0                         0      0        0
  SINCE JAN 1    275                       180     95      253
..................................................................


WIND (MPH)
  HIGHEST WIND SPEED    17   HIGHEST WIND DIRECTION     E (110)
  HIGHEST GUST SPEED    23   HIGHEST GUST DIRECTION     E (110)
  AVERAGE WIND SPEED     6.9


SKY COVER
  POSSIBLE SUNSHINE  MM
  AVERAGE SKY COVER 1.0


WEATHER CONDITIONS
 THE FOLLOWING WEATHER WAS RECORDED YESTERDAY.
  HEAVY SNOW
  SNOW
  LIGHT SNOW
  FOG
  FOG W/VISIBILITY <= 1/4 MILE


RELATIVE HUMIDITY (PERCENT)
 HIGHEST    92           600 PM
 LOWEST     74           100 PM
 AVERAGE    83

..........................................................


THE CARIBOU ME CLIMATE NORMALS FOR TODAY
                         NORMAL    RECORD    YEAR
 MAXIMUM TEMPERATURE (F)   22        39      1990
 MINIMUM TEMPERATURE (F)    4       -31      1989


SUNRISE AND SUNSET
DECEMBER 30 2016......SUNRISE   717 AM EST   SUNSET   353 PM EST
DECEMBER 31 2016......SUNRISE   717 AM EST   SUNSET   354 PM EST


-  INDICATES NEGATIVE NUMBERS.
R  INDICATES RECORD WAS SET OR TIED.
MM INDICATES DATA IS MISSING.
T  INDICATES TRACE AMOUNT.




$$
