000
CDUS41 KCAR 160532
CLICAR


CLIMATE REPORT
NATIONAL WEATHER SERVICE CARIBOU, ME
129 AM EDT WED JUL 16 2014


...................................

...THE CARIBOU ME CLIMATE SUMMARY FOR JULY 15 2014...

CLIMATE NORMAL PERIOD 1981 TO 2010
CLIMATE RECORD PERIOD 1939 TO 2014


WEATHER ITEM   OBSERVED TIME   RECORD YEAR NORMAL DEPARTURE LAST
                VALUE   (LST)  VALUE       VALUE  FROM      YEAR
                                                  NORMAL
..................................................................
TEMPERATURE (F)
 YESTERDAY
  MAXIMUM         82    210 PM  94    2013  76      6       94
  MINIMUM         59    354 AM  43    1950  56      3       62
  AVERAGE         71                        66      5       78

PRECIPITATION (IN)
  YESTERDAY        T             1.92 1962   0.13  -0.13     0.00
  MONTH TO DATE    4.37                      2.05   2.32     0.03
  SINCE JUN 1      6.98                      5.53   1.45     6.09
  SINCE JAN 1     24.18                     18.95   5.23    20.11

SNOWFALL (IN)
  YESTERDAY        0.0           0.0  2002   0.0    0.0      0.0
                                      2001
  MONTH TO DATE    0.0                       0.0    0.0      0.0
  SINCE JUN 1      0.0                       0.0    0.0      0.0
  SINCE JUL 1      0.0                       0.0    0.0      0.0
  SNOW DEPTH       0

DEGREE DAYS
 HEATING
  YESTERDAY        0                         2     -2        0
  MONTH TO DATE   17                        34    -17        3
  SINCE JUN 1    106                       199    -93      181
  SINCE JUL 1     17                        34    -17        3

 COOLING
  YESTERDAY        6                         3      3       13
  MONTH TO DATE   81                        35     46       88
  SINCE JUN 1    117                        69     48      111
  SINCE JAN 1    120                        74     46      119
..................................................................


WIND (MPH)
  HIGHEST WIND SPEED    14   HIGHEST WIND DIRECTION    SE (150)
  HIGHEST GUST SPEED    17   HIGHEST GUST DIRECTION    SE (150)
  AVERAGE WIND SPEED     5.7


SKY COVER
  POSSIBLE SUNSHINE  MM
  AVERAGE SKY COVER 0.5


WEATHER CONDITIONS
 THE FOLLOWING WEATHER WAS RECORDED YESTERDAY.
  LIGHT RAIN


RELATIVE HUMIDITY (PERCENT)
 HIGHEST    97          1000 PM
 LOWEST     42          1100 AM
 AVERAGE    70

..........................................................


THE CARIBOU ME CLIMATE NORMALS FOR TODAY
                         NORMAL    RECORD    YEAR
 MAXIMUM TEMPERATURE (F)   76        93      1968
 MINIMUM TEMPERATURE (F)   56        40      1992
                                             1946


SUNRISE AND SUNSET
JULY 16 2014..........SUNRISE   454 AM EDT   SUNSET   822 PM EDT
JULY 17 2014..........SUNRISE   455 AM EDT   SUNSET   821 PM EDT


-  INDICATES NEGATIVE NUMBERS.
R  INDICATES RECORD WAS SET OR TIED.
MM INDICATES DATA IS MISSING.
T  INDICATES TRACE AMOUNT.




$$
