000
CDUS41 KCAR 262030
CLICAR


CLIMATE REPORT
NATIONAL WEATHER SERVICE CARIBOU, ME
430 PM EDT WED MAR 26 2014


...................................

...THE CARIBOU ME CLIMATE SUMMARY FOR MARCH 26 2014...
VALID TODAY AS OF 0400 PM LOCAL TIME.

CLIMATE NORMAL PERIOD 1981 TO 2010
CLIMATE RECORD PERIOD 1939 TO 2014


WEATHER ITEM   OBSERVED TIME   RECORD YEAR NORMAL DEPARTURE LAST
                VALUE   (LST)  VALUE       VALUE  FROM      YEAR
                                                  NORMAL
..................................................................
TEMPERATURE (F)
 TODAY
  MAXIMUM         29    148 PM  62    1993  38     -9       39
                                      1986
  MINIMUM          4    117 AM  -9    1960  20    -16       22
  AVERAGE         17                        29    -12       31

PRECIPITATION (IN)
  TODAY            T             0.73 1964   0.08  -0.08     0.02
  MONTH TO DATE    2.66                      2.10   0.56     1.63
  SINCE MAR 1      2.66                      2.10   0.56     1.63
  SINCE JAN 1      8.88                      7.02   1.86     7.00

SNOWFALL (IN)
  TODAY            T             6.1  1964   0.5   -0.5      0.2
  MONTH TO DATE   36.0                      16.1   19.9     14.4
  SINCE MAR 1     36.0                      16.1   19.9     14.4
  SINCE JUL 1    135.4                      98.6   36.8    101.8
  SNOW DEPTH      33

DEGREE DAYS
 HEATING
  TODAY           48                        36     12       34
  MONTH TO DATE 1352                      1079    273      947
  SINCE MAR 1   1352                      1079    273      947
  SINCE JUL 1   8006                      7800    206     7095

 COOLING
  TODAY            0                         0      0        0
  MONTH TO DATE    0                         0      0        0
  SINCE MAR 1      0                         0      0        0
  SINCE JAN 1      0                         0      0        0
..................................................................


WIND (MPH)
  HIGHEST WIND SPEED    24   HIGHEST WIND DIRECTION    NE (30)
  HIGHEST GUST SPEED    37   HIGHEST GUST DIRECTION    NE (40)
  AVERAGE WIND SPEED     9.7


SKY COVER
  POSSIBLE SUNSHINE  MM
  AVERAGE SKY COVER 0.3


WEATHER CONDITIONS
 THE FOLLOWING WEATHER WAS RECORDED TODAY.
  LIGHT SNOW


RELATIVE HUMIDITY (PERCENT)
 HIGHEST    88           500 AM
 LOWEST     53           200 PM
 AVERAGE    71

..........................................................


THE CARIBOU ME CLIMATE NORMALS FOR TOMORROW
                         NORMAL    RECORD    YEAR
 MAXIMUM TEMPERATURE (F)   38        66      1993
 MINIMUM TEMPERATURE (F)   20        -2      1990


SUNRISE AND SUNSET
MARCH 26 2014.........SUNRISE   623 AM EDT   SUNSET   653 PM EDT
MARCH 27 2014.........SUNRISE   621 AM EDT   SUNSET   654 PM EDT


-  INDICATES NEGATIVE NUMBERS.
R  INDICATES RECORD WAS SET OR TIED.
MM INDICATES DATA IS MISSING.
T  INDICATES TRACE AMOUNT.




$$
