415
CDUS41 KCAR 212026
CLICAR


CLIMATE REPORT
NATIONAL WEATHER SERVICE CARIBOU, ME
426 PM EDT SAT MAY 21 2016


...................................

...THE CARIBOU ME CLIMATE SUMMARY FOR MAY 21 2016...
VALID TODAY AS OF 0400 PM LOCAL TIME.

CLIMATE NORMAL PERIOD 1981 TO 2010
CLIMATE RECORD PERIOD 1939 TO 2016


WEATHER ITEM   OBSERVED TIME   RECORD YEAR NORMAL DEPARTURE LAST
                VALUE   (LST)  VALUE       VALUE  FROM      YEAR
                                                  NORMAL
..................................................................
TEMPERATURE (F)
 TODAY
  MAXIMUM         81    124 PM  92    1992  65     16       65
  MINIMUM         48    227 AM  31    1974  42      6       40
  AVERAGE         65                        53     12       53

PRECIPITATION (IN)
  TODAY            0.00          1.04 1973   0.12  -0.12     0.00
  MONTH TO DATE    2.16                      2.18  -0.02     1.28
  SINCE MAR 1      9.66                      7.35   2.31     5.28
  SINCE JAN 1     15.13                     12.27   2.86     9.38

SNOWFALL (IN)
  TODAY            0.0           0.2  1961   0.1   -0.1      0.0
  MONTH TO DATE    4.8                       0.5    4.3       T
  SINCE MAR 1     34.8                      26.2    8.6     33.5
  SINCE JUL 1     94.8                     108.7  -13.9    141.8
  SNOW DEPTH       0

DEGREE DAYS
 HEATING
  TODAY            0                        12    -12       12
  MONTH TO DATE  304                       320    -16      245
  SINCE MAR 1   2434                      2365     69     2492
  SINCE JUL 1   8176                      9086   -910     9233

 COOLING
  TODAY            0                         0      0        0
  MONTH TO DATE    0                         0      0        0
  SINCE MAR 1      0                         0      0        0
  SINCE JAN 1      0                         0      0        0
..................................................................


WIND (MPH)
  HIGHEST WIND SPEED    15   HIGHEST WIND DIRECTION     W (250)
  HIGHEST GUST SPEED    26   HIGHEST GUST DIRECTION     W (250)
  AVERAGE WIND SPEED     6.4


SKY COVER
  POSSIBLE SUNSHINE  MM
  AVERAGE SKY COVER 0.2


WEATHER CONDITIONS
 THE FOLLOWING WEATHER WAS RECORDED TODAY.
  NO SIGNIFICANT WEATHER WAS OBSERVED.


RELATIVE HUMIDITY (PERCENT)
 HIGHEST    63           400 AM
 LOWEST     23           100 PM
 AVERAGE    43

..........................................................


THE CARIBOU ME CLIMATE NORMALS FOR TOMORROW
                         NORMAL    RECORD    YEAR
 MAXIMUM TEMPERATURE (F)   65        96      1977
 MINIMUM TEMPERATURE (F)   42        31      2007


SUNRISE AND SUNSET
MAY 21 2016...........SUNRISE   450 AM EDT   SUNSET   808 PM EDT
MAY 22 2016...........SUNRISE   449 AM EDT   SUNSET   809 PM EDT


-  INDICATES NEGATIVE NUMBERS.
R  INDICATES RECORD WAS SET OR TIED.
MM INDICATES DATA IS MISSING.
T  INDICATES TRACE AMOUNT.




$$
