000
CDUS41 KCAR 110528
CLICAR


CLIMATE REPORT
NATIONAL WEATHER SERVICE CARIBOU, ME
127 AM EDT THU MAY 11 2017


...................................

...THE CARIBOU ME CLIMATE SUMMARY FOR MAY 10 2017...

CLIMATE NORMAL PERIOD 1981 TO 2010
CLIMATE RECORD PERIOD 1939 TO 2017


WEATHER ITEM   OBSERVED TIME   RECORD YEAR NORMAL DEPARTURE LAST
                VALUE   (LST)  VALUE       VALUE  FROM      YEAR
                                                  NORMAL
..................................................................
TEMPERATURE (F)
 YESTERDAY
  MAXIMUM         47    303 PM  85    1953  61    -14       58
  MINIMUM         35   1207 AM  26    1947  39     -4       36
  AVERAGE         41                        50     -9       47

PRECIPITATION (IN)
  YESTERDAY        0.05          1.26 2012   0.10  -0.05     0.00
  MONTH TO DATE    3.33                      0.98   2.35     0.48
  SINCE MAR 1      9.91                      6.15   3.76     7.98
  SINCE JAN 1     15.53                     11.07   4.46    13.45

SNOWFALL (IN)
  YESTERDAY        T             3.2  1967   0.0    0.0      0.0
  MONTH TO DATE    T                         0.3   -0.3      0.3
  SINCE MAR 1     33.0                      26.0    7.0     30.3
  SINCE JUL 1    129.6                     108.5   21.1     90.3
  SNOW DEPTH       0

DEGREE DAYS
 HEATING
  YESTERDAY       24                        15      9       18
  MONTH TO DATE  166                       172     -6      174
  SINCE MAR 1   2253                      2217     36     2304
  SINCE JUL 1   8234                      8938   -704     8046

 COOLING
  YESTERDAY        0                         0      0        0
  MONTH TO DATE    0                         0      0        0
  SINCE MAR 1      0                         0      0        0
  SINCE JAN 1      0                         0      0        0
..................................................................


WIND (MPH)
  HIGHEST WIND SPEED    15   HIGHEST WIND DIRECTION    NE (30)
  HIGHEST GUST SPEED    21   HIGHEST GUST DIRECTION     N (10)
  AVERAGE WIND SPEED     8.9


SKY COVER
  POSSIBLE SUNSHINE  MM
  AVERAGE SKY COVER 1.0


WEATHER CONDITIONS
 THE FOLLOWING WEATHER WAS RECORDED YESTERDAY.
  LIGHT RAIN
  FOG
  HAZE


RELATIVE HUMIDITY (PERCENT)
 HIGHEST    92          1200 AM
 LOWEST     76           300 PM
 AVERAGE    84

..........................................................


THE CARIBOU ME CLIMATE NORMALS FOR TODAY
                         NORMAL    RECORD    YEAR
 MAXIMUM TEMPERATURE (F)   61        79      2001
 MINIMUM TEMPERATURE (F)   39        26      1956


SUNRISE AND SUNSET
MAY 11 2017...........SUNRISE   502 AM EDT   SUNSET   756 PM EDT
MAY 12 2017...........SUNRISE   501 AM EDT   SUNSET   757 PM EDT


-  INDICATES NEGATIVE NUMBERS.
R  INDICATES RECORD WAS SET OR TIED.
MM INDICATES DATA IS MISSING.
T  INDICATES TRACE AMOUNT.

************************************************************************
THE CARIBOU ME 4 INCH UNDER SOD SOIL TEMPERATURES FOR MAY 10 2017

MAXIMUM 55 F
MINIMUM 50 F


$$
