000
CDUS41 KCAR 102141
CLICAR


CLIMATE REPORT
NATIONAL WEATHER SERVICE CARIBOU, ME
441 PM EST FRI MAR 10 2017


...................................

...THE CARIBOU ME CLIMATE SUMMARY FOR MARCH 10 2017...
VALID TODAY AS OF 0400 PM LOCAL TIME.

CLIMATE NORMAL PERIOD 1981 TO 2010
CLIMATE RECORD PERIOD 1939 TO 2017


WEATHER ITEM   OBSERVED TIME   RECORD YEAR NORMAL DEPARTURE LAST
                VALUE   (LST)  VALUE       VALUE  FROM      YEAR
                                                  NORMAL
..................................................................
TEMPERATURE (F)
 TODAY
  MAXIMUM         19    220 PM  55    1977  32    -13       42
  MINIMUM          6    617 AM -16    1939  12     -6       30
  AVERAGE         13                        22     -9       36

PRECIPITATION (IN)
  TODAY            0.00          0.69 2002   0.08  -0.08     0.10
                                      1963
  MONTH TO DATE    1.26                      0.82   0.44     1.37
  SINCE MAR 1      1.26                      0.82   0.44     1.37
  SINCE JAN 1      6.88                      5.74   1.14     6.84

SNOWFALL (IN)
  TODAY            0.0           8.1  1963   0.7   -0.7      1.0
  MONTH TO DATE    1.7                       7.2   -5.5     10.9
  SINCE MAR 1      1.7                       7.2   -5.5     10.9
  SINCE JUL 1     98.3                      89.7    8.6     70.9
  SNOW DEPTH      21

DEGREE DAYS
 HEATING
  TODAY           52                        43      9       29
  MONTH TO DATE  458                       446     12      469
  SINCE MAR 1    458                       446     12      469
  SINCE JUL 1   6439                      7167   -728     6211

 COOLING
  TODAY            0                         0      0        0
  MONTH TO DATE    0                         0      0        0
  SINCE MAR 1      0                         0      0        0
  SINCE JAN 1      0                         0      0        0
..................................................................


WIND (MPH)
  HIGHEST WIND SPEED    21   HIGHEST WIND DIRECTION    NW (310)
  HIGHEST GUST SPEED    29   HIGHEST GUST DIRECTION    NW (300)
  AVERAGE WIND SPEED    10.6


SKY COVER
  POSSIBLE SUNSHINE  MM
  AVERAGE SKY COVER 0.0


WEATHER CONDITIONS
 THE FOLLOWING WEATHER WAS RECORDED TODAY.
  NO SIGNIFICANT WEATHER WAS OBSERVED.


RELATIVE HUMIDITY (PERCENT)
 HIGHEST    60           500 AM
 LOWEST     30           300 PM
 AVERAGE    45

..........................................................


THE CARIBOU ME CLIMATE NORMALS FOR TOMORROW
                         NORMAL    RECORD    YEAR
 MAXIMUM TEMPERATURE (F)   32        53      1977
 MINIMUM TEMPERATURE (F)   13       -14      1972


SUNRISE AND SUNSET
MARCH 10 2017.........SUNRISE   554 AM EST   SUNSET   531 PM EST
MARCH 11 2017.........SUNRISE   552 AM EST   SUNSET   532 PM EST


-  INDICATES NEGATIVE NUMBERS.
R  INDICATES RECORD WAS SET OR TIED.
MM INDICATES DATA IS MISSING.
T  INDICATES TRACE AMOUNT.




$$
