000
CDUS41 KCAR 170540
CLICAR


CLIMATE REPORT
NATIONAL WEATHER SERVICE CARIBOU, ME
137 AM EDT SUN MAY 17 2015


...................................

...THE CARIBOU ME CLIMATE SUMMARY FOR MAY 16 2015...

CLIMATE NORMAL PERIOD 1981 TO 2010
CLIMATE RECORD PERIOD 1939 TO 2015


WEATHER ITEM   OBSERVED TIME   RECORD YEAR NORMAL DEPARTURE LAST
                VALUE   (LST)  VALUE       VALUE  FROM      YEAR
                                                  NORMAL
..................................................................
TEMPERATURE (F)
 YESTERDAY
  MAXIMUM         75    215 PM  81    1986  63     12       78
  MINIMUM         46   1211 AM  30    1957  41      5       58
                                      1949
  AVERAGE         61                        52      9       68

PRECIPITATION (IN)
  YESTERDAY        T             1.67 1997   0.11  -0.11     0.00
  MONTH TO DATE    0.85                      1.60  -0.75     1.04
  SINCE MAR 1      4.85                      6.77  -1.92     8.85
  SINCE JAN 1      8.95                     11.69  -2.74    15.07

SNOWFALL (IN)
  YESTERDAY        0.0           0.0  2002   0.0    0.0      0.0
                                      2001
  MONTH TO DATE    T                         0.4   -0.4      0.0
  SINCE MAR 1     33.5                      26.1    7.4     51.3
  SINCE JUL 1    141.8                     108.6   33.2    150.7
  SNOW DEPTH       0

DEGREE DAYS
 HEATING
  YESTERDAY        4                        13     -9        0
  MONTH TO DATE  190                       257    -67      244
  SINCE MAR 1   2437                      2302    135     2612
  SINCE JUL 1   9178                      9023    155     9266

 COOLING
  YESTERDAY        0                         0      0        3
  MONTH TO DATE    0                         0      0        3
  SINCE MAR 1      0                         0      0        3
  SINCE JAN 1      0                         0      0        3
..................................................................


WIND (MPH)
  HIGHEST WIND SPEED    18   HIGHEST WIND DIRECTION     S (190)
  HIGHEST GUST SPEED    26   HIGHEST GUST DIRECTION    SW (210)
  AVERAGE WIND SPEED     7.1


SKY COVER
  POSSIBLE SUNSHINE  MM
  AVERAGE SKY COVER 0.8


WEATHER CONDITIONS
 THE FOLLOWING WEATHER WAS RECORDED YESTERDAY.
  LIGHT RAIN


RELATIVE HUMIDITY (PERCENT)
 HIGHEST    66           200 AM
 LOWEST     22           100 PM
 AVERAGE    44

..........................................................


THE CARIBOU ME CLIMATE NORMALS FOR TODAY
                         NORMAL    RECORD    YEAR
 MAXIMUM TEMPERATURE (F)   63        83      1977
 MINIMUM TEMPERATURE (F)   41        26      1957


SUNRISE AND SUNSET
MAY 17 2015...........SUNRISE   455 AM EDT   SUNSET   802 PM EDT
MAY 18 2015...........SUNRISE   454 AM EDT   SUNSET   804 PM EDT


-  INDICATES NEGATIVE NUMBERS.
R  INDICATES RECORD WAS SET OR TIED.
MM INDICATES DATA IS MISSING.
T  INDICATES TRACE AMOUNT.




$$
