343
CDUS41 KCAR 010602
CLICAR

CLIMATE REPORT
NATIONAL WEATHER SERVICE CARIBOU, ME
1236 AM EST FRI DEC 1 2017


...................................

...THE CARIBOU ME CLIMATE SUMMARY FOR NOVEMBER 30 2017...

CLIMATE NORMAL PERIOD 1981 TO 2010
CLIMATE RECORD PERIOD 1939 TO 2017


WEATHER ITEM   OBSERVED TIME   RECORD YEAR NORMAL DEPARTURE LAST
                VALUE   (LST)  VALUE       VALUE  FROM      YEAR
                                                  NORMAL
..................................................................
TEMPERATURE (F)
 YESTERDAY
  MAXIMUM         34   1159 PM  61    2011  32      2       36
                                      1963
  MINIMUM         15    701 AM  -8    1995  18     -3       30
  AVERAGE         25                        25      0       33

PRECIPITATION (IN)
  YESTERDAY        0.00          1.08 1987   0.11  -0.11     0.34
  MONTH TO DATE    3.67                      3.63   0.04     3.63
  SINCE SEP 1     13.03                     10.48   2.55     8.65
  SINCE JAN 1     38.89                     35.22   3.67    39.76

SNOWFALL (IN)
  YESTERDAY        0.0           7.3  1968   0.5   -0.5      4.1
  MONTH TO DATE    3.9                      10.5   -6.6     20.2
  SINCE SEP 1      3.9                      12.2   -8.3     20.2
  SINCE JUL 1      3.9                      12.2   -8.3     20.2
  SNOW DEPTH       T

DEGREE DAYS
 HEATING
  YESTERDAY       40                        40      0       32
  MONTH TO DATE 1019                      1005     14      836
  SINCE SEP 1   1579                      1991   -412     1607
  SINCE JUL 1   1703                      2145   -442     1687

 COOLING
  YESTERDAY        0                         0      0        0
  MONTH TO DATE    0                         0      0        0
  SINCE SEP 1     35                        11     24       22
  SINCE JAN 1    222                       180     42      275
..................................................................


WIND (MPH)
  HIGHEST WIND SPEED    18   HIGHEST WIND DIRECTION     S (160)
  HIGHEST GUST SPEED    25   HIGHEST GUST DIRECTION     S (180)
  AVERAGE WIND SPEED     7.0


SKY COVER
  POSSIBLE SUNSHINE  MM
  AVERAGE SKY COVER 0.1


WEATHER CONDITIONS
 THE FOLLOWING WEATHER WAS RECORDED YESTERDAY.
  NO SIGNIFICANT WEATHER WAS OBSERVED.


RELATIVE HUMIDITY (PERCENT)
 HIGHEST    80           700 AM
 LOWEST     53           200 PM
 AVERAGE    67

..........................................................


THE CARIBOU ME CLIMATE NORMALS FOR TODAY
                         NORMAL    RECORD    YEAR
 MAXIMUM TEMPERATURE (F)   32        48      1991
                                             1975
 MINIMUM TEMPERATURE (F)   18        -6      1941


SUNRISE AND SUNSET
DECEMBER  1 2017......SUNRISE   657 AM EST   SUNSET   345 PM EST
DECEMBER  2 2017......SUNRISE   658 AM EST   SUNSET   345 PM EST


-  INDICATES NEGATIVE NUMBERS.
R  INDICATES RECORD WAS SET OR TIED.
MM INDICATES DATA IS MISSING.
T  INDICATES TRACE AMOUNT.




$$
