000
CDUS41 KCAR 040530
CLICAR


CLIMATE REPORT
NATIONAL WEATHER SERVICE CARIBOU, ME
1229 AM EST WED JAN 4 2017


...................................

...THE CARIBOU ME CLIMATE SUMMARY FOR JANUARY 3 2017...

CLIMATE NORMAL PERIOD 1981 TO 2010
CLIMATE RECORD PERIOD 1939 TO 2017


WEATHER ITEM   OBSERVED TIME   RECORD YEAR NORMAL DEPARTURE LAST
                VALUE   (LST)  VALUE       VALUE  FROM      YEAR
                                                  NORMAL
..................................................................
TEMPERATURE (F)
 YESTERDAY
  MAXIMUM         23   1159 PM  45    1979  21      2       31
  MINIMUM          2    718 AM -25    1996   3     -1       13
  AVERAGE         13                        12      1       22

PRECIPITATION (IN)
  YESTERDAY        T             1.21 1986   0.09  -0.09     0.10
  MONTH TO DATE    0.13                      0.27  -0.14     0.10
  SINCE DEC 1      4.33                      3.54   0.79     4.98
  SINCE JAN 1      0.13                      0.27  -0.14     0.10

SNOWFALL (IN)
  YESTERDAY        T            13.2  1986   0.8   -0.8      2.0
  MONTH TO DATE    0.7                       2.4   -1.7      2.0
  SINCE DEC 1     41.9                      25.3   16.6     29.8
  SINCE JUL 1     62.1                      37.5   24.6     33.9
  SNOW DEPTH      25

DEGREE DAYS
 HEATING
  YESTERDAY       52                        53     -1       43
  MONTH TO DATE  148                       159    -11      124
  SINCE DEC 1   1641                      1608     33     1246
  SINCE JUL 1   3328                      3753   -425     3064

 COOLING
  YESTERDAY        0                         0      0        0
  MONTH TO DATE    0                         0      0        0
  SINCE DEC 1      0                         0      0        0
  SINCE JAN 1      0                         0      0        0
..................................................................


WIND (MPH)
  HIGHEST WIND SPEED    15   HIGHEST WIND DIRECTION     E (80)
  HIGHEST GUST SPEED    21   HIGHEST GUST DIRECTION     E (70)
  AVERAGE WIND SPEED     5.7


SKY COVER
  POSSIBLE SUNSHINE  MM
  AVERAGE SKY COVER 0.7


WEATHER CONDITIONS
 THE FOLLOWING WEATHER WAS RECORDED YESTERDAY.
  LIGHT SNOW
  FOG


RELATIVE HUMIDITY (PERCENT)
 HIGHEST    92          1200 AM
 LOWEST     73           200 PM
 AVERAGE    83

..........................................................


THE CARIBOU ME CLIMATE NORMALS FOR TODAY
                         NORMAL    RECORD    YEAR
 MAXIMUM TEMPERATURE (F)   21        48      1950
 MINIMUM TEMPERATURE (F)    2       -27      1981


SUNRISE AND SUNSET
JANUARY  4 2017.......SUNRISE   717 AM EST   SUNSET   357 PM EST
JANUARY  5 2017.......SUNRISE   717 AM EST   SUNSET   359 PM EST


-  INDICATES NEGATIVE NUMBERS.
R  INDICATES RECORD WAS SET OR TIED.
MM INDICATES DATA IS MISSING.
T  INDICATES TRACE AMOUNT.




$$
