000
CDUS41 KCAR 250541
CLICAR


CLIMATE REPORT
NATIONAL WEATHER SERVICE CARIBOU, ME
1241 AM EST WED FEB 25 2015


...................................

...THE CARIBOU ME CLIMATE SUMMARY FOR FEBRUARY 24 2015...

CLIMATE NORMAL PERIOD 1981 TO 2010
CLIMATE RECORD PERIOD 1939 TO 2015


WEATHER ITEM   OBSERVED TIME   RECORD YEAR NORMAL DEPARTURE LAST
                VALUE   (LST)  VALUE       VALUE  FROM      YEAR
                                                  NORMAL
..................................................................
TEMPERATURE (F)
 YESTERDAY
  MAXIMUM          7    439 PM  49    1981  27    -20       25
  MINIMUM        -18    632 AM -22    1977   7    -25       11
  AVERAGE         -5                        17    -22       18

PRECIPITATION (IN)
  YESTERDAY        0.00          0.95 1994   0.09  -0.09     0.01
  MONTH TO DATE    1.20                      1.88  -0.68     2.21
  SINCE DEC 1      9.98                      7.86   2.12     9.78
  SINCE JAN 1      4.10                      4.59  -0.49     6.20

SNOWFALL (IN)
  YESTERDAY        0.0          11.6  1994   0.8   -0.8      0.5
  MONTH TO DATE   18.5                      19.1   -0.6     26.7
  SINCE DEC 1     79.3                      67.2   12.1     88.7
  SINCE JUL 1    108.1                      79.4   28.7     98.8
  SNOW DEPTH      21

DEGREE DAYS
 HEATING
  YESTERDAY       70                        48     22       47
  MONTH TO DATE 1505                      1237    268     1214
  SINCE DEC 1   4561                      4386    175     4455
  SINCE JUL 1   6513                      6531    -18     6411

 COOLING
  YESTERDAY        0                         0      0        0
  MONTH TO DATE    0                         0      0        0
  SINCE DEC 1      0                         0      0        0
  SINCE JAN 1      0                         0      0        0
..................................................................


WIND (MPH)
  HIGHEST WIND SPEED    16   HIGHEST WIND DIRECTION     S (170)
  HIGHEST GUST SPEED    21   HIGHEST GUST DIRECTION     S (170)
  AVERAGE WIND SPEED     7.2


SKY COVER
  POSSIBLE SUNSHINE  MM
  AVERAGE SKY COVER 0.1


WEATHER CONDITIONS
 THE FOLLOWING WEATHER WAS RECORDED YESTERDAY.
  NO SIGNIFICANT WEATHER WAS OBSERVED.


RELATIVE HUMIDITY (PERCENT)
 HIGHEST    70           600 AM
 LOWEST     39          1200 PM
 AVERAGE    55

..........................................................


THE CARIBOU ME CLIMATE NORMALS FOR TODAY
                         NORMAL    RECORD    YEAR
 MAXIMUM TEMPERATURE (F)   27        43      1984
 MINIMUM TEMPERATURE (F)    7       -24      1972


SUNRISE AND SUNSET
FEBRUARY 25 2015......SUNRISE   620 AM EST   SUNSET   511 PM EST
FEBRUARY 26 2015......SUNRISE   618 AM EST   SUNSET   513 PM EST


-  INDICATES NEGATIVE NUMBERS.
R  INDICATES RECORD WAS SET OR TIED.
MM INDICATES DATA IS MISSING.
T  INDICATES TRACE AMOUNT.




$$
