000
CDUS41 KCAR 152127
CLICAR


CLIMATE REPORT
NATIONAL WEATHER SERVICE CARIBOU, ME
427 PM EST THU JAN 15 2015


...................................

...THE CARIBOU ME CLIMATE SUMMARY FOR JANUARY 15 2015...
VALID TODAY AS OF 0400 PM LOCAL TIME.

CLIMATE NORMAL PERIOD 1981 TO 2010
CLIMATE RECORD PERIOD 1939 TO 2015


WEATHER ITEM   OBSERVED TIME   RECORD YEAR NORMAL DEPARTURE LAST
                VALUE   (LST)  VALUE       VALUE  FROM      YEAR
                                                  NORMAL
..................................................................
TEMPERATURE (F)
 TODAY
  MAXIMUM         13    115 PM  53    1995  19     -6       37
  MINIMUM        -17    745 AM -28    2009   0    -17       29
                                      1957
  AVERAGE         -2                        10    -12       33

PRECIPITATION (IN)
  TODAY            0.00          0.98 1999   0.08  -0.08     0.05
  MONTH TO DATE    1.20                      1.33  -0.13     2.83
  SINCE DEC 1      7.08                      4.60   2.48     6.41
  SINCE JAN 1      1.20                      1.33  -0.13     2.83

SNOWFALL (IN)
  TODAY            0.0           9.2  1958   0.8   -0.8      0.0
  MONTH TO DATE   11.6                      12.2   -0.6      1.6
  SINCE DEC 1     38.7                      35.1    3.6     46.4
  SINCE JUL 1     67.5                      47.3   20.2     56.5
  SNOW DEPTH      17

DEGREE DAYS
 HEATING
  TODAY           67                        55     12       32
  MONTH TO DATE  911                       814     97      772
  SINCE DEC 1   2226                      2263    -37     2381
  SINCE JUL 1   4178                      4408   -230     4337

 COOLING
  TODAY            0                         0      0        0
  MONTH TO DATE    0                         0      0        0
  SINCE DEC 1      0                         0      0        0
  SINCE JAN 1      0                         0      0        0
..................................................................


WIND (MPH)
  HIGHEST WIND SPEED     7   HIGHEST WIND DIRECTION    SW (210)
  HIGHEST GUST SPEED     8   HIGHEST GUST DIRECTION    SW (210)
  AVERAGE WIND SPEED     1.6


SKY COVER
  POSSIBLE SUNSHINE  MM
  AVERAGE SKY COVER 0.1


WEATHER CONDITIONS
 THE FOLLOWING WEATHER WAS RECORDED TODAY.
  FOG
  HAZE


RELATIVE HUMIDITY (PERCENT)
 HIGHEST    87           500 AM
 LOWEST     52           100 PM
 AVERAGE    70

..........................................................


THE CARIBOU ME CLIMATE NORMALS FOR TOMORROW
                         NORMAL    RECORD    YEAR
 MAXIMUM TEMPERATURE (F)   19        48      1995
 MINIMUM TEMPERATURE (F)    0       -37      2009


SUNRISE AND SUNSET
JANUARY 15 2015.......SUNRISE   713 AM EST   SUNSET   410 PM EST
JANUARY 16 2015.......SUNRISE   712 AM EST   SUNSET   411 PM EST


-  INDICATES NEGATIVE NUMBERS.
R  INDICATES RECORD WAS SET OR TIED.
MM INDICATES DATA IS MISSING.
T  INDICATES TRACE AMOUNT.




$$
