000
CDUS41 KCAR 042126
CLICAR


CLIMATE REPORT
NATIONAL WEATHER SERVICE CARIBOU, ME
426 PM EST SUN FEB 4 2018


...................................

...THE CARIBOU ME CLIMATE SUMMARY FOR FEBRUARY 4 2018...
VALID TODAY AS OF 0400 PM LOCAL TIME.

CLIMATE NORMAL PERIOD 1981 TO 2010
CLIMATE RECORD PERIOD 1939 TO 2018


WEATHER ITEM   OBSERVED TIME   RECORD YEAR NORMAL DEPARTURE LAST
                VALUE   (LST)  VALUE       VALUE  FROM      YEAR
                                                  NORMAL
..................................................................
TEMPERATURE (F)
 TODAY
  MAXIMUM         29    359 PM  47    1970  21      8       12
  MINIMUM         -1    115 AM -30    1971   1     -2      -14
  AVERAGE         14                        11      3       -1

PRECIPITATION (IN)
  TODAY            0.13          0.67 1972   0.08   0.05      T
  MONTH TO DATE    0.39                      0.32   0.07     0.08
  SINCE DEC 1      9.81                      6.30   3.51     7.73
  SINCE JAN 1      5.69                      3.03   2.66     3.53

SNOWFALL (IN)
  TODAY            1.8          11.2  1995   0.8    0.0       T
  MONTH TO DATE    6.0                       3.3    2.7      1.7
  SINCE DEC 1     79.1                      51.4   27.7     62.3
  SINCE JUL 1     83.0                      63.6   19.4     82.5
  SNOW DEPTH      28

DEGREE DAYS
 HEATING
  TODAY           51                        54     -3       66
  MONTH TO DATE  217                       217      0      243
  SINCE DEC 1   3442                      3366     76     3184
  SINCE JUL 1   5146                      5511   -365     4871

 COOLING
  TODAY            0                         0      0        0
  MONTH TO DATE    0                         0      0        0
  SINCE DEC 1      0                         0      0        0
  SINCE JAN 1      0                         0      0        0
..................................................................


WIND (MPH)
  HIGHEST WIND SPEED    17   HIGHEST WIND DIRECTION     S (190)
  HIGHEST GUST SPEED    25   HIGHEST GUST DIRECTION     S (180)
  AVERAGE WIND SPEED     7.6


SKY COVER
  POSSIBLE SUNSHINE  MM
  AVERAGE SKY COVER 0.9


WEATHER CONDITIONS
 THE FOLLOWING WEATHER WAS RECORDED TODAY.
  LIGHT SNOW
  FOG
  HAZE


RELATIVE HUMIDITY (PERCENT)
 HIGHEST    84           300 PM
 LOWEST     65          1200 AM
 AVERAGE    75

..........................................................


THE CARIBOU ME CLIMATE NORMALS FOR TOMORROW
                         NORMAL    RECORD    YEAR
 MAXIMUM TEMPERATURE (F)   21        42      1947
 MINIMUM TEMPERATURE (F)    2       -31      1948


SUNRISE AND SUNSET
FEBRUARY  4 2018......SUNRISE   653 AM EST   SUNSET   440 PM EST
FEBRUARY  5 2018......SUNRISE   651 AM EST   SUNSET   441 PM EST


-  INDICATES NEGATIVE NUMBERS.
R  INDICATES RECORD WAS SET OR TIED.
MM INDICATES DATA IS MISSING.
T  INDICATES TRACE AMOUNT.




$$
