000
CDUS41 KCAR 152102
CLICAR

CLIMATE REPORT
NATIONAL WEATHER SERVICE CARIBOU, ME
435 PM EDT SUN MAY 15 2016


...................................

...THE CARIBOU ME CLIMATE SUMMARY FOR MAY 15 2016...
VALID TODAY AS OF 0400 PM LOCAL TIME.

CLIMATE NORMAL PERIOD 1981 TO 2010
CLIMATE RECORD PERIOD 1939 TO 2016


WEATHER ITEM   OBSERVED TIME   RECORD YEAR NORMAL DEPARTURE LAST
                VALUE   (LST)  VALUE       VALUE  FROM      YEAR
                                                  NORMAL
..................................................................
TEMPERATURE (F)
 TODAY
  MAXIMUM         51   1209 AM  86    1974  63    -12       73
  MINIMUM         45    447 AM  25    1947  40      5       41
  AVERAGE         48                        51     -3       57

PRECIPITATION (IN)
  TODAY            0.34          1.09 1960   0.11   0.23     0.00
  MONTH TO DATE    1.47                      1.49  -0.02     0.85
  SINCE MAR 1      8.97                      6.66   2.31     4.85
  SINCE JAN 1     14.44                     11.58   2.86     8.95

SNOWFALL (IN)
  TODAY            0.0           0.4  2002   0.0    0.0      0.0
  MONTH TO DATE    0.3                       0.4   -0.1       T
  SINCE MAR 1     30.3                      26.1    4.2     33.5
  SINCE JUL 1     90.3                     108.6  -18.3    141.8
  SNOW DEPTH       0

DEGREE DAYS
 HEATING
  TODAY           17                        14      3        8
  MONTH TO DATE  228                       244    -16      186
  SINCE MAR 1   2358                      2289     69     2433
  SINCE JUL 1   8100                      9010   -910     9174

 COOLING
  TODAY            0                         0      0        0
  MONTH TO DATE    0                         0      0        0
  SINCE MAR 1      0                         0      0        0
  SINCE JAN 1      0                         0      0        0
..................................................................


WIND (MPH)
  HIGHEST WIND SPEED    18   HIGHEST WIND DIRECTION    SE (130)
  HIGHEST GUST SPEED    23   HIGHEST GUST DIRECTION    SE (130)
  AVERAGE WIND SPEED     8.5


SKY COVER
  POSSIBLE SUNSHINE  MM
  AVERAGE SKY COVER 0.9


WEATHER CONDITIONS
 THE FOLLOWING WEATHER WAS RECORDED TODAY.
  HEAVY RAIN
  RAIN
  LIGHT RAIN
  FOG


RELATIVE HUMIDITY (PERCENT)
 HIGHEST    93          1000 AM
 LOWEST     76           500 AM
 AVERAGE    85

..........................................................


THE CARIBOU ME CLIMATE NORMALS FOR TOMORROW
                         NORMAL    RECORD    YEAR
 MAXIMUM TEMPERATURE (F)   63        81      1986
 MINIMUM TEMPERATURE (F)   41        30      1957
                                             1949


SUNRISE AND SUNSET
MAY 15 2016...........SUNRISE   457 AM EDT   SUNSET   801 PM EDT
MAY 16 2016...........SUNRISE   455 AM EDT   SUNSET   802 PM EDT


-  INDICATES NEGATIVE NUMBERS.
R  INDICATES RECORD WAS SET OR TIED.
MM INDICATES DATA IS MISSING.
T  INDICATES TRACE AMOUNT.

.......................................................

THE CARIBOU ME 4-INCH UNDER SOD SOIL TEMP:
MAXIMUM SOIL TEMPERATURE: 58F
MINIMUM SOIL TEMPERATURE: 52F


$$
