000
CDUS41 KCAR 150527
CLICAR

CLIMATE REPORT
NATIONAL WEATHER SERVICE CARIBOU, ME
126 AM EDT FRI AUG 15 2014


...................................

...THE CARIBOU ME CLIMATE SUMMARY FOR AUGUST 14 2014...

CLIMATE NORMAL PERIOD 1981 TO 2010
CLIMATE RECORD PERIOD 1939 TO 2014


WEATHER ITEM   OBSERVED TIME   RECORD YEAR NORMAL DEPARTURE LAST
                VALUE   (LST)  VALUE       VALUE  FROM      YEAR
                                                  NORMAL
..................................................................
TEMPERATURE (F)
 YESTERDAY
  MAXIMUM         66    446 PM  95    1944  75     -9       70
  MINIMUM         57    956 PM  37    1941  54      3       52
  AVERAGE         62                        64     -2       61

PRECIPITATION (IN)
  YESTERDAY        0.58          1.31 1999   0.12   0.46     0.21
  MONTH TO DATE    0.97                      1.77  -0.80     3.93
  SINCE JUN 1     10.64                      9.33   1.31    17.26
  SINCE JAN 1     27.84                     22.75   5.09    31.28

SNOWFALL (IN)
  YESTERDAY        0.0           0.0  2002   0.0    0.0      0.0
                                      2001
  MONTH TO DATE    0.0                       0.0    0.0      0.0
  SINCE JUN 1      0.0                       0.0    0.0      0.0
  SINCE JUL 1      0.0                       0.0    0.0      0.0
  SNOW DEPTH       0

DEGREE DAYS
 HEATING
  YESTERDAY        3                         3      0        4
  MONTH TO DATE    5                        29    -24       41
  SINCE JUN 1    118                       252   -134      247
  SINCE JUL 1     29                        87    -58       69

 COOLING
  YESTERDAY        0                         2     -2        0
  MONTH TO DATE   38                        29      9        4
  SINCE JUN 1    204                       140     64      146
  SINCE JAN 1    207                       145     62      154
..................................................................


WIND (MPH)
  HIGHEST WIND SPEED    22   HIGHEST WIND DIRECTION     S (160)
  HIGHEST GUST SPEED    32   HIGHEST GUST DIRECTION    SE (140)
  AVERAGE WIND SPEED    10.7


SKY COVER
  POSSIBLE SUNSHINE  MM
  AVERAGE SKY COVER 0.9


WEATHER CONDITIONS
 THE FOLLOWING WEATHER WAS RECORDED YESTERDAY.
  HEAVY RAIN
  RAIN
  LIGHT RAIN
  FOG


RELATIVE HUMIDITY (PERCENT)
 HIGHEST   100           900 AM
 LOWEST     87          1100 AM
 AVERAGE    94

..........................................................


THE CARIBOU ME CLIMATE NORMALS FOR TODAY
                         NORMAL    RECORD    YEAR
 MAXIMUM TEMPERATURE (F)   75        91      2002
                                             1978
                                             1970
 MINIMUM TEMPERATURE (F)   53        39      1972


SUNRISE AND SUNSET
AUGUST 15 2014........SUNRISE   530 AM EDT   SUNSET   743 PM EDT
AUGUST 16 2014........SUNRISE   531 AM EDT   SUNSET   741 PM EDT


-  INDICATES NEGATIVE NUMBERS.
R  INDICATES RECORD WAS SET OR TIED.
MM INDICATES DATA IS MISSING.
T  INDICATES TRACE AMOUNT.

THE CARIBOU ME 4 INCH SOIL TEMPERATURE FOR AUGUST 14 2014

MAXIMUM SOIL TEMPERATURE (F)...73
MINIMUM SOIL TEMPERATURE (F)...69


$$
