000
CDUS41 KCAR 090527
CLICAR


CLIMATE REPORT
NATIONAL WEATHER SERVICE CARIBOU, ME
126 AM EDT THU OCT 9 2014


...................................

...THE CARIBOU ME CLIMATE SUMMARY FOR OCTOBER 8 2014...

CLIMATE NORMAL PERIOD 1981 TO 2010
CLIMATE RECORD PERIOD 1939 TO 2014


WEATHER ITEM   OBSERVED TIME   RECORD YEAR NORMAL DEPARTURE LAST
                VALUE   (LST)  VALUE       VALUE  FROM      YEAR
                                                  NORMAL
..................................................................
TEMPERATURE (F)
 YESTERDAY
  MAXIMUM         59    118 PM  78    1970  56      3       56
  MINIMUM         49   1159 PM  23    1964  37     12       39
  AVERAGE         54                        46      8       48

PRECIPITATION (IN)
  YESTERDAY        0.97          1.82 1944   0.11   0.86      T
  MONTH TO DATE    1.84                      0.90   0.94     0.90
  SINCE SEP 1      4.43                      4.22   0.21     7.91
  SINCE JAN 1     33.09                     28.96   4.13    40.93

SNOWFALL (IN)
  YESTERDAY        0.0           0.1  1953   0.1   -0.1      0.0
  MONTH TO DATE    0.0                       0.1   -0.1      0.0
  SINCE SEP 1      0.0                       0.2   -0.2      0.0
  SINCE JUL 1      0.0                       0.2   -0.2      0.0
  SNOW DEPTH       0

DEGREE DAYS
 HEATING
  YESTERDAY       11                        19     -8       17
  MONTH TO DATE  116                       139    -23      104
  SINCE SEP 1    410                       452    -42      361
  SINCE JUL 1    468                       606   -138      475

 COOLING
  YESTERDAY        0                         0      0        0
  MONTH TO DATE    0                         0      0        0
  SINCE SEP 1     24                        11     13       13
  SINCE JAN 1    265                       180     85      192
..................................................................


WIND (MPH)
  HIGHEST WIND SPEED    23   HIGHEST WIND DIRECTION     S (160)
  HIGHEST GUST SPEED    31   HIGHEST GUST DIRECTION    SE (140)
  AVERAGE WIND SPEED    10.2


SKY COVER
  POSSIBLE SUNSHINE  MM
  AVERAGE SKY COVER 0.9


WEATHER CONDITIONS
 THE FOLLOWING WEATHER WAS RECORDED YESTERDAY.
  HEAVY RAIN
  RAIN
  LIGHT RAIN
  FOG


RELATIVE HUMIDITY (PERCENT)
 HIGHEST    93           700 AM
 LOWEST     77          1000 PM
 AVERAGE    85

..........................................................


THE CARIBOU ME CLIMATE NORMALS FOR TODAY
                         NORMAL    RECORD    YEAR
 MAXIMUM TEMPERATURE (F)   55        82      2011
 MINIMUM TEMPERATURE (F)   37        25      2002
                                             1963


SUNRISE AND SUNSET
OCTOBER  9 2014.......SUNRISE   642 AM EDT   SUNSET   556 PM EDT
OCTOBER 10 2014.......SUNRISE   643 AM EDT   SUNSET   554 PM EDT


-  INDICATES NEGATIVE NUMBERS.
R  INDICATES RECORD WAS SET OR TIED.
MM INDICATES DATA IS MISSING.
T  INDICATES TRACE AMOUNT.




$$
