000
CDUS41 KCAR 192126
CLICAR


CLIMATE REPORT
NATIONAL WEATHER SERVICE CARIBOU, ME
426 PM EST WED NOV 19 2014


...................................

...THE CARIBOU ME CLIMATE SUMMARY FOR NOVEMBER 19 2014...
VALID TODAY AS OF 0400 PM LOCAL TIME.

CLIMATE NORMAL PERIOD 1981 TO 2010
CLIMATE RECORD PERIOD 1939 TO 2014


WEATHER ITEM   OBSERVED TIME   RECORD YEAR NORMAL DEPARTURE LAST
                VALUE   (LST)  VALUE       VALUE  FROM      YEAR
                                                  NORMAL
..................................................................
TEMPERATURE (F)
 TODAY
  MAXIMUM         28    114 PM  59    1953  37     -9       41
  MINIMUM         21    319 AM   1    1992  24     -3       28
  AVERAGE         25                        30     -5       35

PRECIPITATION (IN)
  TODAY            T             0.67 1968   0.12  -0.12      T
  MONTH TO DATE    2.24                      2.30  -0.06     1.95
  SINCE SEP 1     10.62                      9.15   1.47    11.50
  SINCE JAN 1     39.28                     33.89   5.39    44.52

SNOWFALL (IN)
  TODAY            T             2.4  1967   0.4   -0.4       T
  MONTH TO DATE   17.9                       5.1   12.8      4.2
  SINCE SEP 1     17.9                       6.8   11.1      5.2
  SINCE JUL 1     17.9                       6.8   11.1      5.2
  SNOW DEPTH       1

DEGREE DAYS
 HEATING
  TODAY           40                        35      5       30
  MONTH TO DATE  630                       592     38      555
  SINCE SEP 1   1465                      1578   -113     1397
  SINCE JUL 1   1523                      1732   -209     1511

 COOLING
  TODAY            0                         0      0        0
  MONTH TO DATE    0                         0      0        0
  SINCE SEP 1     25                        11     14       13
  SINCE JAN 1    266                       180     86      192
..................................................................


WIND (MPH)
  HIGHEST WIND SPEED    24   HIGHEST WIND DIRECTION     W (260)
  HIGHEST GUST SPEED    32   HIGHEST GUST DIRECTION     W (260)
  AVERAGE WIND SPEED    14.2


SKY COVER
  POSSIBLE SUNSHINE  MM
  AVERAGE SKY COVER 0.5


WEATHER CONDITIONS
 THE FOLLOWING WEATHER WAS RECORDED TODAY.
  LIGHT SNOW


RELATIVE HUMIDITY (PERCENT)
 HIGHEST    71           500 AM
 LOWEST     50          1200 PM
 AVERAGE    61

..........................................................


THE CARIBOU ME CLIMATE NORMALS FOR TOMORROW
                         NORMAL    RECORD    YEAR
 MAXIMUM TEMPERATURE (F)   36        67      1953
 MINIMUM TEMPERATURE (F)   23         2      1992
                                             1986


SUNRISE AND SUNSET
NOVEMBER 19 2014......SUNRISE   641 AM EST   SUNSET   354 PM EST
NOVEMBER 20 2014......SUNRISE   642 AM EST   SUNSET   353 PM EST


-  INDICATES NEGATIVE NUMBERS.
R  INDICATES RECORD WAS SET OR TIED.
MM INDICATES DATA IS MISSING.
T  INDICATES TRACE AMOUNT.




$$
