000
CDUS41 KCAR 222030
CLICAR

CLIMATE REPORT
NATIONAL WEATHER SERVICE CARIBOU, ME
427 PM EDT MON JUN 22 2015


...................................

...THE CARIBOU ME CLIMATE SUMMARY FOR JUNE 22 2015...
VALID TODAY AS OF 0400 PM LOCAL TIME.

CLIMATE NORMAL PERIOD 1981 TO 2010
CLIMATE RECORD PERIOD 1939 TO 2015


WEATHER ITEM   OBSERVED TIME   RECORD YEAR NORMAL DEPARTURE LAST
                VALUE   (LST)  VALUE       VALUE  FROM      YEAR
                                                  NORMAL
..................................................................
TEMPERATURE (F)
 TODAY
  MAXIMUM         66    250 PM  93    1983  73     -7       75
  MINIMUM         54    401 AM  34    1950  52      2       51
  AVERAGE         60                        62     -2       63

PRECIPITATION (IN)
  TODAY            T             1.84 2012   0.12  -0.12     0.01
  MONTH TO DATE    3.51                      2.46   1.05     2.00
  SINCE JUN 1      3.51                      2.46   1.05     2.00
  SINCE JAN 1     14.36                     15.88  -1.52    19.20

SNOWFALL (IN)
  TODAY            0.0           0.0  2002   0.0    0.0      0.0
                                      2001
  MONTH TO DATE    0.0                       0.0    0.0      0.0
  SINCE JUN 1      0.0                       0.0    0.0      0.0
  SINCE JUL 1    142.1                     108.7   33.4    150.7
  SNOW DEPTH       0

DEGREE DAYS
 HEATING
  TODAY            5                         4      1        2
  MONTH TO DATE  163                       138     25       84
  SINCE JUN 1    163                       138     25       84
  SINCE JUL 1   9453                      9327    126     9496

 COOLING
  TODAY            0                         2     -2        0
  MONTH TO DATE    5                        20    -15       12
  SINCE JUN 1      5                        20    -15       12
  SINCE JAN 1     26                        25      1       15
..................................................................


WIND (MPH)
  HIGHEST WIND SPEED    14   HIGHEST WIND DIRECTION     N (360)
  HIGHEST GUST SPEED    17   HIGHEST GUST DIRECTION     N (360)
  AVERAGE WIND SPEED     6.2


SKY COVER
  POSSIBLE SUNSHINE  MM
  AVERAGE SKY COVER 1.0


WEATHER CONDITIONS
 THE FOLLOWING WEATHER WAS RECORDED TODAY.
  LIGHT RAIN


RELATIVE HUMIDITY (PERCENT)
 HIGHEST    93          1200 AM
 LOWEST     72           900 AM
 AVERAGE    83

..........................................................


THE CARIBOU ME CLIMATE NORMALS FOR TOMORROW
                         NORMAL    RECORD    YEAR
 MAXIMUM TEMPERATURE (F)   73        91      1983
                                             1975
 MINIMUM TEMPERATURE (F)   52        40      1948


SUNRISE AND SUNSET
JUNE 22 2015..........SUNRISE   438 AM EDT   SUNSET   830 PM EDT
JUNE 23 2015..........SUNRISE   438 AM EDT   SUNSET   830 PM EDT


-  INDICATES NEGATIVE NUMBERS.
R  INDICATES RECORD WAS SET OR TIED.
MM INDICATES DATA IS MISSING.
T  INDICATES TRACE AMOUNT.


THE CARIBOU ME 4 INCH SOIL TEMPERATURES FOR JUN 22 2015

MAXIMUM SOIL TEMPERATURE (F): 64
MINIMUM SOIL TEMPERATURE (F): 62

$$
