422
CDUS41 KCAR 050528
CLICAR


CLIMATE REPORT
NATIONAL WEATHER SERVICE CARIBOU, ME
1226 AM EST FRI FEB 5 2016


...................................

...THE CARIBOU ME CLIMATE SUMMARY FOR FEBRUARY 4 2016...

CLIMATE NORMAL PERIOD 1981 TO 2010
CLIMATE RECORD PERIOD 1939 TO 2016


WEATHER ITEM   OBSERVED TIME   RECORD YEAR NORMAL DEPARTURE LAST
                VALUE   (LST)  VALUE       VALUE  FROM      YEAR
                                                  NORMAL
..................................................................
TEMPERATURE (F)
 YESTERDAY
  MAXIMUM         45    119 PM  47    1970  21     24       20
  MINIMUM         31   1159 PM -30    1971   1     30      -14
  AVERAGE         38                        11     27        3

PRECIPITATION (IN)
  YESTERDAY        0.06          0.67 1972   0.08  -0.02     0.05
  MONTH TO DATE    0.61                      0.32   0.29     0.25
  SINCE DEC 1      6.91                      6.30   0.61     9.03
  SINCE JAN 1      2.03                      3.03  -1.00     3.15

SNOWFALL (IN)
  YESTERDAY        0.0          11.2  1995   0.8   -0.8      0.8
  MONTH TO DATE    3.2                       3.3   -0.1      3.8
  SINCE DEC 1     42.2                      51.4   -9.2     64.6
  SINCE JUL 1     46.3                      63.6  -17.3     93.4
  SNOW DEPTH       9

DEGREE DAYS
 HEATING
  YESTERDAY       27                        54    -27       62
  MONTH TO DATE  157                       217    -60      272
  SINCE DEC 1   2736                      3366   -630     3328
  SINCE JUL 1   4554                      5511   -957     5280

 COOLING
  YESTERDAY        0                         0      0        0
  MONTH TO DATE    0                         0      0        0
  SINCE DEC 1      0                         0      0        0
  SINCE JAN 1      0                         0      0        0
..................................................................


WIND (MPH)
  HIGHEST WIND SPEED    22   HIGHEST WIND DIRECTION     W (250)
  HIGHEST GUST SPEED    29   HIGHEST GUST DIRECTION     W (250)
  AVERAGE WIND SPEED     8.5


SKY COVER
  POSSIBLE SUNSHINE  MM
  AVERAGE SKY COVER 0.9


WEATHER CONDITIONS
 THE FOLLOWING WEATHER WAS RECORDED YESTERDAY.
  LIGHT RAIN
  FOG
  FOG W/VISIBILITY <= 1/4 MILE


RELATIVE HUMIDITY (PERCENT)
 HIGHEST   100           100 AM
 LOWEST     53          1200 PM
 AVERAGE    77

..........................................................


THE CARIBOU ME CLIMATE NORMALS FOR TODAY
                         NORMAL    RECORD    YEAR
 MAXIMUM TEMPERATURE (F)   21        42      1947
 MINIMUM TEMPERATURE (F)    2       -31      1948


SUNRISE AND SUNSET
FEBRUARY  5 2016......SUNRISE   652 AM EST   SUNSET   441 PM EST
FEBRUARY  6 2016......SUNRISE   651 AM EST   SUNSET   442 PM EST


-  INDICATES NEGATIVE NUMBERS.
R  INDICATES RECORD WAS SET OR TIED.
MM INDICATES DATA IS MISSING.
T  INDICATES TRACE AMOUNT.




$$
