000
CDUS41 KCAR 150545
CLICAR


CLIMATE REPORT
NATIONAL WEATHER SERVICE CARIBOU, ME
1245 AM EST WED FEB 15 2017


...................................

...THE CARIBOU ME CLIMATE SUMMARY FOR FEBRUARY 14 2017...

CLIMATE NORMAL PERIOD 1981 TO 2010
CLIMATE RECORD PERIOD 1939 TO 2017


WEATHER ITEM   OBSERVED TIME   RECORD YEAR NORMAL DEPARTURE LAST
                VALUE   (LST)  VALUE       VALUE  FROM      YEAR
                                                  NORMAL
..................................................................
TEMPERATURE (F)
 YESTERDAY
  MAXIMUM         26    319 PM  42    1971  24      2        2
  MINIMUM          2    712 AM -25    1967   4     -2      -10
  AVERAGE         14                        14      0       -4

PRECIPITATION (IN)
  YESTERDAY        0.00          1.92 2000   0.07  -0.07      T
  MONTH TO DATE    1.39                      1.09   0.30     0.87
  SINCE DEC 1      9.04                      7.07   1.97     7.17
  SINCE JAN 1      4.84                      3.80   1.04     2.29

SNOWFALL (IN)
  YESTERDAY        0.0          18.3  2000   0.8   -0.8       T
  MONTH TO DATE   14.5                      11.3    3.2      8.3
  SINCE DEC 1     75.1                      59.4   15.7     47.3
  SINCE JUL 1     95.3                      71.6   23.7     51.4
  SNOW DEPTH       0

DEGREE DAYS
 HEATING
  YESTERDAY       51                        51      0       69
  MONTH TO DATE  820                       742     78      708
  SINCE DEC 1   3761                      3891   -130     3287
  SINCE JUL 1   5448                      6036   -588     5105

 COOLING
  YESTERDAY        0                         0      0        0
  MONTH TO DATE    0                         0      0        0
  SINCE DEC 1      0                         0      0        0
  SINCE JAN 1      0                         0      0        0
..................................................................


WIND (MPH)
  HIGHEST WIND SPEED    14   HIGHEST WIND DIRECTION    NW (330)
  HIGHEST GUST SPEED    17   HIGHEST GUST DIRECTION     N (360)
  AVERAGE WIND SPEED     5.1


SKY COVER
  POSSIBLE SUNSHINE  MM
  AVERAGE SKY COVER 0.1


WEATHER CONDITIONS
 THE FOLLOWING WEATHER WAS RECORDED YESTERDAY.
  NO SIGNIFICANT WEATHER WAS OBSERVED.


RELATIVE HUMIDITY (PERCENT)
 HIGHEST    96           700 AM
 LOWEST     55           200 PM
 AVERAGE    76

..........................................................


THE CARIBOU ME CLIMATE NORMALS FOR TODAY
                         NORMAL    RECORD    YEAR
 MAXIMUM TEMPERATURE (F)   24        43      1984
 MINIMUM TEMPERATURE (F)    4       -29      1943


SUNRISE AND SUNSET
FEBRUARY 15 2017......SUNRISE   636 AM EST   SUNSET   457 PM EST
FEBRUARY 16 2017......SUNRISE   634 AM EST   SUNSET   459 PM EST


-  INDICATES NEGATIVE NUMBERS.
R  INDICATES RECORD WAS SET OR TIED.
MM INDICATES DATA IS MISSING.
T  INDICATES TRACE AMOUNT.




$$
