000
CDUS41 KCAR 190537
CLICAR


CLIMATE REPORT
NATIONAL WEATHER SERVICE CARIBOU, ME
136 AM EDT SAT JUL 19 2014


...................................

...THE CARIBOU ME CLIMATE SUMMARY FOR JULY 18 2014...

CLIMATE NORMAL PERIOD 1981 TO 2010
CLIMATE RECORD PERIOD 1939 TO 2014


WEATHER ITEM   OBSERVED TIME   RECORD YEAR NORMAL DEPARTURE LAST
                VALUE   (LST)  VALUE       VALUE  FROM      YEAR
                                                  NORMAL
..................................................................
TEMPERATURE (F)
 YESTERDAY
  MAXIMUM         77    330 PM  93    1982  76      1       80
                                      1964
  MINIMUM         53    407 AM  44    1951  56     -3       64
  AVERAGE         65                        66     -1       72

PRECIPITATION (IN)
  YESTERDAY        0.00          1.51 1968   0.13  -0.13     0.00
  MONTH TO DATE    4.70                      2.44   2.26     3.84
  SINCE JUN 1      7.31                      5.92   1.39     9.90
  SINCE JAN 1     24.51                     19.34   5.17    23.92

SNOWFALL (IN)
  YESTERDAY        0.0           0.0  2002   0.0    0.0      0.0
                                      2001
  MONTH TO DATE    0.0                       0.0    0.0      0.0
  SINCE JUN 1      0.0                       0.0    0.0      0.0
  SINCE JUL 1      0.0                       0.0    0.0      0.0
  SNOW DEPTH       0

DEGREE DAYS
 HEATING
  YESTERDAY        0                         1     -1        0
  MONTH TO DATE   17                        39    -22        3
  SINCE JUN 1    106                       204    -98      181
  SINCE JUL 1     17                        39    -22        3

 COOLING
  YESTERDAY        0                         2     -2        7
  MONTH TO DATE   87                        41     46      111
  SINCE JUN 1    123                        75     48      134
  SINCE JAN 1    126                        80     46      142
..................................................................


WIND (MPH)
  HIGHEST WIND SPEED    15   HIGHEST WIND DIRECTION    NW (310)
  HIGHEST GUST SPEED    22   HIGHEST GUST DIRECTION     W (260)
  AVERAGE WIND SPEED     6.5


SKY COVER
  POSSIBLE SUNSHINE  MM
  AVERAGE SKY COVER 0.1


WEATHER CONDITIONS
 THE FOLLOWING WEATHER WAS RECORDED YESTERDAY.
  NO SIGNIFICANT WEATHER WAS OBSERVED.


RELATIVE HUMIDITY (PERCENT)
 HIGHEST    93           300 AM
 LOWEST     39           300 PM
 AVERAGE    66

..........................................................


THE CARIBOU ME CLIMATE NORMALS FOR TODAY
                         NORMAL    RECORD    YEAR
 MAXIMUM TEMPERATURE (F)   76        95      1991
 MINIMUM TEMPERATURE (F)   56        42      1944
                                             1943


SUNRISE AND SUNSET
JULY 19 2014..........SUNRISE   457 AM EDT   SUNSET   819 PM EDT
JULY 20 2014..........SUNRISE   458 AM EDT   SUNSET   818 PM EDT


-  INDICATES NEGATIVE NUMBERS.
R  INDICATES RECORD WAS SET OR TIED.
MM INDICATES DATA IS MISSING.
T  INDICATES TRACE AMOUNT.




$$
