000
CDUS41 KCAR 200527
CLICAR


CLIMATE REPORT
NATIONAL WEATHER SERVICE CARIBOU, ME
126 AM EDT FRI MAY 20 2016


...................................

...THE CARIBOU ME CLIMATE SUMMARY FOR MAY 19 2016...

CLIMATE NORMAL PERIOD 1981 TO 2010
CLIMATE RECORD PERIOD 1939 TO 2016


WEATHER ITEM   OBSERVED TIME   RECORD YEAR NORMAL DEPARTURE LAST
                VALUE   (LST)  VALUE       VALUE  FROM      YEAR
                                                  NORMAL
..................................................................
TEMPERATURE (F)
 YESTERDAY
  MAXIMUM         69   1246 PM  87    1962  64      5       62
  MINIMUM         47    431 AM  27    1967  41      6       49
                                      1939
  AVERAGE         58                        53      5       56

PRECIPITATION (IN)
  YESTERDAY        0.00          0.81 2008   0.12  -0.12     0.36
  MONTH TO DATE    2.16                      1.94   0.22     1.27
  SINCE MAR 1      9.66                      7.11   2.55     5.27
  SINCE JAN 1     15.13                     12.03   3.10     9.37

SNOWFALL (IN)
  YESTERDAY        0.0           T    2008   0.0    0.0      0.0
  MONTH TO DATE    4.8                       0.4    4.4       T
  SINCE MAR 1     34.8                      26.1    8.7     33.5
  SINCE JUL 1     94.8                     108.6  -13.8    141.8
  SNOW DEPTH       0

DEGREE DAYS
 HEATING
  YESTERDAY        7                        13     -6        9
  MONTH TO DATE  302                       296      6      218
  SINCE MAR 1   2432                      2341     91     2465
  SINCE JUL 1   8174                      9062   -888     9206

 COOLING
  YESTERDAY        0                         0      0        0
  MONTH TO DATE    0                         0      0        0
  SINCE MAR 1      0                         0      0        0
  SINCE JAN 1      0                         0      0        0
..................................................................


WIND (MPH)
  HIGHEST WIND SPEED    10   HIGHEST WIND DIRECTION    SW (210)
  HIGHEST GUST SPEED    14   HIGHEST GUST DIRECTION     S (170)
  AVERAGE WIND SPEED     2.6


SKY COVER
  POSSIBLE SUNSHINE  MM
  AVERAGE SKY COVER 0.9


WEATHER CONDITIONS
 THE FOLLOWING WEATHER WAS RECORDED YESTERDAY.
  NO SIGNIFICANT WEATHER WAS OBSERVED.


RELATIVE HUMIDITY (PERCENT)
 HIGHEST    80           600 AM
 LOWEST     30           100 PM
 AVERAGE    55

..........................................................


THE CARIBOU ME CLIMATE NORMALS FOR TODAY
                         NORMAL    RECORD    YEAR
 MAXIMUM TEMPERATURE (F)   64        86      2003
                                             1951
 MINIMUM TEMPERATURE (F)   42        28      1944


SUNRISE AND SUNSET
MAY 20 2016...........SUNRISE   451 AM EDT   SUNSET   807 PM EDT
MAY 21 2016...........SUNRISE   450 AM EDT   SUNSET   808 PM EDT


-  INDICATES NEGATIVE NUMBERS.
R  INDICATES RECORD WAS SET OR TIED.
MM INDICATES DATA IS MISSING.
T  INDICATES TRACE AMOUNT.

------------------------------------------------------------------------

THE CARIBOU ME 4-INCH UNDER SOD SOIL TEMP:
MAXIMUM SOIL TEMPERATURE: 54F
MINIMUM SOIL TEMPERATURE: 51F


$$
