000
CDUS41 KCAR 182044
CLICAR


CLIMATE REPORT
NATIONAL WEATHER SERVICE CARIBOU, ME
443 PM EDT THU MAY 18 2017


...................................

...THE CARIBOU ME CLIMATE SUMMARY FOR MAY 18 2017...
VALID TODAY AS OF 0400 PM LOCAL TIME.

CLIMATE NORMAL PERIOD 1981 TO 2010
CLIMATE RECORD PERIOD 1939 TO 2017


WEATHER ITEM   OBSERVED TIME   RECORD YEAR NORMAL DEPARTURE LAST
                VALUE   (LST)  VALUE       VALUE  FROM      YEAR
                                                  NORMAL
..................................................................
TEMPERATURE (F)
 TODAY
  MAXIMUM         89R   152 PM  85    1986  64     25       66
  MINIMUM         51    424 AM  27    1961  41     10       35
  AVERAGE         70                        52     18       51

PRECIPITATION (IN)
  TODAY            T             2.15 1948   0.11  -0.11      T
  MONTH TO DATE    3.48                      1.82   1.66     2.16
  SINCE MAR 1     10.06                      6.99   3.07     9.66
  SINCE JAN 1     15.68                     11.91   3.77    15.13

SNOWFALL (IN)
  TODAY            0.0           1.8  1941   0.0    0.0      0.0
  MONTH TO DATE    T                         0.4   -0.4      4.8
  SINCE MAR 1     33.0                      26.1    6.9     34.8
  SINCE JUL 1    129.6                     108.6   21.0     94.8
  SNOW DEPTH       0

DEGREE DAYS
 HEATING
  TODAY            0                        13    -13       14
  MONTH TO DATE  248                       283    -35      295
  SINCE MAR 1   2335                      2328      7     2425
  SINCE JUL 1   8316                      9049   -733     8167

 COOLING
  TODAY            5                         0      5        0
  MONTH TO DATE    5                         0      5        0
  SINCE MAR 1      5                         0      5        0
  SINCE JAN 1      5                         0      5        0
..................................................................


WIND (MPH)
  HIGHEST WIND SPEED    21   HIGHEST WIND DIRECTION    SW (240)
  HIGHEST GUST SPEED    28   HIGHEST GUST DIRECTION    SW (230)
  AVERAGE WIND SPEED     4.4


SKY COVER
  POSSIBLE SUNSHINE  MM
  AVERAGE SKY COVER 0.2


WEATHER CONDITIONS
 THE FOLLOWING WEATHER WAS RECORDED TODAY.
  NO SIGNIFICANT WEATHER WAS OBSERVED.


RELATIVE HUMIDITY (PERCENT)
 HIGHEST    89           300 AM
 LOWEST     34           300 PM
 AVERAGE    62

..........................................................


THE CARIBOU ME CLIMATE NORMALS FOR TOMORROW
                         NORMAL    RECORD    YEAR
 MAXIMUM TEMPERATURE (F)   64        87      1962
 MINIMUM TEMPERATURE (F)   41        27      1967
                                             1939


SUNRISE AND SUNSET
MAY 18 2017...........SUNRISE   453 AM EDT   SUNSET   804 PM EDT
MAY 19 2017...........SUNRISE   452 AM EDT   SUNSET   805 PM EDT


-  INDICATES NEGATIVE NUMBERS.
R  INDICATES RECORD WAS SET OR TIED.
MM INDICATES DATA IS MISSING.
T  INDICATES TRACE AMOUNT.




$$
