000
CDUS41 KCAR 110851
CLICAR


CLIMATE REPORT
NATIONAL WEATHER SERVICE CARIBOU, ME
350 AM EST THU JAN 11 2018


...................................

...THE CARIBOU ME CLIMATE SUMMARY FOR JANUARY 10 2018...

CLIMATE NORMAL PERIOD 1981 TO 2010
CLIMATE RECORD PERIOD 1939 TO 2018


WEATHER ITEM   OBSERVED TIME   RECORD YEAR NORMAL DEPARTURE LAST
                VALUE   (LST)  VALUE       VALUE  FROM      YEAR
                                                  NORMAL
..................................................................
TEMPERATURE (F)
 YESTERDAY
  MAXIMUM         25    331 PM  44    2016  20      5       33
  MINIMUM          6    520 AM -32    1973   1      5        1
  AVERAGE         16                        10      6       17

PRECIPITATION (IN)
  YESTERDAY        0.00          1.31 1977   0.08  -0.08     0.03
  MONTH TO DATE    1.76                      0.89   0.87     0.91
  SINCE DEC 1      5.88                      4.16   1.72     5.11
  SINCE JAN 1      1.76                      0.89   0.87     0.91

SNOWFALL (IN)
  YESTERDAY        0.0          12.5  1997   0.9   -0.9      0.3
  MONTH TO DATE   23.4                       8.2   15.2      8.3
  SINCE DEC 1     57.6                      31.1   26.5     49.5
  SINCE JUL 1     61.5                      43.3   18.2     69.7
  SNOW DEPTH      30

DEGREE DAYS
 HEATING
  YESTERDAY       49                        55     -6       48
  MONTH TO DATE  589                       539     50      536
  SINCE DEC 1   2183                      1988    195     2029
  SINCE JUL 1   3887                      4133   -246     3716

 COOLING
  YESTERDAY        0                         0      0        0
  MONTH TO DATE    0                         0      0        0
  SINCE DEC 1      0                         0      0        0
  SINCE JAN 1      0                         0      0        0
..................................................................


WIND (MPH)
  HIGHEST WIND SPEED    13   HIGHEST WIND DIRECTION     W (250)
  HIGHEST GUST SPEED    17   HIGHEST GUST DIRECTION     W (260)
  AVERAGE WIND SPEED     6.2


SKY COVER
  POSSIBLE SUNSHINE  MM
  AVERAGE SKY COVER 0.3


WEATHER CONDITIONS
 THE FOLLOWING WEATHER WAS RECORDED YESTERDAY.
  NO SIGNIFICANT WEATHER WAS OBSERVED.


RELATIVE HUMIDITY (PERCENT)
 HIGHEST    80           500 AM
 LOWEST     46          1200 PM
 AVERAGE    63

..........................................................


THE CARIBOU ME CLIMATE NORMALS FOR TODAY
                         NORMAL    RECORD    YEAR
 MAXIMUM TEMPERATURE (F)   19        51      1983
 MINIMUM TEMPERATURE (F)    1       -33      1995


SUNRISE AND SUNSET
JANUARY 11 2018.......SUNRISE   715 AM EST   SUNSET   405 PM EST
JANUARY 12 2018.......SUNRISE   715 AM EST   SUNSET   407 PM EST


-  INDICATES NEGATIVE NUMBERS.
R  INDICATES RECORD WAS SET OR TIED.
MM INDICATES DATA IS MISSING.
T  INDICATES TRACE AMOUNT.




$$
