000
CDUS41 KCAR 130528
CLICAR


CLIMATE REPORT
NATIONAL WEATHER SERVICE CARIBOU, ME
128 AM EDT WED APR 13 2016


...................................

...THE CARIBOU ME CLIMATE SUMMARY FOR APRIL 12 2016...

CLIMATE NORMAL PERIOD 1981 TO 2010
CLIMATE RECORD PERIOD 1939 TO 2016


WEATHER ITEM   OBSERVED TIME   RECORD YEAR NORMAL DEPARTURE LAST
                VALUE   (LST)  VALUE       VALUE  FROM      YEAR
                                                  NORMAL
..................................................................
TEMPERATURE (F)
 YESTERDAY
  MAXIMUM         49    225 PM  76    1945  46      3       53
  MINIMUM         33   1159 PM  12    1976  28      5       31
  AVERAGE         41                        37      4       42

PRECIPITATION (IN)
  YESTERDAY        0.78R         0.62 1940   0.09   0.69     0.00
  MONTH TO DATE    2.80                      1.05   1.75     1.13
  SINCE MAR 1      7.50                      3.56   3.94     2.78
  SINCE JAN 1     12.97                      8.48   4.49     6.88

SNOWFALL (IN)
  YESTERDAY        0.0           4.6  2000   0.3   -0.3      0.0
  MONTH TO DATE    2.8                       4.2   -1.4      8.5
  SINCE MAR 1     30.0                      22.5    7.5     33.4
  SINCE JUL 1     90.0                     105.0  -15.0    141.7
  SNOW DEPTH       T

DEGREE DAYS
 HEATING
  YESTERDAY       24                        28     -4       23
  MONTH TO DATE  415                       372     43      439
  SINCE MAR 1   1672                      1626     46     1841
  SINCE JUL 1   7414                      8347   -933     8582

 COOLING
  YESTERDAY        0                         0      0        0
  MONTH TO DATE    0                         0      0        0
  SINCE MAR 1      0                         0      0        0
  SINCE JAN 1      0                         0      0        0
..................................................................


WIND (MPH)
  HIGHEST WIND SPEED    18   HIGHEST WIND DIRECTION     W (260)
  HIGHEST GUST SPEED    25   HIGHEST GUST DIRECTION     W (260)
  AVERAGE WIND SPEED     6.2


SKY COVER
  POSSIBLE SUNSHINE  MM
  AVERAGE SKY COVER 0.9


WEATHER CONDITIONS
 THE FOLLOWING WEATHER WAS RECORDED YESTERDAY.
  HEAVY RAIN
  RAIN
  LIGHT RAIN
  FOG


RELATIVE HUMIDITY (PERCENT)
 HIGHEST    96           700 AM
 LOWEST     82          1000 PM
 AVERAGE    89

..........................................................


THE CARIBOU ME CLIMATE NORMALS FOR TODAY
                         NORMAL    RECORD    YEAR
 MAXIMUM TEMPERATURE (F)   46        78      1945
 MINIMUM TEMPERATURE (F)   29        10      1992


SUNRISE AND SUNSET
APRIL 13 2016.........SUNRISE   547 AM EDT   SUNSET   718 PM EDT
APRIL 14 2016.........SUNRISE   546 AM EDT   SUNSET   720 PM EDT


-  INDICATES NEGATIVE NUMBERS.
R  INDICATES RECORD WAS SET OR TIED.
MM INDICATES DATA IS MISSING.
T  INDICATES TRACE AMOUNT.




$$
