000
CDUS41 KCAR 240528
CLICAR


CLIMATE REPORT
NATIONAL WEATHER SERVICE CARIBOU, ME
126 AM EDT WED JUN 24 2015


...................................

...THE CARIBOU ME CLIMATE SUMMARY FOR JUNE 23 2015...

CLIMATE NORMAL PERIOD 1981 TO 2010
CLIMATE RECORD PERIOD 1939 TO 2015


WEATHER ITEM   OBSERVED TIME   RECORD YEAR NORMAL DEPARTURE LAST
                VALUE   (LST)  VALUE       VALUE  FROM      YEAR
                                                  NORMAL
..................................................................
TEMPERATURE (F)
 YESTERDAY
  MAXIMUM         60   1004 AM  91    1983  73    -13       79
                                      1975
  MINIMUM         50    203 AM  40    1948  52     -2       46
  AVERAGE         55                        63     -8       63

PRECIPITATION (IN)
  YESTERDAY        0.30          0.99 2002   0.12   0.18     0.00
  MONTH TO DATE    3.81                      2.58   1.23     2.00
  SINCE JUN 1      3.81                      2.58   1.23     2.00
  SINCE JAN 1     14.66                     16.00  -1.34    19.20

SNOWFALL (IN)
  YESTERDAY        0.0           0.0  2002   0.0    0.0      0.0
                                      2001
  MONTH TO DATE    0.0                       0.0    0.0      0.0
  SINCE JUN 1      0.0                       0.0    0.0      0.0
  SINCE JUL 1    142.1                     108.7   33.4    150.7
  SNOW DEPTH       0

DEGREE DAYS
 HEATING
  YESTERDAY       10                         4      6        2
  MONTH TO DATE  174                       142     32       86
  SINCE JUN 1    174                       142     32       86
  SINCE JUL 1   9464                      9331    133     9498

 COOLING
  YESTERDAY        0                         2     -2        0
  MONTH TO DATE    5                        22    -17       12
  SINCE JUN 1      5                        22    -17       12
  SINCE JAN 1     26                        27     -1       15
..................................................................


WIND (MPH)
  HIGHEST WIND SPEED    23   HIGHEST WIND DIRECTION    SE (150)
  HIGHEST GUST SPEED    33   HIGHEST GUST DIRECTION    SE (140)
  AVERAGE WIND SPEED    11.1


SKY COVER
  POSSIBLE SUNSHINE  MM
  AVERAGE SKY COVER 0.8


WEATHER CONDITIONS
 THE FOLLOWING WEATHER WAS RECORDED YESTERDAY.
  HEAVY RAIN
  RAIN
  LIGHT RAIN
  FOG
  FOG W/VISIBILITY <= 1/4 MILE


RELATIVE HUMIDITY (PERCENT)
 HIGHEST    96           100 AM
 LOWEST     72           800 AM
 AVERAGE    84

..........................................................


THE CARIBOU ME CLIMATE NORMALS FOR TODAY
                         NORMAL    RECORD    YEAR
 MAXIMUM TEMPERATURE (F)   74        93      1995
 MINIMUM TEMPERATURE (F)   52        40      1988
                                             1959


SUNRISE AND SUNSET
JUNE 24 2015..........SUNRISE   438 AM EDT   SUNSET   831 PM EDT
JUNE 25 2015..........SUNRISE   439 AM EDT   SUNSET   831 PM EDT


-  INDICATES NEGATIVE NUMBERS.
R  INDICATES RECORD WAS SET OR TIED.
MM INDICATES DATA IS MISSING.
T  INDICATES TRACE AMOUNT.


THE CARIBOU ME 4 INCH SOIL TEMPERATURES FOR JUN 23 2015

MAXIMUM SOIL TEMPERATURE (F): 66
MINIMUM SOIL TEMPERATURE (F): 61

$$
