000
CDUS41 KCAR 220539
CLICAR

CLIMATE REPORT
NATIONAL WEATHER SERVICE CARIBOU, ME
129 AM EDT WED JUL 22 2015


...................................

...THE CARIBOU ME CLIMATE SUMMARY FOR JULY 21 2015...

CLIMATE NORMAL PERIOD 1981 TO 2010
CLIMATE RECORD PERIOD 1939 TO 2015


WEATHER ITEM   OBSERVED TIME   RECORD YEAR NORMAL DEPARTURE LAST
                VALUE   (LST)  VALUE       VALUE  FROM      YEAR
                                                  NORMAL
..................................................................
TEMPERATURE (F)
 YESTERDAY
  MAXIMUM         70    207 PM  90    1994  76     -6       81
  MINIMUM         60    540 AM  44    1992  56      4       62
                                      1989
  AVERAGE         65                        66     -1       72

PRECIPITATION (IN)
  YESTERDAY        0.12          2.02 2008   0.12   0.00     0.00
  MONTH TO DATE    2.61                      2.82  -0.21     4.70
  SINCE JUN 1      6.86                      6.30   0.56     7.31
  SINCE JAN 1     17.71                     19.72  -2.01    24.51

SNOWFALL (IN)
  YESTERDAY        0.0           0.0  2002   0.0    0.0      0.0
                                      2001
  MONTH TO DATE    0.0                       0.0    0.0      0.0
  SINCE JUN 1      0.0                       0.0    0.0      0.0
  SINCE JUL 1      0.0                       0.0    0.0      0.0
  SNOW DEPTH       0

DEGREE DAYS
 HEATING
  YESTERDAY        0                         2     -2        0
  MONTH TO DATE   42                        44     -2       17
  SINCE JUN 1    254                       209     45      106
  SINCE JUL 1     42                        44     -2       17

 COOLING
  YESTERDAY        0                         3     -3        7
  MONTH TO DATE   31                        49    -18      101
  SINCE JUN 1     37                        83    -46      137
  SINCE JAN 1     58                        88    -30      140
..................................................................


WIND (MPH)
  HIGHEST WIND SPEED    14   HIGHEST WIND DIRECTION    SE (150)
  HIGHEST GUST SPEED    21   HIGHEST GUST DIRECTION    SE (150)
  AVERAGE WIND SPEED     7.2


SKY COVER
  POSSIBLE SUNSHINE  MM
  AVERAGE SKY COVER 0.9


WEATHER CONDITIONS
 THE FOLLOWING WEATHER WAS RECORDED YESTERDAY.
  LIGHT RAIN
  FOG


RELATIVE HUMIDITY (PERCENT)
 HIGHEST    97           300 AM
 LOWEST     78           200 PM
 AVERAGE    88

..........................................................


THE CARIBOU ME CLIMATE NORMALS FOR TODAY
                         NORMAL    RECORD    YEAR
 MAXIMUM TEMPERATURE (F)   76        89      1979
 MINIMUM TEMPERATURE (F)   56        41      1992


SUNRISE AND SUNSET
JULY 22 2015..........SUNRISE   500 AM EDT   SUNSET   817 PM EDT
JULY 23 2015..........SUNRISE   501 AM EDT   SUNSET   816 PM EDT


-  INDICATES NEGATIVE NUMBERS.
R  INDICATES RECORD WAS SET OR TIED.
MM INDICATES DATA IS MISSING.
T  INDICATES TRACE AMOUNT.

-----------------------------------------------------------------
THE CARIBOU ME 4 INCH SOIL TEMPERATURES FOR JUL 21 2015

MAXIMUM SOIL TEMPERATURE (F): 67
MINIMUM SOIL TEMPERATURE (F): 65

$$
