000
CDUS41 KCAR 180532
CLICAR


CLIMATE REPORT
NATIONAL WEATHER SERVICE CARIBOU, ME
1232 AM EST THU DEC 18 2014


...................................

...THE CARIBOU ME CLIMATE SUMMARY FOR DECEMBER 17 2014...

CLIMATE NORMAL PERIOD 1981 TO 2010
CLIMATE RECORD PERIOD 1939 TO 2014


WEATHER ITEM   OBSERVED TIME   RECORD YEAR NORMAL DEPARTURE LAST
                VALUE   (LST)  VALUE       VALUE  FROM      YEAR
                                                  NORMAL
..................................................................
TEMPERATURE (F)
 YESTERDAY
  MAXIMUM         33    222 PM  53    2000  26      7        5
  MINIMUM         28    338 AM -21    1951  10     18      -16
                                      1942
  AVERAGE         31                        18     13       -5

PRECIPITATION (IN)
  YESTERDAY        0.43          2.76 1973   0.11   0.32      T
  MONTH TO DATE    3.56                      1.93   1.63     1.48
  SINCE DEC 1      3.56                      1.93   1.63     1.48
  SINCE JAN 1     43.97                     37.15   6.82    48.06

SNOWFALL (IN)
  YESTERDAY        4.0           9.2  2007   0.7    3.3      0.1
  MONTH TO DATE   17.9                      11.8    6.1     21.0
  SINCE DEC 1     17.9                      11.8    6.1     21.0
  SINCE JUL 1     46.7                      24.0   22.7     31.1
  SNOW DEPTH       6

DEGREE DAYS
 HEATING
  YESTERDAY       34                        47    -13       70
  MONTH TO DATE  719                       746    -27      837
  SINCE DEC 1    719                       746    -27      837
  SINCE JUL 1   2671                      2891   -220     2793

 COOLING
  YESTERDAY        0                         0      0        0
  MONTH TO DATE    0                         0      0        0
  SINCE DEC 1      0                         0      0        0
  SINCE JAN 1    266                       180     86      192
..................................................................


WIND (MPH)
  HIGHEST WIND SPEED    12   HIGHEST WIND DIRECTION     N (20)
  HIGHEST GUST SPEED    15   HIGHEST GUST DIRECTION     N (10)
  AVERAGE WIND SPEED     5.9


SKY COVER
  POSSIBLE SUNSHINE  MM
  AVERAGE SKY COVER 1.0


WEATHER CONDITIONS
 THE FOLLOWING WEATHER WAS RECORDED YESTERDAY.
  SNOW
  LIGHT SNOW
  FOG


RELATIVE HUMIDITY (PERCENT)
 HIGHEST   100           600 AM
 LOWEST     92           100 AM
 AVERAGE    96

..........................................................


THE CARIBOU ME CLIMATE NORMALS FOR TODAY
                         NORMAL    RECORD    YEAR
 MAXIMUM TEMPERATURE (F)   25        54      2000
 MINIMUM TEMPERATURE (F)    9       -15      1940


SUNRISE AND SUNSET
DECEMBER 18 2014......SUNRISE   713 AM EST   SUNSET   345 PM EST
DECEMBER 19 2014......SUNRISE   713 AM EST   SUNSET   345 PM EST


-  INDICATES NEGATIVE NUMBERS.
R  INDICATES RECORD WAS SET OR TIED.
MM INDICATES DATA IS MISSING.
T  INDICATES TRACE AMOUNT.




$$
