000
CDUS41 KCAR 290526
CLICAR


CLIMATE REPORT
NATIONAL WEATHER SERVICE CARIBOU, ME
125 AM EDT SUN OCT 29 2017


...................................

...THE CARIBOU ME CLIMATE SUMMARY FOR OCTOBER 28 2017...

CLIMATE NORMAL PERIOD 1981 TO 2010
CLIMATE RECORD PERIOD 1939 TO 2017


WEATHER ITEM   OBSERVED TIME   RECORD YEAR NORMAL DEPARTURE LAST
                VALUE   (LST)  VALUE       VALUE  FROM      YEAR
                                                  NORMAL
..................................................................
TEMPERATURE (F)
 YESTERDAY
  MAXIMUM         57    207 PM  75    1947  47     10       43
  MINIMUM         33    702 AM  15    1976  31      2       30
  AVERAGE         45                        39      6       37

PRECIPITATION (IN)
  YESTERDAY        0.00          2.58 1995   0.11  -0.11     0.00
  MONTH TO DATE    5.80                      3.18   2.62     2.26
  SINCE SEP 1      8.93                      6.50   2.43     4.74
  SINCE JAN 1     34.79                     31.24   3.55    35.85

SNOWFALL (IN)
  YESTERDAY        0.0           2.3  1962   0.2   -0.2      0.0
  MONTH TO DATE    0.0                       1.3   -1.3       T
  SINCE SEP 1      0.0                       1.4   -1.4       T
  SINCE JUL 1      0.0                       1.4   -1.4       T
  SNOW DEPTH       0

DEGREE DAYS
 HEATING
  YESTERDAY       20                        26     -6       28
  MONTH TO DATE  373                       592   -219      487
  SINCE SEP 1    519                       905   -386      692
  SINCE JUL 1    643                      1059   -416      772

 COOLING
  YESTERDAY        0                         0      0        0
  MONTH TO DATE    1                         0      1        0
  SINCE SEP 1     35                        11     24       22
  SINCE JAN 1    222                       180     42      275
..................................................................


WIND (MPH)
  HIGHEST WIND SPEED    14   HIGHEST WIND DIRECTION     S (170)
  HIGHEST GUST SPEED    19   HIGHEST GUST DIRECTION     S (160)
  AVERAGE WIND SPEED     5.6


SKY COVER
  POSSIBLE SUNSHINE  MM
  AVERAGE SKY COVER 0.2


WEATHER CONDITIONS
 THE FOLLOWING WEATHER WAS RECORDED YESTERDAY.
  FOG
  FOG W/VISIBILITY <= 1/4 MILE


RELATIVE HUMIDITY (PERCENT)
 HIGHEST   100           800 AM
 LOWEST     51           100 PM
 AVERAGE    76

..........................................................


THE CARIBOU ME CLIMATE NORMALS FOR TODAY
                         NORMAL    RECORD    YEAR
 MAXIMUM TEMPERATURE (F)   46        66      2015
                                             1989
 MINIMUM TEMPERATURE (F)   31        16      1973


SUNRISE AND SUNSET
OCTOBER 29 2017.......SUNRISE   710 AM EDT   SUNSET   520 PM EDT
OCTOBER 30 2017.......SUNRISE   712 AM EDT   SUNSET   519 PM EDT


-  INDICATES NEGATIVE NUMBERS.
R  INDICATES RECORD WAS SET OR TIED.
MM INDICATES DATA IS MISSING.
T  INDICATES TRACE AMOUNT.




$$
