000
CDUS41 KCAR 140526
CLICAR

CLIMATE REPORT
NATIONAL WEATHER SERVICE CARIBOU, ME
126 AM EDT THU AUG 14 2014


...................................

...THE CARIBOU ME CLIMATE SUMMARY FOR AUGUST 13 2014...

CLIMATE NORMAL PERIOD 1981 TO 2010
CLIMATE RECORD PERIOD 1939 TO 2014


WEATHER ITEM   OBSERVED TIME   RECORD YEAR NORMAL DEPARTURE LAST
                VALUE   (LST)  VALUE       VALUE  FROM      YEAR
                                                  NORMAL
..................................................................
TEMPERATURE (F)
 YESTERDAY
  MAXIMUM         75    100 PM  91    1947  75      0       70
  MINIMUM         58    531 AM  36    1941  54      4       50
  AVERAGE         67                        64      3       60

PRECIPITATION (IN)
  YESTERDAY        T             2.36 1989   0.13  -0.13     0.45
  MONTH TO DATE    0.39                      1.65  -1.26     3.72
  SINCE JUN 1     10.06                      9.21   0.85    17.05
  SINCE JAN 1     27.26                     22.63   4.63    31.07

SNOWFALL (IN)
  YESTERDAY        0.0           0.0  2002   0.0    0.0      0.0
                                      2001
  MONTH TO DATE    0.0                       0.0    0.0      0.0
  SINCE JUN 1      0.0                       0.0    0.0      0.0
  SINCE JUL 1      0.0                       0.0    0.0      0.0
  SNOW DEPTH       0

DEGREE DAYS
 HEATING
  YESTERDAY        0                         2     -2        5
  MONTH TO DATE    2                        26    -24       37
  SINCE JUN 1    115                       249   -134      243
  SINCE JUL 1     26                        84    -58       65

 COOLING
  YESTERDAY        2                         2      0        0
  MONTH TO DATE   38                        27     11        4
  SINCE JUN 1    204                       138     66      146
  SINCE JAN 1    207                       143     64      154
..................................................................


WIND (MPH)
  HIGHEST WIND SPEED    20   HIGHEST WIND DIRECTION     S (160)
  HIGHEST GUST SPEED    27   HIGHEST GUST DIRECTION     S (170)
  AVERAGE WIND SPEED     6.8


SKY COVER
  POSSIBLE SUNSHINE  MM
  AVERAGE SKY COVER 0.4


WEATHER CONDITIONS
 THE FOLLOWING WEATHER WAS RECORDED YESTERDAY.
  LIGHT RAIN


RELATIVE HUMIDITY (PERCENT)
 HIGHEST    93           300 AM
 LOWEST     50           100 PM
 AVERAGE    72

..........................................................


THE CARIBOU ME CLIMATE NORMALS FOR TODAY
                         NORMAL    RECORD    YEAR
 MAXIMUM TEMPERATURE (F)   75        95      1944
 MINIMUM TEMPERATURE (F)   54        37      1941


SUNRISE AND SUNSET
AUGUST 14 2014........SUNRISE   528 AM EDT   SUNSET   744 PM EDT
AUGUST 15 2014........SUNRISE   530 AM EDT   SUNSET   743 PM EDT


-  INDICATES NEGATIVE NUMBERS.
R  INDICATES RECORD WAS SET OR TIED.
MM INDICATES DATA IS MISSING.
T  INDICATES TRACE AMOUNT.

THE CARIBOU ME 4 INCH SOIL TEMPERATURE FOR AUGUST 13 2014

MAXIMUM SOIL TEMPERATURE (F)...78
MINIMUM SOIL TEMPERATURE (F)...70


$$
