000
CDUS41 KCAR 082035
CLICAR


CLIMATE REPORT
NATIONAL WEATHER SERVICE CARIBOU, ME
434 PM EDT FRI SEP 8 2017


...................................

...THE CARIBOU ME CLIMATE SUMMARY FOR SEPTEMBER 8 2017...
VALID TODAY AS OF 0400 PM LOCAL TIME.

CLIMATE NORMAL PERIOD 1981 TO 2010
CLIMATE RECORD PERIOD 1939 TO 2017


WEATHER ITEM   OBSERVED TIME   RECORD YEAR NORMAL DEPARTURE LAST
                VALUE   (LST)  VALUE       VALUE  FROM      YEAR
                                                  NORMAL
..................................................................
TEMPERATURE (F)
 TODAY
  MAXIMUM         69    215 PM  87    2001  69      0       71
  MINIMUM         50    531 AM  29    1952  47      3       65
  AVERAGE         60                        58      2       68

PRECIPITATION (IN)
  TODAY            0.00          1.48 1999   0.10  -0.10     0.19
  MONTH TO DATE    2.77                      0.83   1.94     0.34
  SINCE SEP 1      2.77                      0.83   1.94     0.34
  SINCE JAN 1     28.63                     25.57   3.06    31.45

SNOWFALL (IN)
  TODAY            0.0           0.0  2002   0.0    0.0      0.0
                                      2001
  MONTH TO DATE    0.0                       0.0    0.0      0.0
  SINCE SEP 1      0.0                       0.0    0.0      0.0
  SINCE JUL 1      0.0                       0.0    0.0      0.0
  SNOW DEPTH       0

DEGREE DAYS
 HEATING
  TODAY            5                         8     -3        0
  MONTH TO DATE   51                        54     -3       11
  SINCE SEP 1     51                        54     -3       11
  SINCE JUL 1    175                       208    -33       91

 COOLING
  TODAY            0                         1     -1        3
  MONTH TO DATE    1                         8     -7       14
  SINCE SEP 1      1                         8     -7       14
  SINCE JAN 1    188                       177     11      267
..................................................................


WIND (MPH)
  HIGHEST WIND SPEED    15   HIGHEST WIND DIRECTION     W (250)
  HIGHEST GUST SPEED    21   HIGHEST GUST DIRECTION     W (250)
  AVERAGE WIND SPEED     7.6


SKY COVER
  POSSIBLE SUNSHINE  MM
  AVERAGE SKY COVER 0.5


WEATHER CONDITIONS
 THE FOLLOWING WEATHER WAS RECORDED TODAY.
  NO SIGNIFICANT WEATHER WAS OBSERVED.


RELATIVE HUMIDITY (PERCENT)
 HIGHEST    96          1200 AM
 LOWEST     56           300 PM
 AVERAGE    76

..........................................................


THE CARIBOU ME CLIMATE NORMALS FOR TOMORROW
                         NORMAL    RECORD    YEAR
 MAXIMUM TEMPERATURE (F)   68        88      2001
 MINIMUM TEMPERATURE (F)   47        34      1946


SUNRISE AND SUNSET
SEPTEMBER  8 2017.....SUNRISE   601 AM EDT   SUNSET   657 PM EDT
SEPTEMBER  9 2017.....SUNRISE   602 AM EDT   SUNSET   655 PM EDT


-  INDICATES NEGATIVE NUMBERS.
R  INDICATES RECORD WAS SET OR TIED.
MM INDICATES DATA IS MISSING.
T  INDICATES TRACE AMOUNT.




$$
