000
CDUS41 KCAR 150527
CLICAR


CLIMATE REPORT
NATIONAL WEATHER SERVICE CARIBOU, ME
127 AM EDT MON MAY 15 2017


...................................

...THE CARIBOU ME CLIMATE SUMMARY FOR MAY 14 2017...

CLIMATE NORMAL PERIOD 1981 TO 2010
CLIMATE RECORD PERIOD 1939 TO 2017


WEATHER ITEM   OBSERVED TIME   RECORD YEAR NORMAL DEPARTURE LAST
                VALUE   (LST)  VALUE       VALUE  FROM      YEAR
                                                  NORMAL
..................................................................
TEMPERATURE (F)
 YESTERDAY
  MAXIMUM         62   1212 PM  81    1961  62      0       70
  MINIMUM         46    447 AM  25    1947  40      6       51
  AVERAGE         54                        51      3       61

PRECIPITATION (IN)
  YESTERDAY        0.01          0.97 1960   0.10  -0.09     0.53
  MONTH TO DATE    3.36                      1.38   1.98     1.13
  SINCE MAR 1      9.94                      6.55   3.39     8.63
  SINCE JAN 1     15.56                     11.47   4.09    14.10

SNOWFALL (IN)
  YESTERDAY        0.0           2.7  2002   0.0    0.0      0.0
  MONTH TO DATE    T                         0.4   -0.4      0.3
  SINCE MAR 1     33.0                      26.1    6.9     30.3
  SINCE JUL 1    129.6                     108.6   21.0     90.3
  SNOW DEPTH       0

DEGREE DAYS
 HEATING
  YESTERDAY       11                        14     -3        4
  MONTH TO DATE  213                       230    -17      211
  SINCE MAR 1   2300                      2275     25     2341
  SINCE JUL 1   8281                      8996   -715     8083

 COOLING
  YESTERDAY        0                         0      0        0
  MONTH TO DATE    0                         0      0        0
  SINCE MAR 1      0                         0      0        0
  SINCE JAN 1      0                         0      0        0
..................................................................


WIND (MPH)
  HIGHEST WIND SPEED    16   HIGHEST WIND DIRECTION     E (70)
  HIGHEST GUST SPEED    22   HIGHEST GUST DIRECTION     E (70)
  AVERAGE WIND SPEED     7.3


SKY COVER
  POSSIBLE SUNSHINE  MM
  AVERAGE SKY COVER 0.6


WEATHER CONDITIONS
 THE FOLLOWING WEATHER WAS RECORDED YESTERDAY.
  NO SIGNIFICANT WEATHER WAS OBSERVED.


RELATIVE HUMIDITY (PERCENT)
 HIGHEST    83           700 PM
 LOWEST     39           200 PM
 AVERAGE    61

..........................................................


THE CARIBOU ME CLIMATE NORMALS FOR TODAY
                         NORMAL    RECORD    YEAR
 MAXIMUM TEMPERATURE (F)   63        86      1974
 MINIMUM TEMPERATURE (F)   40        25      1947


SUNRISE AND SUNSET
MAY 15 2017...........SUNRISE   457 AM EDT   SUNSET   801 PM EDT
MAY 16 2017...........SUNRISE   456 AM EDT   SUNSET   802 PM EDT


-  INDICATES NEGATIVE NUMBERS.
R  INDICATES RECORD WAS SET OR TIED.
MM INDICATES DATA IS MISSING.
T  INDICATES TRACE AMOUNT.

*******************************************************************

THE CARIBOU ME 4 INCH UNDER SOD SOIL TEMPERATURE FOR MAY 14 2017

MAXIMUM 61
MINIMUM 54


$$
