000
CDUS41 KCAR 182125
CLICAR


CLIMATE REPORT
NATIONAL WEATHER SERVICE CARIBOU, ME
425 PM EST FRI NOV 18 2016


...................................

...THE CARIBOU ME CLIMATE SUMMARY FOR NOVEMBER 18 2016...
VALID TODAY AS OF 0400 PM LOCAL TIME.

CLIMATE NORMAL PERIOD 1981 TO 2010
CLIMATE RECORD PERIOD 1939 TO 2016


WEATHER ITEM   OBSERVED TIME   RECORD YEAR NORMAL DEPARTURE LAST
                VALUE   (LST)  VALUE       VALUE  FROM      YEAR
                                                  NORMAL
..................................................................
TEMPERATURE (F)
 TODAY
  MAXIMUM         43    318 PM  61    1987  37      6       34
  MINIMUM         39    847 AM   3    1943  24     15       28
  AVERAGE         41                        30     11       31

PRECIPITATION (IN)
  TODAY            0.00          0.84 2002   0.13  -0.13     0.00
  MONTH TO DATE    1.20                      2.18  -0.98     0.96
  SINCE SEP 1      6.22                      9.03  -2.81     7.62
  SINCE JAN 1     37.33                     33.77   3.56    30.09

SNOWFALL (IN)
  TODAY            0.0           5.8  2002   0.4   -0.4      0.0
  MONTH TO DATE    T                         4.7   -4.7       T
  SINCE SEP 1      T                         6.4   -6.4      0.3
  SINCE JUL 1      T                         6.4   -6.4      0.3
  SNOW DEPTH       0

DEGREE DAYS
 HEATING
  TODAY           24                        34    -10       34
  MONTH TO DATE  458                       557    -99      459
  SINCE SEP 1   1229                      1543   -314     1319
  SINCE JUL 1   1309                      1697   -388     1396

 COOLING
  TODAY            0                         0      0        0
  MONTH TO DATE    0                         0      0        0
  SINCE SEP 1     22                        11     11       50
  SINCE JAN 1    275                       180     95      253
..................................................................


WIND (MPH)
  HIGHEST WIND SPEED    13   HIGHEST WIND DIRECTION     N (360)
  HIGHEST GUST SPEED    17   HIGHEST GUST DIRECTION     N (360)
  AVERAGE WIND SPEED     7.5


SKY COVER
  POSSIBLE SUNSHINE  MM
  AVERAGE SKY COVER 0.9


WEATHER CONDITIONS
 THE FOLLOWING WEATHER WAS RECORDED TODAY.
  NO SIGNIFICANT WEATHER WAS OBSERVED.


RELATIVE HUMIDITY (PERCENT)
 HIGHEST    92           600 AM
 LOWEST     79          1100 AM
 AVERAGE    86

..........................................................


THE CARIBOU ME CLIMATE NORMALS FOR TOMORROW
                         NORMAL    RECORD    YEAR
 MAXIMUM TEMPERATURE (F)   37        59      1953
 MINIMUM TEMPERATURE (F)   24         1      1992


SUNRISE AND SUNSET
NOVEMBER 18 2016......SUNRISE   640 AM EST   SUNSET   354 PM EST
NOVEMBER 19 2016......SUNRISE   641 AM EST   SUNSET   353 PM EST


-  INDICATES NEGATIVE NUMBERS.
R  INDICATES RECORD WAS SET OR TIED.
MM INDICATES DATA IS MISSING.
T  INDICATES TRACE AMOUNT.




$$
