000
CDUS41 KCAR 150538
CLICAR


CLIMATE REPORT
NATIONAL WEATHER SERVICE CARIBOU, ME
134 AM EDT SAT JUL 15 2017


...................................

...THE CARIBOU ME CLIMATE SUMMARY FOR JULY 14 2017...

CLIMATE NORMAL PERIOD 1981 TO 2010
CLIMATE RECORD PERIOD 1939 TO 2017


WEATHER ITEM   OBSERVED TIME   RECORD YEAR NORMAL DEPARTURE LAST
                VALUE   (LST)  VALUE       VALUE  FROM      YEAR
                                                  NORMAL
..................................................................
TEMPERATURE (F)
 YESTERDAY
  MAXIMUM         78    308 PM  91    2013  76      2       88
  MINIMUM         47    353 AM  45    1970  56     -9       67
  AVERAGE         63                        66     -3       78

PRECIPITATION (IN)
  YESTERDAY        0.00          1.27 2005   0.14  -0.14     0.90
  MONTH TO DATE    1.85                      1.92  -0.07     3.83
  SINCE JUN 1      6.24                      5.40   0.84     7.48
  SINCE JAN 1     22.81                     18.82   3.99    23.41

SNOWFALL (IN)
  YESTERDAY        0.0           0.0  2002   0.0    0.0      0.0
                                      2001
  MONTH TO DATE    0.0                       0.0    0.0      0.0
  SINCE JUN 1      0.0                       0.0    0.0      0.0
  SINCE JUL 1      0.0                       0.0    0.0      0.0
  SNOW DEPTH       0

DEGREE DAYS
 HEATING
  YESTERDAY        2                         2      0        0
  MONTH TO DATE    6                        32    -26       42
  SINCE JUN 1    138                       197    -59      186
  SINCE JUL 1      6                        32    -26       42

 COOLING
  YESTERDAY        0                         3     -3       13
  MONTH TO DATE   36                        32      4       34
  SINCE JUN 1     81                        66     15       79
  SINCE JAN 1     87                        71     16       87
..................................................................


WIND (MPH)
  HIGHEST WIND SPEED    10   HIGHEST WIND DIRECTION     S (180)
  HIGHEST GUST SPEED    13   HIGHEST GUST DIRECTION     S (160)
  AVERAGE WIND SPEED     3.0


SKY COVER
  POSSIBLE SUNSHINE  MM
  AVERAGE SKY COVER 0.0


WEATHER CONDITIONS
 THE FOLLOWING WEATHER WAS RECORDED YESTERDAY.
  NO SIGNIFICANT WEATHER WAS OBSERVED.


RELATIVE HUMIDITY (PERCENT)
 HIGHEST    86           200 AM
 LOWEST     36          1100 AM
 AVERAGE    61

..........................................................


THE CARIBOU ME CLIMATE NORMALS FOR TODAY
                         NORMAL    RECORD    YEAR
 MAXIMUM TEMPERATURE (F)   76        94      2013
 MINIMUM TEMPERATURE (F)   56        43      1950


SUNRISE AND SUNSET
JULY 15 2017..........SUNRISE   453 AM EDT   SUNSET   823 PM EDT
JULY 16 2017..........SUNRISE   454 AM EDT   SUNSET   822 PM EDT


-  INDICATES NEGATIVE NUMBERS.
R  INDICATES RECORD WAS SET OR TIED.
MM INDICATES DATA IS MISSING.
T  INDICATES TRACE AMOUNT.




$$
