000
CDUS41 KCAR 282127
CLICAR


CLIMATE REPORT
NATIONAL WEATHER SERVICE CARIBOU, ME
427 PM EST THU JAN 28 2016


...................................

...THE CARIBOU ME CLIMATE SUMMARY FOR JANUARY 28 2016...
VALID TODAY AS OF 0400 PM LOCAL TIME.

CLIMATE NORMAL PERIOD 1981 TO 2010
CLIMATE RECORD PERIOD 1939 TO 2016


WEATHER ITEM   OBSERVED TIME   RECORD YEAR NORMAL DEPARTURE LAST
                VALUE   (LST)  VALUE       VALUE  FROM      YEAR
                                                  NORMAL
..................................................................
TEMPERATURE (F)
 TODAY
  MAXIMUM         29    307 PM  45    1994  19     10       14
  MINIMUM          9    642 AM -27    1972   0      9        5
  AVERAGE         19                        10      9       10

PRECIPITATION (IN)
  TODAY            0.00          1.00 1976   0.08  -0.08     0.10
  MONTH TO DATE    1.36                      2.46  -1.10     2.24
  SINCE DEC 1      6.24                      5.73   0.51     8.12
  SINCE JAN 1      1.36                      2.46  -1.10     2.24

SNOWFALL (IN)
  TODAY            0.0           9.6  1967   0.8   -0.8      2.2
  MONTH TO DATE   10.6                      22.8  -12.2     23.3
  SINCE DEC 1     38.4                      45.7   -7.3     50.4
  SINCE JUL 1     42.5                      57.9  -15.4     79.2
  SNOW DEPTH       7

DEGREE DAYS
 HEATING
  TODAY           46                        55     -9       55
  MONTH TO DATE 1346                      1536   -190     1583
  SINCE DEC 1   2468                      2985   -517     2898
  SINCE JUL 1   4286                      5130   -844     4850

 COOLING
  TODAY            0                         0      0        0
  MONTH TO DATE    0                         0      0        0
  SINCE DEC 1      0                         0      0        0
  SINCE JAN 1      0                         0      0        0
..................................................................


WIND (MPH)
  HIGHEST WIND SPEED    17   HIGHEST WIND DIRECTION    SE (150)
  HIGHEST GUST SPEED    22   HIGHEST GUST DIRECTION     S (180)
  AVERAGE WIND SPEED     7.0


SKY COVER
  POSSIBLE SUNSHINE  MM
  AVERAGE SKY COVER 0.1


WEATHER CONDITIONS
 THE FOLLOWING WEATHER WAS RECORDED TODAY.
  NO SIGNIFICANT WEATHER WAS OBSERVED.


RELATIVE HUMIDITY (PERCENT)
 HIGHEST    83           600 AM
 LOWEST     53           300 PM
 AVERAGE    68

..........................................................


THE CARIBOU ME CLIMATE NORMALS FOR TOMORROW
                         NORMAL    RECORD    YEAR
 MAXIMUM TEMPERATURE (F)   20        43      1994
 MINIMUM TEMPERATURE (F)    1       -24      1971


SUNRISE AND SUNSET
JANUARY 28 2016.......SUNRISE   702 AM EST   SUNSET   428 PM EST
JANUARY 29 2016.......SUNRISE   701 AM EST   SUNSET   430 PM EST


-  INDICATES NEGATIVE NUMBERS.
R  INDICATES RECORD WAS SET OR TIED.
MM INDICATES DATA IS MISSING.
T  INDICATES TRACE AMOUNT.




$$
