000
CDUS41 KCAR 150541
CLICAR


CLIMATE REPORT
NATIONAL WEATHER SERVICE CARIBOU, ME
1240 AM EST SAT NOV 15 2014


...................................

...THE CARIBOU ME CLIMATE SUMMARY FOR NOVEMBER 14 2014...

CLIMATE NORMAL PERIOD 1981 TO 2010
CLIMATE RECORD PERIOD 1939 TO 2014


WEATHER ITEM   OBSERVED TIME   RECORD YEAR NORMAL DEPARTURE LAST
                VALUE   (LST)  VALUE       VALUE  FROM      YEAR
                                                  NORMAL
..................................................................
TEMPERATURE (F)
 YESTERDAY
  MAXIMUM         35    241 PM  60    1951  39     -4       36
  MINIMUM         23   1159 PM   4    1986  26     -3       19
  AVERAGE         29                        32     -3       28

PRECIPITATION (IN)
  YESTERDAY        0.01          2.22 2006   0.12  -0.11     0.00
  MONTH TO DATE    1.91                      1.69   0.22     1.26
  SINCE SEP 1     10.29                      8.54   1.75    10.81
  SINCE JAN 1     38.95                     33.28   5.67    43.83

SNOWFALL (IN)
  YESTERDAY        0.1           2.3  1973   0.3   -0.2      0.0
  MONTH TO DATE   15.9                       3.3   12.6      4.2
  SINCE SEP 1     15.9                       5.0   10.9      5.2
  SINCE JUL 1     15.9                       5.0   10.9      5.2
  SNOW DEPTH       T

DEGREE DAYS
 HEATING
  YESTERDAY       36                        33      3       37
  MONTH TO DATE  435                       422     13      431
  SINCE SEP 1   1270                      1408   -138     1273
  SINCE JUL 1   1328                      1562   -234     1387

 COOLING
  YESTERDAY        0                         0      0        0
  MONTH TO DATE    0                         0      0        0
  SINCE SEP 1     25                        11     14       13
  SINCE JAN 1    266                       180     86      192
..................................................................


WIND (MPH)
  HIGHEST WIND SPEED    17   HIGHEST WIND DIRECTION    NW (310)
  HIGHEST GUST SPEED    24   HIGHEST GUST DIRECTION    NW (300)
  AVERAGE WIND SPEED     6.5


SKY COVER
  POSSIBLE SUNSHINE  MM
  AVERAGE SKY COVER 0.8


WEATHER CONDITIONS
 THE FOLLOWING WEATHER WAS RECORDED YESTERDAY.
  LIGHT SNOW
  FOG


RELATIVE HUMIDITY (PERCENT)
 HIGHEST    85           500 AM
 LOWEST     51           300 PM
 AVERAGE    68

..........................................................


THE CARIBOU ME CLIMATE NORMALS FOR TODAY
                         NORMAL    RECORD    YEAR
 MAXIMUM TEMPERATURE (F)   39        60      2008
 MINIMUM TEMPERATURE (F)   25         8      1971


SUNRISE AND SUNSET
NOVEMBER 15 2014......SUNRISE   635 AM EST   SUNSET   358 PM EST
NOVEMBER 16 2014......SUNRISE   636 AM EST   SUNSET   357 PM EST


-  INDICATES NEGATIVE NUMBERS.
R  INDICATES RECORD WAS SET OR TIED.
MM INDICATES DATA IS MISSING.
T  INDICATES TRACE AMOUNT.




$$
