000
CDUS41 KCAR 222028
CLICAR


CLIMATE REPORT
NATIONAL WEATHER SERVICE CARIBOU, ME
428 PM EDT WED JUL 22 2015


...................................

...THE CARIBOU ME CLIMATE SUMMARY FOR JULY 22 2015...
VALID TODAY AS OF 0400 PM LOCAL TIME.

CLIMATE NORMAL PERIOD 1981 TO 2010
CLIMATE RECORD PERIOD 1939 TO 2015


WEATHER ITEM   OBSERVED TIME   RECORD YEAR NORMAL DEPARTURE LAST
                VALUE   (LST)  VALUE       VALUE  FROM      YEAR
                                                  NORMAL
..................................................................
TEMPERATURE (F)
 TODAY
  MAXIMUM         76    256 PM  89    1979  76      0       86
  MINIMUM         63    550 AM  41    1992  56      7       59
  AVERAGE         70                        66      4       73

PRECIPITATION (IN)
  TODAY            T             2.42 1982   0.13  -0.13     0.00
  MONTH TO DATE    2.61                      2.95  -0.34     4.70
  SINCE JUN 1      6.86                      6.43   0.43     7.31
  SINCE JAN 1     17.71                     19.85  -2.14    24.51

SNOWFALL (IN)
  TODAY            0.0           0.0  2002   0.0    0.0      0.0
                                      2001
  MONTH TO DATE    0.0                       0.0    0.0      0.0
  SINCE JUN 1      0.0                       0.0    0.0      0.0
  SINCE JUL 1      0.0                       0.0    0.0      0.0
  SNOW DEPTH       0

DEGREE DAYS
 HEATING
  TODAY            0                         2     -2        0
  MONTH TO DATE   42                        46     -4       17
  SINCE JUN 1    254                       211     43      106
  SINCE JUL 1     42                        46     -4       17

 COOLING
  TODAY            5                         3      2        8
  MONTH TO DATE   36                        52    -16      109
  SINCE JUN 1     42                        86    -44      145
  SINCE JAN 1     63                        91    -28      148
..................................................................


WIND (MPH)
  HIGHEST WIND SPEED    12   HIGHEST WIND DIRECTION    NW (330)
  HIGHEST GUST SPEED    16   HIGHEST GUST DIRECTION    NW (330)
  AVERAGE WIND SPEED     5.4


SKY COVER
  POSSIBLE SUNSHINE  MM
  AVERAGE SKY COVER 0.7


WEATHER CONDITIONS
 THE FOLLOWING WEATHER WAS RECORDED TODAY.
  FOG


RELATIVE HUMIDITY (PERCENT)
 HIGHEST    93          1200 AM
 LOWEST     46           100 PM
 AVERAGE    70

..........................................................


THE CARIBOU ME CLIMATE NORMALS FOR TOMORROW
                         NORMAL    RECORD    YEAR
 MAXIMUM TEMPERATURE (F)   76        95      1952
 MINIMUM TEMPERATURE (F)   56        42      1997


SUNRISE AND SUNSET
JULY 22 2015..........SUNRISE   500 AM EDT   SUNSET   817 PM EDT
JULY 23 2015..........SUNRISE   501 AM EDT   SUNSET   816 PM EDT


-  INDICATES NEGATIVE NUMBERS.
R  INDICATES RECORD WAS SET OR TIED.
MM INDICATES DATA IS MISSING.
T  INDICATES TRACE AMOUNT.




$$
