000
CDUS41 KCAR 170529
CLICAR


CLIMATE REPORT
NATIONAL WEATHER SERVICE CARIBOU, ME
1229 AM EST WED DEC 17 2014


...................................

...THE CARIBOU ME CLIMATE SUMMARY FOR DECEMBER 16 2014...

CLIMATE NORMAL PERIOD 1981 TO 2010
CLIMATE RECORD PERIOD 1939 TO 2014


WEATHER ITEM   OBSERVED TIME   RECORD YEAR NORMAL DEPARTURE LAST
                VALUE   (LST)  VALUE       VALUE  FROM      YEAR
                                                  NORMAL
..................................................................
TEMPERATURE (F)
 YESTERDAY
  MAXIMUM         28   1159 PM  49    1982  26      2       13
  MINIMUM         25    911 AM -21    1943  10     15       -7
  AVERAGE         27                        18      9        3

PRECIPITATION (IN)
  YESTERDAY        T             1.03 1982   0.10  -0.10     0.06
                                      1960
  MONTH TO DATE    3.13                      1.82   1.31     1.48
  SINCE DEC 1      3.13                      1.82   1.31     1.48
  SINCE JAN 1     43.54                     37.04   6.50    48.06

SNOWFALL (IN)
  YESTERDAY        0.2          14.7  1972   0.8   -0.6      0.9
  MONTH TO DATE   13.9                      11.1    2.8     20.9
  SINCE DEC 1     13.9                      11.1    2.8     20.9
  SINCE JUL 1     42.7                      23.3   19.4     31.0
  SNOW DEPTH       6

DEGREE DAYS
 HEATING
  YESTERDAY       38                        47     -9       62
  MONTH TO DATE  685                       699    -14      767
  SINCE DEC 1    685                       699    -14      767
  SINCE JUL 1   2637                      2844   -207     2723

 COOLING
  YESTERDAY        0                         0      0        0
  MONTH TO DATE    0                         0      0        0
  SINCE DEC 1      0                         0      0        0
  SINCE JAN 1    266                       180     86      192
..................................................................


WIND (MPH)
  HIGHEST WIND SPEED    10   HIGHEST WIND DIRECTION     S (170)
  HIGHEST GUST SPEED    14   HIGHEST GUST DIRECTION     S (190)
  AVERAGE WIND SPEED     5.5


SKY COVER
  POSSIBLE SUNSHINE  MM
  AVERAGE SKY COVER 1.0


WEATHER CONDITIONS
 THE FOLLOWING WEATHER WAS RECORDED YESTERDAY.
  LIGHT SNOW
  FOG


RELATIVE HUMIDITY (PERCENT)
 HIGHEST    92           700 PM
 LOWEST     81          1200 AM
 AVERAGE    87

..........................................................


THE CARIBOU ME CLIMATE NORMALS FOR TODAY
                         NORMAL    RECORD    YEAR
 MAXIMUM TEMPERATURE (F)   26        53      2000
 MINIMUM TEMPERATURE (F)   10       -21      1951
                                             1942


SUNRISE AND SUNSET
DECEMBER 17 2014......SUNRISE   712 AM EST   SUNSET   344 PM EST
DECEMBER 18 2014......SUNRISE   713 AM EST   SUNSET   345 PM EST


-  INDICATES NEGATIVE NUMBERS.
R  INDICATES RECORD WAS SET OR TIED.
MM INDICATES DATA IS MISSING.
T  INDICATES TRACE AMOUNT.




$$
