000
CDUS41 KCAR 122030
CLICAR

CLIMATE REPORT
NATIONAL WEATHER SERVICE CARIBOU, ME
427 PM EDT THU MAY 12 2016


...................................

...THE CARIBOU ME CLIMATE SUMMARY FOR MAY 12 2016...
VALID TODAY AS OF 0400 PM LOCAL TIME.

CLIMATE NORMAL PERIOD 1981 TO 2010
CLIMATE RECORD PERIOD 1939 TO 2016


WEATHER ITEM   OBSERVED TIME   RECORD YEAR NORMAL DEPARTURE LAST
                VALUE   (LST)  VALUE       VALUE  FROM      YEAR
                                                  NORMAL
..................................................................
TEMPERATURE (F)
 TODAY
  MAXIMUM         76    228 PM  78    1992  61     15       69
                                      1959
  MINIMUM         39    503 AM  27    1966  39      0       45
  AVERAGE         58                        50      8       57

PRECIPITATION (IN)
  TODAY            0.00          0.75 1996   0.10  -0.10     0.39
  MONTH TO DATE    0.48                      1.18  -0.70     0.77
  SINCE MAR 1      7.98                      6.35   1.63     4.77
  SINCE JAN 1     13.45                     11.27   2.18     8.87

SNOWFALL (IN)
  TODAY            0.0           5.6  1996   0.1   -0.1      0.0
  MONTH TO DATE    0.3                       0.4   -0.1       T
  SINCE MAR 1     30.3                      26.1    4.2     33.5
  SINCE JUL 1     90.3                     108.6  -18.3    141.8
  SNOW DEPTH       0

DEGREE DAYS
 HEATING
  TODAY            7                        15     -8        8
  MONTH TO DATE  199                       202     -3      149
  SINCE MAR 1   2329                      2247     82     2396
  SINCE JUL 1   8071                      8968   -897     9137

 COOLING
  TODAY            0                         0      0        0
  MONTH TO DATE    0                         0      0        0
  SINCE MAR 1      0                         0      0        0
  SINCE JAN 1      0                         0      0        0
..................................................................


WIND (MPH)
  HIGHEST WIND SPEED    22   HIGHEST WIND DIRECTION     N (360)
  HIGHEST GUST SPEED    30   HIGHEST GUST DIRECTION     N (360)
  AVERAGE WIND SPEED    10.3


SKY COVER
  POSSIBLE SUNSHINE  MM
  AVERAGE SKY COVER 0.0


WEATHER CONDITIONS
 THE FOLLOWING WEATHER WAS RECORDED TODAY.
  NO SIGNIFICANT WEATHER WAS OBSERVED.


RELATIVE HUMIDITY (PERCENT)
 HIGHEST    59           500 AM
 LOWEST     21           300 PM
 AVERAGE    40

..........................................................


THE CARIBOU ME CLIMATE NORMALS FOR TOMORROW
                         NORMAL    RECORD    YEAR
 MAXIMUM TEMPERATURE (F)   62        78      1992
 MINIMUM TEMPERATURE (F)   40        24      1939


SUNRISE AND SUNSET
MAY 12 2016...........SUNRISE   500 AM EDT   SUNSET   757 PM EDT
MAY 13 2016...........SUNRISE   459 AM EDT   SUNSET   759 PM EDT


-  INDICATES NEGATIVE NUMBERS.
R  INDICATES RECORD WAS SET OR TIED.
MM INDICATES DATA IS MISSING.
T  INDICATES TRACE AMOUNT.

........................................................

THE CARIBOU ME 4-INCH UNDER SOD SOIL TEMP:
MAXIMUM SOIL TEMPERATURE: 52F
MINIMUM SOIL TEMPERATURE: 48F

EXPERIMENTAL BARE SOIL TEMPS AS OF 4PM EDT:
4-INCH: 64F
6-INCH: 55F


$$
