000
CDUS41 KCAR 070526
CLICAR


CLIMATE REPORT
NATIONAL WEATHER SERVICE CARIBOU, ME
126 AM EDT THU SEP 7 2017


...................................

...THE CARIBOU ME CLIMATE SUMMARY FOR SEPTEMBER 6 2017...

CLIMATE NORMAL PERIOD 1981 TO 2010
CLIMATE RECORD PERIOD 1939 TO 2017


WEATHER ITEM   OBSERVED TIME   RECORD YEAR NORMAL DEPARTURE LAST
                VALUE   (LST)  VALUE       VALUE  FROM      YEAR
                                                  NORMAL
..................................................................
TEMPERATURE (F)
 YESTERDAY
  MAXIMUM         63    244 PM  86    1948  69     -6       80
  MINIMUM         58   1159 PM  34    2007  48     10       51
                                      2000
                                      1942
  AVERAGE         61                        58      3       66

PRECIPITATION (IN)
  YESTERDAY        0.47          3.08 1979   0.10   0.37     0.00
  MONTH TO DATE    1.81                      0.62   1.19     0.15
  SINCE SEP 1      1.81                      0.62   1.19     0.15
  SINCE JAN 1     27.67                     25.36   2.31    31.26

SNOWFALL (IN)
  YESTERDAY        0.0           0.0  2002   0.0    0.0      0.0
                                      2001
  MONTH TO DATE    0.0                       0.0    0.0      0.0
  SINCE SEP 1      0.0                       0.0    0.0      0.0
  SINCE JUL 1      0.0                       0.0    0.0      0.0
  SNOW DEPTH       0

DEGREE DAYS
 HEATING
  YESTERDAY        4                         7     -3        0
  MONTH TO DATE   41                        39      2       11
  SINCE SEP 1     41                        39      2       11
  SINCE JUL 1    165                       193    -28       91

 COOLING
  YESTERDAY        0                         1     -1        1
  MONTH TO DATE    1                         6     -5        2
  SINCE SEP 1      1                         6     -5        2
  SINCE JAN 1    188                       175     13      255
..................................................................


WIND (MPH)
  HIGHEST WIND SPEED     9   HIGHEST WIND DIRECTION     N (10)
  HIGHEST GUST SPEED    12   HIGHEST GUST DIRECTION     N (340)
  AVERAGE WIND SPEED     2.6


SKY COVER
  POSSIBLE SUNSHINE  MM
  AVERAGE SKY COVER 1.0


WEATHER CONDITIONS
 THE FOLLOWING WEATHER WAS RECORDED YESTERDAY.
  HEAVY RAIN
  RAIN
  LIGHT RAIN
  FOG


RELATIVE HUMIDITY (PERCENT)
 HIGHEST    97          1200 AM
 LOWEST     90           400 AM
 AVERAGE    94

..........................................................


THE CARIBOU ME CLIMATE NORMALS FOR TODAY
                         NORMAL    RECORD    YEAR
 MAXIMUM TEMPERATURE (F)   69        91      1945
 MINIMUM TEMPERATURE (F)   47        33      1962


SUNRISE AND SUNSET
SEPTEMBER  7 2017.....SUNRISE   600 AM EDT   SUNSET   659 PM EDT
SEPTEMBER  8 2017.....SUNRISE   601 AM EDT   SUNSET   657 PM EDT


-  INDICATES NEGATIVE NUMBERS.
R  INDICATES RECORD WAS SET OR TIED.
MM INDICATES DATA IS MISSING.
T  INDICATES TRACE AMOUNT.




$$
