000
CDUS41 KCAR 100526
CLICAR


CLIMATE REPORT
NATIONAL WEATHER SERVICE CARIBOU, ME
126 AM EDT FRI OCT 10 2014


...................................

...THE CARIBOU ME CLIMATE SUMMARY FOR OCTOBER 9 2014...

CLIMATE NORMAL PERIOD 1981 TO 2010
CLIMATE RECORD PERIOD 1939 TO 2014


WEATHER ITEM   OBSERVED TIME   RECORD YEAR NORMAL DEPARTURE LAST
                VALUE   (LST)  VALUE       VALUE  FROM      YEAR
                                                  NORMAL
..................................................................
TEMPERATURE (F)
 YESTERDAY
  MAXIMUM         53    128 PM  82    2011  55     -2       62
  MINIMUM         40   1102 PM  25    2002  37      3       33
                                      1963
  AVERAGE         47                        46      1       48

PRECIPITATION (IN)
  YESTERDAY        0.02          1.64 1976   0.12  -0.10     0.00
  MONTH TO DATE    1.86                      1.02   0.84     0.90
  SINCE SEP 1      4.45                      4.34   0.11     7.91
  SINCE JAN 1     33.11                     29.08   4.03    40.93

SNOWFALL (IN)
  YESTERDAY        0.0           0.8  1988   0.0    0.0      0.0
  MONTH TO DATE    0.0                       0.1   -0.1      0.0
  SINCE SEP 1      0.0                       0.2   -0.2      0.0
  SINCE JUL 1      0.0                       0.2   -0.2      0.0
  SNOW DEPTH       0

DEGREE DAYS
 HEATING
  YESTERDAY       18                        19     -1       17
  MONTH TO DATE  134                       158    -24      121
  SINCE SEP 1    428                       471    -43      378
  SINCE JUL 1    486                       625   -139      492

 COOLING
  YESTERDAY        0                         0      0        0
  MONTH TO DATE    0                         0      0        0
  SINCE SEP 1     24                        11     13       13
  SINCE JAN 1    265                       180     85      192
..................................................................


WIND (MPH)
  HIGHEST WIND SPEED    23   HIGHEST WIND DIRECTION    SW (240)
  HIGHEST GUST SPEED    30   HIGHEST GUST DIRECTION     W (250)
  AVERAGE WIND SPEED     9.1


SKY COVER
  POSSIBLE SUNSHINE  MM
  AVERAGE SKY COVER 0.4


WEATHER CONDITIONS
 THE FOLLOWING WEATHER WAS RECORDED YESTERDAY.
  LIGHT RAIN


RELATIVE HUMIDITY (PERCENT)
 HIGHEST    85          1000 PM
 LOWEST     41           200 PM
 AVERAGE    63

..........................................................


THE CARIBOU ME CLIMATE NORMALS FOR TODAY
                         NORMAL    RECORD    YEAR
 MAXIMUM TEMPERATURE (F)   55        73      1997
 MINIMUM TEMPERATURE (F)   36        23      1975
                                             1963


SUNRISE AND SUNSET
OCTOBER 10 2014.......SUNRISE   643 AM EDT   SUNSET   554 PM EDT
OCTOBER 11 2014.......SUNRISE   644 AM EDT   SUNSET   552 PM EDT


-  INDICATES NEGATIVE NUMBERS.
R  INDICATES RECORD WAS SET OR TIED.
MM INDICATES DATA IS MISSING.
T  INDICATES TRACE AMOUNT.




$$
