000
CDUS41 KCAR 100528
CLICAR

CLIMATE REPORT
NATIONAL WEATHER SERVICE CARIBOU, ME
126 AM EDT WED SEP 10 2014


...................................

...THE CARIBOU ME CLIMATE SUMMARY FOR SEPTEMBER 9 2014...

CLIMATE NORMAL PERIOD 1981 TO 2010
CLIMATE RECORD PERIOD 1939 TO 2014


WEATHER ITEM   OBSERVED TIME   RECORD YEAR NORMAL DEPARTURE LAST
                VALUE   (LST)  VALUE       VALUE  FROM      YEAR
                                                  NORMAL
..................................................................
TEMPERATURE (F)
 YESTERDAY
  MAXIMUM         72    206 PM  88    2001  68      4       66
  MINIMUM         43    413 AM  34    1946  47     -4       38
  AVERAGE         58                        58      0       52

PRECIPITATION (IN)
  YESTERDAY        0.00          3.00 1969   0.11  -0.11     0.00
  MONTH TO DATE    1.67                      0.94   0.73     2.59
  SINCE SEP 1      1.67                      0.94   0.73     2.59
  SINCE JAN 1     30.33                     25.68   4.65    35.61

SNOWFALL (IN)
  YESTERDAY        0.0           0.0  2002   0.0    0.0      0.0
                                      2001
  MONTH TO DATE    0.0                       0.0    0.0      0.0
  SINCE SEP 1      0.0                       0.0    0.0      0.0
  SINCE JUL 1      0.0                       0.0    0.0      0.0
  SNOW DEPTH       0

DEGREE DAYS
 HEATING
  YESTERDAY        7                         8     -1       13
  MONTH TO DATE   29                        62    -33       75
  SINCE SEP 1     29                        62    -33       75
  SINCE JUL 1     87                       216   -129      189

 COOLING
  YESTERDAY        0                         1     -1        0
  MONTH TO DATE   21                         9     12        6
  SINCE SEP 1     21                         9     12        6
  SINCE JAN 1    262                       178     84      185
..................................................................


WIND (MPH)
  HIGHEST WIND SPEED    15   HIGHEST WIND DIRECTION    SE (150)
  HIGHEST GUST SPEED    19   HIGHEST GUST DIRECTION     S (170)
  AVERAGE WIND SPEED     5.8


SKY COVER
  POSSIBLE SUNSHINE  MM
  AVERAGE SKY COVER 0.0


WEATHER CONDITIONS
 THE FOLLOWING WEATHER WAS RECORDED YESTERDAY.
  NO SIGNIFICANT WEATHER WAS OBSERVED.


RELATIVE HUMIDITY (PERCENT)
 HIGHEST    89           300 AM
 LOWEST     38           300 PM
 AVERAGE    64

..........................................................


THE CARIBOU ME CLIMATE NORMALS FOR TODAY
                         NORMAL    RECORD    YEAR
 MAXIMUM TEMPERATURE (F)   68        89      2002
 MINIMUM TEMPERATURE (F)   47        32      1956


SUNRISE AND SUNSET
SEPTEMBER 10 2014.....SUNRISE   603 AM EDT   SUNSET   654 PM EDT
SEPTEMBER 11 2014.....SUNRISE   604 AM EDT   SUNSET   652 PM EDT


-  INDICATES NEGATIVE NUMBERS.
R  INDICATES RECORD WAS SET OR TIED.
MM INDICATES DATA IS MISSING.
T  INDICATES TRACE AMOUNT.

THE CARIBOU ME 4 INCH SOIL TEMPERATURE FOR SEPTEMBER 09 2014

MAXIMUM SOIL TEMPERATURE (F)...69
MINIMUM SOIL TEMPERATURE (F)...63


$$
