000
CDUS41 KCAR 280532
CLICAR


CLIMATE REPORT
NATIONAL WEATHER SERVICE CARIBOU, ME
132 AM EDT FRI MAR 28 2014


...................................

...THE CARIBOU ME CLIMATE SUMMARY FOR MARCH 27 2014...

CLIMATE NORMAL PERIOD 1981 TO 2010
CLIMATE RECORD PERIOD 1939 TO 2014


WEATHER ITEM   OBSERVED TIME   RECORD YEAR NORMAL DEPARTURE LAST
                VALUE   (LST)  VALUE       VALUE  FROM      YEAR
                                                  NORMAL
..................................................................
TEMPERATURE (F)
 YESTERDAY
  MAXIMUM         29    424 PM  66    1993  38     -9       43
  MINIMUM          8    625 AM  -2    1990  20    -12       33
  AVERAGE         19                        29    -10       38

PRECIPITATION (IN)
  YESTERDAY        T             0.99 1978   0.09  -0.09     0.11
  MONTH TO DATE    2.66                      2.19   0.47     1.74
  SINCE MAR 1      2.66                      2.19   0.47     1.74
  SINCE JAN 1      8.88                      7.11   1.77     7.11

SNOWFALL (IN)
  YESTERDAY        T             7.7  2002   0.5   -0.5      0.8
  MONTH TO DATE   36.0                      16.6   19.4     15.2
  SINCE MAR 1     36.0                      16.6   19.4     15.2
  SINCE JUL 1    135.4                      99.1   36.3    102.6
  SNOW DEPTH      32

DEGREE DAYS
 HEATING
  YESTERDAY       46                        36     10       27
  MONTH TO DATE 1398                      1115    283      974
  SINCE MAR 1   1398                      1115    283      974
  SINCE JUL 1   8052                      7836    216     7122

 COOLING
  YESTERDAY        0                         0      0        0
  MONTH TO DATE    0                         0      0        0
  SINCE MAR 1      0                         0      0        0
  SINCE JAN 1      0                         0      0        0
..................................................................


WIND (MPH)
  HIGHEST WIND SPEED    31   HIGHEST WIND DIRECTION    NW (310)
  HIGHEST GUST SPEED    43   HIGHEST GUST DIRECTION    NW (310)
  AVERAGE WIND SPEED    15.1


SKY COVER
  POSSIBLE SUNSHINE  MM
  AVERAGE SKY COVER 0.1


WEATHER CONDITIONS
 THE FOLLOWING WEATHER WAS RECORDED YESTERDAY.
  LIGHT SNOW
  HAZE
  BLOWING SNOW


RELATIVE HUMIDITY (PERCENT)
 HIGHEST    73           200 AM
 LOWEST     29           500 PM
 AVERAGE    51

..........................................................


THE CARIBOU ME CLIMATE NORMALS FOR TODAY
                         NORMAL    RECORD    YEAR
 MAXIMUM TEMPERATURE (F)   38        64      1993
 MINIMUM TEMPERATURE (F)   21        -7      1974


SUNRISE AND SUNSET
MARCH 28 2014.........SUNRISE   619 AM EDT   SUNSET   656 PM EDT
MARCH 29 2014.........SUNRISE   617 AM EDT   SUNSET   657 PM EDT


-  INDICATES NEGATIVE NUMBERS.
R  INDICATES RECORD WAS SET OR TIED.
MM INDICATES DATA IS MISSING.
T  INDICATES TRACE AMOUNT.




$$
