888
CDUS41 KCAR 092129
CLICAR


CLIMATE REPORT
NATIONAL WEATHER SERVICE CARIBOU, ME
429 PM EST TUE JAN 9 2018


...................................

...THE CARIBOU ME CLIMATE SUMMARY FOR JANUARY 9 2018...
VALID TODAY AS OF 0400 PM LOCAL TIME.

CLIMATE NORMAL PERIOD 1981 TO 2010
CLIMATE RECORD PERIOD 1939 TO 2018


WEATHER ITEM   OBSERVED TIME   RECORD YEAR NORMAL DEPARTURE LAST
                VALUE   (LST)  VALUE       VALUE  FROM      YEAR
                                                  NORMAL
..................................................................
TEMPERATURE (F)
 TODAY
  MAXIMUM         30   1146 AM  46    2008  20     10        5
                                      1978
  MINIMUM         17   1248 AM -26    1973   1     16      -15
  AVERAGE         24                        10     14       -5

PRECIPITATION (IN)
  TODAY            0.03          1.05 1999   0.09  -0.06     0.00
  MONTH TO DATE    1.76                      0.81   0.95     0.88
  SINCE DEC 1      5.88                      4.08   1.80     5.08
  SINCE JAN 1      1.76                      0.81   0.95     0.88

SNOWFALL (IN)
  TODAY            0.5          15.1  1999   0.8   -0.3      0.0
  MONTH TO DATE   23.4                       7.3   16.1      8.0
  SINCE DEC 1     57.6                      30.2   27.4     49.2
  SINCE JUL 1     61.5                      42.4   19.1     69.4
  SNOW DEPTH      30

DEGREE DAYS
 HEATING
  TODAY           41                        55    -14       70
  MONTH TO DATE  537                       484     53      488
  SINCE DEC 1   2131                      1933    198     1981
  SINCE JUL 1   3835                      4078   -243     3668

 COOLING
  TODAY            0                         0      0        0
  MONTH TO DATE    0                         0      0        0
  SINCE DEC 1      0                         0      0        0
  SINCE JAN 1      0                         0      0        0
..................................................................


WIND (MPH)
  HIGHEST WIND SPEED    26   HIGHEST WIND DIRECTION     N (340)
  HIGHEST GUST SPEED    33   HIGHEST GUST DIRECTION    NW (330)
  AVERAGE WIND SPEED     4.7


SKY COVER
  POSSIBLE SUNSHINE  MM
  AVERAGE SKY COVER 0.8


WEATHER CONDITIONS
 THE FOLLOWING WEATHER WAS RECORDED TODAY.
  HEAVY SNOW
  SNOW
  LIGHT SNOW
  FOG


RELATIVE HUMIDITY (PERCENT)
 HIGHEST    84           100 AM
 LOWEST     62           400 PM
 AVERAGE    73

..........................................................


THE CARIBOU ME CLIMATE NORMALS FOR TOMORROW
                         NORMAL    RECORD    YEAR
 MAXIMUM TEMPERATURE (F)   20        44      2016
 MINIMUM TEMPERATURE (F)    1       -32      1973


SUNRISE AND SUNSET
JANUARY  9 2018.......SUNRISE   716 AM EST   SUNSET   403 PM EST
JANUARY 10 2018.......SUNRISE   715 AM EST   SUNSET   404 PM EST


-  INDICATES NEGATIVE NUMBERS.
R  INDICATES RECORD WAS SET OR TIED.
MM INDICATES DATA IS MISSING.
T  INDICATES TRACE AMOUNT.




$$
