000
CDUS41 KCAR 160537
CLICAR


CLIMATE REPORT
NATIONAL WEATHER SERVICE CARIBOU, ME
134 AM EDT THU OCT 16 2014


...................................

...THE CARIBOU ME CLIMATE SUMMARY FOR OCTOBER 15 2014...

CLIMATE NORMAL PERIOD 1981 TO 2010
CLIMATE RECORD PERIOD 1939 TO 2014


WEATHER ITEM   OBSERVED TIME   RECORD YEAR NORMAL DEPARTURE LAST
                VALUE   (LST)  VALUE       VALUE  FROM      YEAR
                                                  NORMAL
..................................................................
TEMPERATURE (F)
 YESTERDAY
  MAXIMUM         74R  1026 AM  71    1956  52     22       60
  MINIMUM         58   1159 PM  21    2009  35     23       41
  AVERAGE         66                        44     22       51

PRECIPITATION (IN)
  YESTERDAY        T             1.32 2011   0.12  -0.12     0.00
  MONTH TO DATE    1.86                      1.71   0.15     0.91
  SINCE SEP 1      4.45                      5.03  -0.58     7.92
  SINCE JAN 1     33.11                     29.77   3.34    40.94

SNOWFALL (IN)
  YESTERDAY        0.0           4.1  1961   0.1   -0.1      0.0
  MONTH TO DATE    0.0                       0.3   -0.3      0.0
  SINCE SEP 1      0.0                       0.4   -0.4      0.0
  SINCE JUL 1      0.0                       0.4   -0.4      0.0
  SNOW DEPTH       0

DEGREE DAYS
 HEATING
  YESTERDAY        0                        21    -21       14
  MONTH TO DATE  226                       281    -55      207
  SINCE SEP 1    520                       594    -74      464
  SINCE JUL 1    578                       748   -170      578

 COOLING
  YESTERDAY        1                         0      1        0
  MONTH TO DATE    1                         0      1        0
  SINCE SEP 1     25                        11     14       13
  SINCE JAN 1    266                       180     86      192
..................................................................


WIND (MPH)
  HIGHEST WIND SPEED    16   HIGHEST WIND DIRECTION     W (260)
  HIGHEST GUST SPEED    23   HIGHEST GUST DIRECTION     W (250)
  AVERAGE WIND SPEED     6.4


SKY COVER
  POSSIBLE SUNSHINE  MM
  AVERAGE SKY COVER 0.5


WEATHER CONDITIONS
 THE FOLLOWING WEATHER WAS RECORDED YESTERDAY.
  LIGHT RAIN


RELATIVE HUMIDITY (PERCENT)
 HIGHEST    93          1200 AM
 LOWEST     61          1100 AM
 AVERAGE    77

..........................................................


THE CARIBOU ME CLIMATE NORMALS FOR TODAY
                         NORMAL    RECORD    YEAR
 MAXIMUM TEMPERATURE (F)   52        79      1968
 MINIMUM TEMPERATURE (F)   35        21      2009


SUNRISE AND SUNSET
OCTOBER 16 2014.......SUNRISE   651 AM EDT   SUNSET   543 PM EDT
OCTOBER 17 2014.......SUNRISE   653 AM EDT   SUNSET   541 PM EDT


-  INDICATES NEGATIVE NUMBERS.
R  INDICATES RECORD WAS SET OR TIED.
MM INDICATES DATA IS MISSING.
T  INDICATES TRACE AMOUNT.




$$
