000
CDUS41 KCAR 242027
CLICAR

CLIMATE REPORT
NATIONAL WEATHER SERVICE CARIBOU, ME
426 PM EDT WED JUN 24 2015


...................................

...THE CARIBOU ME CLIMATE SUMMARY FOR JUNE 24 2015...
VALID TODAY AS OF 0400 PM LOCAL TIME.

CLIMATE NORMAL PERIOD 1981 TO 2010
CLIMATE RECORD PERIOD 1939 TO 2015


WEATHER ITEM   OBSERVED TIME   RECORD YEAR NORMAL DEPARTURE LAST
                VALUE   (LST)  VALUE       VALUE  FROM      YEAR
                                                  NORMAL
..................................................................
TEMPERATURE (F)
 TODAY
  MAXIMUM         74    259 PM  93    1995  74      0       79
  MINIMUM         55    343 AM  40    1988  52      3       57
                                      1959
  AVERAGE         65                        63      2       68

PRECIPITATION (IN)
  TODAY            0.00          1.21 2010   0.12  -0.12     0.21
  MONTH TO DATE    3.81                      2.70   1.11     2.21
  SINCE JUN 1      3.81                      2.70   1.11     2.21
  SINCE JAN 1     14.66                     16.12  -1.46    19.41

SNOWFALL (IN)
  TODAY            0.0           0.0  2002   0.0    0.0      0.0
                                      2001
  MONTH TO DATE    0.0                       0.0    0.0      0.0
  SINCE JUN 1      0.0                       0.0    0.0      0.0
  SINCE JUL 1    142.1                     108.7   33.4    150.7
  SNOW DEPTH       0

DEGREE DAYS
 HEATING
  TODAY            0                         4     -4        0
  MONTH TO DATE  174                       146     28       86
  SINCE JUN 1    174                       146     28       86
  SINCE JUL 1   9464                      9335    129     9498

 COOLING
  TODAY            0                         2     -2        3
  MONTH TO DATE    5                        24    -19       15
  SINCE JUN 1      5                        24    -19       15
  SINCE JAN 1     26                        29     -3       18
..................................................................


WIND (MPH)
  HIGHEST WIND SPEED    18   HIGHEST WIND DIRECTION    NW (300)
  HIGHEST GUST SPEED    29   HIGHEST GUST DIRECTION    NW (310)
  AVERAGE WIND SPEED    10.0


SKY COVER
  POSSIBLE SUNSHINE  MM
  AVERAGE SKY COVER 0.4


WEATHER CONDITIONS
 THE FOLLOWING WEATHER WAS RECORDED TODAY.
  NO SIGNIFICANT WEATHER WAS OBSERVED.


RELATIVE HUMIDITY (PERCENT)
 HIGHEST   100           200 AM
 LOWEST     31           300 PM
 AVERAGE    66

..........................................................


THE CARIBOU ME CLIMATE NORMALS FOR TOMORROW
                         NORMAL    RECORD    YEAR
 MAXIMUM TEMPERATURE (F)   74        92      2003
 MINIMUM TEMPERATURE (F)   53        38      1941


SUNRISE AND SUNSET
JUNE 24 2015..........SUNRISE   438 AM EDT   SUNSET   831 PM EDT
JUNE 25 2015..........SUNRISE   439 AM EDT   SUNSET   831 PM EDT


-  INDICATES NEGATIVE NUMBERS.
R  INDICATES RECORD WAS SET OR TIED.
MM INDICATES DATA IS MISSING.
T  INDICATES TRACE AMOUNT.

THE CARIBOU ME 4 INCH SOIL TEMPERATURES FOR JUN 23 2015

MAXIMUM SOIL TEMPERATURE (F): 65
MINIMUM SOIL TEMPERATURE (F): 60

$$
