000
CDUS41 KCAR 180531
CLICAR


CLIMATE REPORT
NATIONAL WEATHER SERVICE CARIBOU, ME
130 AM EDT SAT MAR 18 2017


...................................

...THE CARIBOU ME CLIMATE SUMMARY FOR MARCH 17 2017...

CLIMATE NORMAL PERIOD 1981 TO 2010
CLIMATE RECORD PERIOD 1939 TO 2017


WEATHER ITEM   OBSERVED TIME   RECORD YEAR NORMAL DEPARTURE LAST
                VALUE   (LST)  VALUE       VALUE  FROM      YEAR
                                                  NORMAL
..................................................................
TEMPERATURE (F)
 YESTERDAY
  MAXIMUM         24    341 PM  54    2010  34    -10       31
  MINIMUM          9    220 AM -12    1967  16     -7       26
  AVERAGE         17                        25     -8       29

PRECIPITATION (IN)
  YESTERDAY        T             2.29 2007   0.07  -0.07     0.44
  MONTH TO DATE    2.05                      1.37   0.68     2.11
  SINCE MAR 1      2.05                      1.37   0.68     2.11
  SINCE JAN 1      7.67                      6.29   1.38     7.58

SNOWFALL (IN)
  YESTERDAY        T            11.2  1981   0.6   -0.6      4.0
  MONTH TO DATE   16.9                      11.6    5.3     15.0
  SINCE MAR 1     16.9                      11.6    5.3     15.0
  SINCE JUL 1    113.5                      94.1   19.4     75.0
  SNOW DEPTH      28

DEGREE DAYS
 HEATING
  YESTERDAY       48                        40      8       36
  MONTH TO DATE  820                       736     84      705
  SINCE MAR 1    820                       736     84      705
  SINCE JUL 1   6801                      7457   -656     6447

 COOLING
  YESTERDAY        0                         0      0        0
  MONTH TO DATE    0                         0      0        0
  SINCE MAR 1      0                         0      0        0
  SINCE JAN 1      0                         0      0        0
..................................................................


WIND (MPH)
  HIGHEST WIND SPEED    16   HIGHEST WIND DIRECTION    NW (330)
  HIGHEST GUST SPEED    20   HIGHEST GUST DIRECTION    NW (330)
  AVERAGE WIND SPEED     7.3


SKY COVER
  POSSIBLE SUNSHINE  MM
  AVERAGE SKY COVER 1.0


WEATHER CONDITIONS
 THE FOLLOWING WEATHER WAS RECORDED YESTERDAY.
  LIGHT SNOW


RELATIVE HUMIDITY (PERCENT)
 HIGHEST    80          1200 AM
 LOWEST     59           100 PM
 AVERAGE    70

..........................................................


THE CARIBOU ME CLIMATE NORMALS FOR TODAY
                         NORMAL    RECORD    YEAR
 MAXIMUM TEMPERATURE (F)   34        64      2012
 MINIMUM TEMPERATURE (F)   16        -7      1967


SUNRISE AND SUNSET
MARCH 18 2017.........SUNRISE   639 AM EDT   SUNSET   642 PM EDT
MARCH 19 2017.........SUNRISE   637 AM EDT   SUNSET   644 PM EDT


-  INDICATES NEGATIVE NUMBERS.
R  INDICATES RECORD WAS SET OR TIED.
MM INDICATES DATA IS MISSING.
T  INDICATES TRACE AMOUNT.




$$
