597
CDUS41 KCAR 260535
CLICAR


CLIMATE REPORT
NATIONAL WEATHER SERVICE CARIBOU, ME
1232 AM EST TUE JAN 26 2016


...................................

...THE CARIBOU ME CLIMATE SUMMARY FOR JANUARY 25 2016...

CLIMATE NORMAL PERIOD 1981 TO 2010
CLIMATE RECORD PERIOD 1939 TO 2016


WEATHER ITEM   OBSERVED TIME   RECORD YEAR NORMAL DEPARTURE LAST
                VALUE   (LST)  VALUE       VALUE  FROM      YEAR
                                                  NORMAL
..................................................................
TEMPERATURE (F)
 YESTERDAY
  MAXIMUM         27    309 PM  45    1953  19      8       28
  MINIMUM          2    745 AM -29    2008   0      2        3
  AVERAGE         15                        10      5       16

PRECIPITATION (IN)
  YESTERDAY        0.00          0.71 1964   0.09  -0.09     0.02
  MONTH TO DATE    1.29                      2.21  -0.92     1.68
  SINCE DEC 1      6.17                      5.48   0.69     7.56
  SINCE JAN 1      1.29                      2.21  -0.92     1.68

SNOWFALL (IN)
  YESTERDAY        0.0           6.2  2000   0.8   -0.8      0.3
  MONTH TO DATE    9.8                      20.3  -10.5     13.9
  SINCE DEC 1     37.6                      43.2   -5.6     41.0
  SINCE JUL 1     41.7                      55.4  -13.7     69.8
  SNOW DEPTH       7

DEGREE DAYS
 HEATING
  YESTERDAY       50                        55     -5       49
  MONTH TO DATE 1224                      1371   -147     1405
  SINCE DEC 1   2346                      2820   -474     2720
  SINCE JUL 1   4164                      4965   -801     4672

 COOLING
  YESTERDAY        0                         0      0        0
  MONTH TO DATE    0                         0      0        0
  SINCE DEC 1      0                         0      0        0
  SINCE JAN 1      0                         0      0        0
..................................................................


WIND (MPH)
  HIGHEST WIND SPEED    12   HIGHEST WIND DIRECTION    NW (300)
  HIGHEST GUST SPEED    14   HIGHEST GUST DIRECTION    NW (300)
  AVERAGE WIND SPEED     4.1


SKY COVER
  POSSIBLE SUNSHINE  MM
  AVERAGE SKY COVER 0.1


WEATHER CONDITIONS
 THE FOLLOWING WEATHER WAS RECORDED YESTERDAY.
  FOG


RELATIVE HUMIDITY (PERCENT)
 HIGHEST    86           800 AM
 LOWEST     42           200 PM
 AVERAGE    64

..........................................................


THE CARIBOU ME CLIMATE NORMALS FOR TODAY
                         NORMAL    RECORD    YEAR
 MAXIMUM TEMPERATURE (F)   19        51      1950
 MINIMUM TEMPERATURE (F)    0       -33      2009


SUNRISE AND SUNSET
JANUARY 26 2016.......SUNRISE   704 AM EST   SUNSET   425 PM EST
JANUARY 27 2016.......SUNRISE   703 AM EST   SUNSET   427 PM EST


-  INDICATES NEGATIVE NUMBERS.
R  INDICATES RECORD WAS SET OR TIED.
MM INDICATES DATA IS MISSING.
T  INDICATES TRACE AMOUNT.




$$
