000
CDUS41 KCAR 240528
CLICAR


CLIMATE REPORT
NATIONAL WEATHER SERVICE CARIBOU, ME
1227 AM EST TUE FEB 24 2015


...................................

...THE CARIBOU ME CLIMATE SUMMARY FOR FEBRUARY 23 2015...

CLIMATE NORMAL PERIOD 1981 TO 2010
CLIMATE RECORD PERIOD 1939 TO 2015


WEATHER ITEM   OBSERVED TIME   RECORD YEAR NORMAL DEPARTURE LAST
                VALUE   (LST)  VALUE       VALUE  FROM      YEAR
                                                  NORMAL
..................................................................
TEMPERATURE (F)
 YESTERDAY
  MAXIMUM         18    400 AM  52    1981  27     -9       36
  MINIMUM        -12   1159 PM -25    1972   7    -19       20
  AVERAGE          3                        17    -14       28

PRECIPITATION (IN)
  YESTERDAY        0.02          0.77 2009   0.08  -0.06      T
  MONTH TO DATE    1.20                      1.79  -0.59     2.20
  SINCE DEC 1      9.98                      7.77   2.21     9.77
  SINCE JAN 1      4.10                      4.50  -0.40     6.19

SNOWFALL (IN)
  YESTERDAY        0.3          10.0  2009   0.7   -0.4       T
  MONTH TO DATE   18.5                      18.3    0.2     26.2
  SINCE DEC 1     79.3                      66.4   12.9     88.2
  SINCE JUL 1    108.1                      78.6   29.5     98.3
  SNOW DEPTH      21

DEGREE DAYS
 HEATING
  YESTERDAY       62                        48     14       37
  MONTH TO DATE 1435                      1189    246     1167
  SINCE DEC 1   4491                      4338    153     4408
  SINCE JUL 1   6443                      6483    -40     6364

 COOLING
  YESTERDAY        0                         0      0        0
  MONTH TO DATE    0                         0      0        0
  SINCE DEC 1      0                         0      0        0
  SINCE JAN 1      0                         0      0        0
..................................................................


WIND (MPH)
  HIGHEST WIND SPEED    25   HIGHEST WIND DIRECTION     W (250)
  HIGHEST GUST SPEED    34   HIGHEST GUST DIRECTION    SW (240)
  AVERAGE WIND SPEED    11.9


SKY COVER
  POSSIBLE SUNSHINE  MM
  AVERAGE SKY COVER 0.6


WEATHER CONDITIONS
 THE FOLLOWING WEATHER WAS RECORDED YESTERDAY.
  SNOW
  LIGHT SNOW
  FOG
  HAZE
  BLOWING SNOW


RELATIVE HUMIDITY (PERCENT)
 HIGHEST    80          1200 AM
 LOWEST     45          1200 PM
 AVERAGE    63

..........................................................


THE CARIBOU ME CLIMATE NORMALS FOR TODAY
                         NORMAL    RECORD    YEAR
 MAXIMUM TEMPERATURE (F)   27        49      1981
 MINIMUM TEMPERATURE (F)    7       -22      1977


SUNRISE AND SUNSET
FEBRUARY 24 2015......SUNRISE   621 AM EST   SUNSET   510 PM EST
FEBRUARY 25 2015......SUNRISE   620 AM EST   SUNSET   511 PM EST


-  INDICATES NEGATIVE NUMBERS.
R  INDICATES RECORD WAS SET OR TIED.
MM INDICATES DATA IS MISSING.
T  INDICATES TRACE AMOUNT.




$$
