429
CDUS41 KCAR 300532
CLICAR


CLIMATE REPORT
NATIONAL WEATHER SERVICE CARIBOU, ME
1229 AM EST WED NOV 30 2016


...................................

...THE CARIBOU ME CLIMATE SUMMARY FOR NOVEMBER 29 2016...

CLIMATE NORMAL PERIOD 1981 TO 2010
CLIMATE RECORD PERIOD 1939 TO 2016


WEATHER ITEM   OBSERVED TIME   RECORD YEAR NORMAL DEPARTURE LAST
                VALUE   (LST)  VALUE       VALUE  FROM      YEAR
                                                  NORMAL
..................................................................
TEMPERATURE (F)
 YESTERDAY
  MAXIMUM         31   1159 PM  58    2003  32     -1       26
  MINIMUM         23    839 AM  -2    1989  19      4       13
  AVERAGE         27                        26      1       20

PRECIPITATION (IN)
  YESTERDAY        0.56          0.85 2004   0.12   0.44      T
  MONTH TO DATE    3.29                      3.52  -0.23     2.16
  SINCE SEP 1      8.31                     10.37  -2.06     8.82
  SINCE JAN 1     39.42                     35.11   4.31    31.29

SNOWFALL (IN)
  YESTERDAY        5.6           7.6  1968   0.6    5.0      0.1
  MONTH TO DATE   16.1                      10.0    6.1      3.8
  SINCE SEP 1     16.1                      11.7    4.4      4.1
  SINCE JUL 1     16.1                      11.7    4.4      4.1
  SNOW DEPTH       7

DEGREE DAYS
 HEATING
  YESTERDAY       38                        39     -1       45
  MONTH TO DATE  804                       965   -161      829
  SINCE SEP 1   1575                      1951   -376     1689
  SINCE JUL 1   1655                      2105   -450     1766

 COOLING
  YESTERDAY        0                         0      0        0
  MONTH TO DATE    0                         0      0        0
  SINCE SEP 1     22                        11     11       50
  SINCE JAN 1    275                       180     95      253
..................................................................


WIND (MPH)
  HIGHEST WIND SPEED    12   HIGHEST WIND DIRECTION     E (100)
  HIGHEST GUST SPEED    16   HIGHEST GUST DIRECTION     E (100)
  AVERAGE WIND SPEED     5.1


SKY COVER
  POSSIBLE SUNSHINE  MM
  AVERAGE SKY COVER 0.7


WEATHER CONDITIONS
 THE FOLLOWING WEATHER WAS RECORDED YESTERDAY.
  HEAVY SNOW
  SNOW
  LIGHT SNOW
  FOG
  FOG W/VISIBILITY <= 1/4 MILE


RELATIVE HUMIDITY (PERCENT)
 HIGHEST    96           800 AM
 LOWEST     81           500 AM
 AVERAGE    89

..........................................................


THE CARIBOU ME CLIMATE NORMALS FOR TODAY
                         NORMAL    RECORD    YEAR
 MAXIMUM TEMPERATURE (F)   32        61      2011
                                             1963
 MINIMUM TEMPERATURE (F)   18        -8      1995


SUNRISE AND SUNSET
NOVEMBER 30 2016......SUNRISE   656 AM EST   SUNSET   346 PM EST
DECEMBER  1 2016......SUNRISE   657 AM EST   SUNSET   345 PM EST


-  INDICATES NEGATIVE NUMBERS.
R  INDICATES RECORD WAS SET OR TIED.
MM INDICATES DATA IS MISSING.
T  INDICATES TRACE AMOUNT.




$$
