566
CDUS41 KCAR 160542
CLICAR

CLIMATE REPORT
NATIONAL WEATHER SERVICE CARIBOU, ME
132 AM EDT SUN JUL 16 2017


...................................

...THE CARIBOU ME CLIMATE SUMMARY FOR JULY 15 2017...

CLIMATE NORMAL PERIOD 1981 TO 2010
CLIMATE RECORD PERIOD 1939 TO 2017


WEATHER ITEM   OBSERVED TIME   RECORD YEAR NORMAL DEPARTURE LAST
                VALUE   (LST)  VALUE       VALUE  FROM      YEAR
                                                  NORMAL
..................................................................
TEMPERATURE (F)
 YESTERDAY
  MAXIMUM         72    305 PM  94    2013  76     -4       81
  MINIMUM         57    442 AM  43    1950  56      1       62
  AVERAGE         65                        66     -1       72

PRECIPITATION (IN)
  YESTERDAY        T             1.92 1962   0.13  -0.13     0.04
  MONTH TO DATE    1.85                      2.05  -0.20     3.87
  SINCE JUN 1      6.24                      5.53   0.71     7.52
  SINCE JAN 1     22.81                     18.95   3.86    23.45

SNOWFALL (IN)
  YESTERDAY        0.0           0.0  2002   0.0    0.0      0.0
                                      2001
  MONTH TO DATE    0.0                       0.0    0.0      0.0
  SINCE JUN 1      0.0                       0.0    0.0      0.0
  SINCE JUL 1      0.0                       0.0    0.0      0.0
  SNOW DEPTH       0

DEGREE DAYS
 HEATING
  YESTERDAY        0                         2     -2        0
  MONTH TO DATE    6                        34    -28       42
  SINCE JUN 1    138                       199    -61      186
  SINCE JUL 1      6                        34    -28       42

 COOLING
  YESTERDAY        0                         3     -3        7
  MONTH TO DATE   36                        35      1       41
  SINCE JUN 1     81                        69     12       86
  SINCE JAN 1     87                        74     13       94
..................................................................


WIND (MPH)
  HIGHEST WIND SPEED    14   HIGHEST WIND DIRECTION     S (170)
  HIGHEST GUST SPEED    17   HIGHEST GUST DIRECTION     S (160)
  AVERAGE WIND SPEED     6.2


SKY COVER
  POSSIBLE SUNSHINE  MM
  AVERAGE SKY COVER 0.5


WEATHER CONDITIONS
 THE FOLLOWING WEATHER WAS RECORDED YESTERDAY.
  LIGHT RAIN


RELATIVE HUMIDITY (PERCENT)
 HIGHEST    90          1000 PM
 LOWEST     66          1100 AM
 AVERAGE    78

..........................................................


THE CARIBOU ME CLIMATE NORMALS FOR TODAY
                         NORMAL    RECORD    YEAR
 MAXIMUM TEMPERATURE (F)   76        93      1968
 MINIMUM TEMPERATURE (F)   56        40      1992
                                             1946


SUNRISE AND SUNSET
JULY 16 2017..........SUNRISE   454 AM EDT   SUNSET   822 PM EDT
JULY 17 2017..........SUNRISE   455 AM EDT   SUNSET   821 PM EDT


-  INDICATES NEGATIVE NUMBERS.
R  INDICATES RECORD WAS SET OR TIED.
MM INDICATES DATA IS MISSING.
T  INDICATES TRACE AMOUNT.

---------------------------------------------------------------------
THE CARIBOU ME 4 INCH UNDER SOD SOIL TEMPERATURES FOR JULY 15 2017

MAXIMUM 80 F
MINIMUM 70 F

$$
