299
CDUS41 KCAR 092126
CLICAR


CLIMATE REPORT
NATIONAL WEATHER SERVICE CARIBOU, ME
426 PM EST THU NOV 9 2017


...................................

...THE CARIBOU ME CLIMATE SUMMARY FOR NOVEMBER 9 2017...
VALID TODAY AS OF 0400 PM LOCAL TIME.

CLIMATE NORMAL PERIOD 1981 TO 2010
CLIMATE RECORD PERIOD 1939 TO 2017


WEATHER ITEM   OBSERVED TIME   RECORD YEAR NORMAL DEPARTURE LAST
                VALUE   (LST)  VALUE       VALUE  FROM      YEAR
                                                  NORMAL
..................................................................
TEMPERATURE (F)
 TODAY
  MAXIMUM         42   1255 PM  64    1996  41      1       45
  MINIMUM         20    622 AM  13    1976  27     -7       32
  AVERAGE         31                        34     -3       39

PRECIPITATION (IN)
  TODAY            0.00          1.62 1947   0.12  -0.12      T
  MONTH TO DATE    1.51                      1.11   0.40     0.36
  SINCE SEP 1     10.87                      7.96   2.91     5.38
  SINCE JAN 1     36.73                     32.70   4.03    36.49

SNOWFALL (IN)
  TODAY            0.0           5.5  1958   0.2   -0.2       T
  MONTH TO DATE    T                         1.8   -1.8       T
  SINCE SEP 1      T                         3.5   -3.5       T
  SINCE JUL 1      T                         3.5   -3.5       T
  SNOW DEPTH       0

DEGREE DAYS
 HEATING
  TODAY           34                        31      3       26
  MONTH TO DATE  234                       262    -28      243
  SINCE SEP 1    794                      1248   -454     1014
  SINCE JUL 1    918                      1402   -484     1094

 COOLING
  TODAY            0                         0      0        0
  MONTH TO DATE    0                         0      0        0
  SINCE SEP 1     35                        11     24       22
  SINCE JAN 1    222                       180     42      275
..................................................................


WIND (MPH)
  HIGHEST WIND SPEED    13   HIGHEST WIND DIRECTION     S (160)
  HIGHEST GUST SPEED    18   HIGHEST GUST DIRECTION    SE (140)
  AVERAGE WIND SPEED     3.7


SKY COVER
  POSSIBLE SUNSHINE  MM
  AVERAGE SKY COVER 0.0


WEATHER CONDITIONS
 THE FOLLOWING WEATHER WAS RECORDED TODAY.
  NO SIGNIFICANT WEATHER WAS OBSERVED.


RELATIVE HUMIDITY (PERCENT)
 HIGHEST    92           200 AM
 LOWEST     41           200 PM
 AVERAGE    67

..........................................................


THE CARIBOU ME CLIMATE NORMALS FOR TOMORROW
                         NORMAL    RECORD    YEAR
 MAXIMUM TEMPERATURE (F)   41        63      1948
 MINIMUM TEMPERATURE (F)   27         7      1965


SUNRISE AND SUNSET
NOVEMBER  9 2017......SUNRISE   627 AM EST   SUNSET   405 PM EST
NOVEMBER 10 2017......SUNRISE   628 AM EST   SUNSET   403 PM EST


-  INDICATES NEGATIVE NUMBERS.
R  INDICATES RECORD WAS SET OR TIED.
MM INDICATES DATA IS MISSING.
T  INDICATES TRACE AMOUNT.




$$
