000
CDUS41 KCAR 180527
CLICAR


CLIMATE REPORT
NATIONAL WEATHER SERVICE CARIBOU, ME
127 AM EDT MON APR 18 2016


...................................

...THE CARIBOU ME CLIMATE SUMMARY FOR APRIL 17 2016...

CLIMATE NORMAL PERIOD 1981 TO 2010
CLIMATE RECORD PERIOD 1939 TO 2016


WEATHER ITEM   OBSERVED TIME   RECORD YEAR NORMAL DEPARTURE LAST
                VALUE   (LST)  VALUE       VALUE  FROM      YEAR
                                                  NORMAL
..................................................................
TEMPERATURE (F)
 YESTERDAY
  MAXIMUM         71    422 PM  76    2012  49     22       64
  MINIMUM         30    442 AM   5    2003  30      0       35
  AVERAGE         51                        40     11       50

PRECIPITATION (IN)
  YESTERDAY        0.00          1.35 1954   0.09  -0.09     0.06
  MONTH TO DATE    2.80                      1.51   1.29     1.24
  SINCE MAR 1      7.50                      4.02   3.48     2.89
  SINCE JAN 1     12.97                      8.94   4.03     6.99

SNOWFALL (IN)
  YESTERDAY        0.0           4.8  1953   0.3   -0.3      0.0
  MONTH TO DATE    2.8                       5.6   -2.8      8.5
  SINCE MAR 1     30.0                      23.9    6.1     33.4
  SINCE JUL 1     90.0                     106.4  -16.4    141.7
  SNOW DEPTH       T

DEGREE DAYS
 HEATING
  YESTERDAY       14                        26    -12       15
  MONTH TO DATE  538                       506     32      544
  SINCE MAR 1   1795                      1760     35     1946
  SINCE JUL 1   7537                      8481   -944     8687

 COOLING
  YESTERDAY        0                         0      0        0
  MONTH TO DATE    0                         0      0        0
  SINCE MAR 1      0                         0      0        0
  SINCE JAN 1      0                         0      0        0
..................................................................


WIND (MPH)
  HIGHEST WIND SPEED    16   HIGHEST WIND DIRECTION     N (350)
  HIGHEST GUST SPEED    21   HIGHEST GUST DIRECTION     N (340)
  AVERAGE WIND SPEED     6.3


SKY COVER
  POSSIBLE SUNSHINE  MM
  AVERAGE SKY COVER 0.2


WEATHER CONDITIONS
 THE FOLLOWING WEATHER WAS RECORDED YESTERDAY.
  NO SIGNIFICANT WEATHER WAS OBSERVED.


RELATIVE HUMIDITY (PERCENT)
 HIGHEST    69           600 AM
 LOWEST     17           100 PM
 AVERAGE    43

..........................................................


THE CARIBOU ME CLIMATE NORMALS FOR TODAY
                         NORMAL    RECORD    YEAR
 MAXIMUM TEMPERATURE (F)   49        63      1987
                                             1958
                                             1945
 MINIMUM TEMPERATURE (F)   31         9      2003


SUNRISE AND SUNSET
APRIL 18 2016.........SUNRISE   538 AM EDT   SUNSET   725 PM EDT
APRIL 19 2016.........SUNRISE   536 AM EDT   SUNSET   727 PM EDT


-  INDICATES NEGATIVE NUMBERS.
R  INDICATES RECORD WAS SET OR TIED.
MM INDICATES DATA IS MISSING.
T  INDICATES TRACE AMOUNT.




$$
