000
CDUS41 KCAR 160529
CLICAR


CLIMATE REPORT
NATIONAL WEATHER SERVICE CARIBOU, ME
128 AM EDT MON MAR 16 2015


...................................

...THE CARIBOU ME CLIMATE SUMMARY FOR MARCH 15 2015...

CLIMATE NORMAL PERIOD 1981 TO 2010
CLIMATE RECORD PERIOD 1939 TO 2015


WEATHER ITEM   OBSERVED TIME   RECORD YEAR NORMAL DEPARTURE LAST
                VALUE   (LST)  VALUE       VALUE  FROM      YEAR
                                                  NORMAL
..................................................................
TEMPERATURE (F)
 YESTERDAY
  MAXIMUM         28   1208 AM  54    2010  33     -5       36
  MINIMUM         12   1159 PM -11    2003  15     -3       22
  AVERAGE         20                        24     -4       29

PRECIPITATION (IN)
  YESTERDAY        0.63R         0.46 1951   0.08   0.55     0.24
  MONTH TO DATE    1.01                      1.22  -0.21     1.44
  SINCE MAR 1      1.01                      1.22  -0.21     1.44
  SINCE JAN 1      5.11                      6.14  -1.03     7.66

SNOWFALL (IN)
  YESTERDAY        8.6 R         5.8  1999   0.6    8.0      1.3
  MONTH TO DATE   15.6                      10.4    5.2     21.3
  SINCE MAR 1     15.6                      10.4    5.2     21.3
  SINCE JUL 1    123.9                      92.9   31.0    120.7
  SNOW DEPTH      18

DEGREE DAYS
 HEATING
  YESTERDAY       45                        41      4       36
  MONTH TO DATE  735                       655     80      803
  SINCE MAR 1    735                       655     80      803
  SINCE JUL 1   7476                      7376    100     7457

 COOLING
  YESTERDAY        0                         0      0        0
  MONTH TO DATE    0                         0      0        0
  SINCE MAR 1      0                         0      0        0
  SINCE JAN 1      0                         0      0        0
..................................................................


WIND (MPH)
  HIGHEST WIND SPEED    26   HIGHEST WIND DIRECTION     E (70)
  HIGHEST GUST SPEED    35   HIGHEST GUST DIRECTION    NE (60)
  AVERAGE WIND SPEED    13.2


SKY COVER
  POSSIBLE SUNSHINE  MM
  AVERAGE SKY COVER 0.9


WEATHER CONDITIONS
 THE FOLLOWING WEATHER WAS RECORDED YESTERDAY.
  HEAVY SNOW
  SNOW
  LIGHT SNOW
  FOG
  FOG W/VISIBILITY <= 1/4 MILE
  HAZE


RELATIVE HUMIDITY (PERCENT)
 HIGHEST    84           800 AM
 LOWEST     46          1200 AM
 AVERAGE    65

..........................................................


THE CARIBOU ME CLIMATE NORMALS FOR TODAY
                         NORMAL    RECORD    YEAR
 MAXIMUM TEMPERATURE (F)   34        57      2010
 MINIMUM TEMPERATURE (F)   15        -6      1963


SUNRISE AND SUNSET
MARCH 16 2015.........SUNRISE   644 AM EDT   SUNSET   639 PM EDT
MARCH 17 2015.........SUNRISE   642 AM EDT   SUNSET   640 PM EDT


-  INDICATES NEGATIVE NUMBERS.
R  INDICATES RECORD WAS SET OR TIED.
MM INDICATES DATA IS MISSING.
T  INDICATES TRACE AMOUNT.




$$
