000
CDUS41 KCAR 300547
CLICAR


CLIMATE REPORT
NATIONAL WEATHER SERVICE CARIBOU, ME
1247 AM EST TUE JAN 30 2018


...................................

...THE CARIBOU ME CLIMATE SUMMARY FOR JANUARY 29 2018...

CLIMATE NORMAL PERIOD 1981 TO 2010
CLIMATE RECORD PERIOD 1939 TO 2018


WEATHER ITEM   OBSERVED TIME   RECORD YEAR NORMAL DEPARTURE LAST
                VALUE   (LST)  VALUE       VALUE  FROM      YEAR
                                                  NORMAL
..................................................................
TEMPERATURE (F)
 YESTERDAY
  MAXIMUM         19    321 PM  43    1994  20     -1       34
  MINIMUM          1    603 AM -24    1971   1      0       16
  AVERAGE         10                        10      0       25

PRECIPITATION (IN)
  YESTERDAY        0.00          1.02 1977   0.08  -0.08      T
  MONTH TO DATE    5.29                      2.54   2.75     3.42
  SINCE DEC 1      9.41                      5.81   3.60     7.62
  SINCE JAN 1      5.29                      2.54   2.75     3.42

SNOWFALL (IN)
  YESTERDAY        0.0          13.9  1977   0.8   -0.8      0.1
  MONTH TO DATE   38.7                      23.6   15.1     17.5
  SINCE DEC 1     72.9                      46.5   26.4     58.7
  SINCE JUL 1     76.8                      58.7   18.1     78.9
  SNOW DEPTH      26

DEGREE DAYS
 HEATING
  YESTERDAY       55                        55      0       40
  MONTH TO DATE 1521                      1591    -70     1338
  SINCE DEC 1   3115                      3040     75     2831
  SINCE JUL 1   4819                      5185   -366     4518

 COOLING
  YESTERDAY        0                         0      0        0
  MONTH TO DATE    0                         0      0        0
  SINCE DEC 1      0                         0      0        0
  SINCE JAN 1      0                         0      0        0
..................................................................


WIND (MPH)
  HIGHEST WIND SPEED    12   HIGHEST WIND DIRECTION    NE (30)
  HIGHEST GUST SPEED    15   HIGHEST GUST DIRECTION    NW (330)
  AVERAGE WIND SPEED     6.2


SKY COVER
  POSSIBLE SUNSHINE  MM
  AVERAGE SKY COVER 0.0


WEATHER CONDITIONS
 THE FOLLOWING WEATHER WAS RECORDED YESTERDAY.
  NO SIGNIFICANT WEATHER WAS OBSERVED.


RELATIVE HUMIDITY (PERCENT)
 HIGHEST    87           500 AM
 LOWEST     45           200 PM
 AVERAGE    66

..........................................................


THE CARIBOU ME CLIMATE NORMALS FOR TODAY
                         NORMAL    RECORD    YEAR
 MAXIMUM TEMPERATURE (F)   20        46      2013
 MINIMUM TEMPERATURE (F)    1       -27      1951


SUNRISE AND SUNSET
JANUARY 30 2018.......SUNRISE   659 AM EST   SUNSET   432 PM EST
JANUARY 31 2018.......SUNRISE   658 AM EST   SUNSET   434 PM EST


-  INDICATES NEGATIVE NUMBERS.
R  INDICATES RECORD WAS SET OR TIED.
MM INDICATES DATA IS MISSING.
T  INDICATES TRACE AMOUNT.




$$
