000
CDUS41 KCAR 080526
CLICAR


CLIMATE REPORT
NATIONAL WEATHER SERVICE CARIBOU, ME
126 AM EDT MON SEP 8 2014


...................................

...THE CARIBOU ME CLIMATE SUMMARY FOR SEPTEMBER 7 2014...

CLIMATE NORMAL PERIOD 1981 TO 2010
CLIMATE RECORD PERIOD 1939 TO 2014


WEATHER ITEM   OBSERVED TIME   RECORD YEAR NORMAL DEPARTURE LAST
                VALUE   (LST)  VALUE       VALUE  FROM      YEAR
                                                  NORMAL
..................................................................
TEMPERATURE (F)
 YESTERDAY
  MAXIMUM         69    216 PM  91    1945  69      0       67
  MINIMUM         43   1120 PM  33    1962  47     -4       49
  AVERAGE         56                        58     -2       58

PRECIPITATION (IN)
  YESTERDAY        0.00          0.99 1953   0.11  -0.11     0.23
  MONTH TO DATE    1.67                      0.73   0.94     2.48
  SINCE SEP 1      1.67                      0.73   0.94     2.48
  SINCE JAN 1     30.33                     25.47   4.86    35.50

SNOWFALL (IN)
  YESTERDAY        0.0           0.0  2002   0.0    0.0      0.0
                                      2001
  MONTH TO DATE    0.0                       0.0    0.0      0.0
  SINCE SEP 1      0.0                       0.0    0.0      0.0
  SINCE JUL 1      0.0                       0.0    0.0      0.0
  SNOW DEPTH       0

DEGREE DAYS
 HEATING
  YESTERDAY        9                         7      2        7
  MONTH TO DATE    9                        46    -37       48
  SINCE SEP 1      9                        46    -37       48
  SINCE JUL 1     67                       200   -133      162

 COOLING
  YESTERDAY        0                         1     -1        0
  MONTH TO DATE   21                         7     14        6
  SINCE SEP 1     21                         7     14        6
  SINCE JAN 1    262                       176     86      185
..................................................................


WIND (MPH)
  HIGHEST WIND SPEED    20   HIGHEST WIND DIRECTION    NW (300)
  HIGHEST GUST SPEED    28   HIGHEST GUST DIRECTION     W (270)
  AVERAGE WIND SPEED     6.8


SKY COVER
  POSSIBLE SUNSHINE  MM
  AVERAGE SKY COVER 0.1


WEATHER CONDITIONS
 THE FOLLOWING WEATHER WAS RECORDED YESTERDAY.
  NO SIGNIFICANT WEATHER WAS OBSERVED.


RELATIVE HUMIDITY (PERCENT)
 HIGHEST    92           400 AM
 LOWEST     42           200 PM
 AVERAGE    67

..........................................................


THE CARIBOU ME CLIMATE NORMALS FOR TODAY
                         NORMAL    RECORD    YEAR
 MAXIMUM TEMPERATURE (F)   69        87      2001
 MINIMUM TEMPERATURE (F)   47        29      1952


SUNRISE AND SUNSET
SEPTEMBER  8 2014.....SUNRISE   601 AM EDT   SUNSET   658 PM EDT
SEPTEMBER  9 2014.....SUNRISE   602 AM EDT   SUNSET   656 PM EDT


-  INDICATES NEGATIVE NUMBERS.
R  INDICATES RECORD WAS SET OR TIED.
MM INDICATES DATA IS MISSING.
T  INDICATES TRACE AMOUNT.




$$
