000
CDUS41 KCAR 310527
CLICAR


CLIMATE REPORT
NATIONAL WEATHER SERVICE CARIBOU, ME
127 AM EDT TUE OCT 31 2017


...................................

...THE CARIBOU ME CLIMATE SUMMARY FOR OCTOBER 30 2017...

CLIMATE NORMAL PERIOD 1981 TO 2010
CLIMATE RECORD PERIOD 1939 TO 2017


WEATHER ITEM   OBSERVED TIME   RECORD YEAR NORMAL DEPARTURE LAST
                VALUE   (LST)  VALUE       VALUE  FROM      YEAR
                                                  NORMAL
..................................................................
TEMPERATURE (F)
 YESTERDAY
  MAXIMUM         63    227 PM  70    1989  46     17       45
  MINIMUM         44   1042 PM  15    1962  31     13       39
  AVERAGE         54                        38     16       42

PRECIPITATION (IN)
  YESTERDAY        0.43          0.98 1946   0.11   0.32      T
  MONTH TO DATE    6.23                      3.41   2.82     2.54
  SINCE SEP 1      9.36                      6.73   2.63     5.02
  SINCE JAN 1     35.22                     31.47   3.75    36.13

SNOWFALL (IN)
  YESTERDAY        0.0           2.3  1941   0.1   -0.1      0.0
  MONTH TO DATE    0.0                       1.5   -1.5       T
  SINCE SEP 1      0.0                       1.6   -1.6       T
  SINCE JUL 1      0.0                       1.6   -1.6       T
  SNOW DEPTH       0

DEGREE DAYS
 HEATING
  YESTERDAY       11                        27    -16       23
  MONTH TO DATE  396                       645   -249      538
  SINCE SEP 1    542                       958   -416      743
  SINCE JUL 1    666                      1112   -446      823

 COOLING
  YESTERDAY        0                         0      0        0
  MONTH TO DATE    1                         0      1        0
  SINCE SEP 1     35                        11     24       22
  SINCE JAN 1    222                       180     42      275
..................................................................


WIND (MPH)
  HIGHEST WIND SPEED    37   HIGHEST WIND DIRECTION     S (170)
  HIGHEST GUST SPEED    47   HIGHEST GUST DIRECTION     S (180)
  AVERAGE WIND SPEED    14.8


SKY COVER
  POSSIBLE SUNSHINE  MM
  AVERAGE SKY COVER 0.8


WEATHER CONDITIONS
 THE FOLLOWING WEATHER WAS RECORDED YESTERDAY.
  HEAVY RAIN
  RAIN
  LIGHT RAIN
  FOG


RELATIVE HUMIDITY (PERCENT)
 HIGHEST    97          1200 PM
 LOWEST     64           300 PM
 AVERAGE    81

..........................................................


THE CARIBOU ME CLIMATE NORMALS FOR TODAY
                         NORMAL    RECORD    YEAR
 MAXIMUM TEMPERATURE (F)   45        69      1989
                                             1956
                                             1942
 MINIMUM TEMPERATURE (F)   30        16      1944


SUNRISE AND SUNSET
OCTOBER 31 2017.......SUNRISE   713 AM EDT   SUNSET   517 PM EDT
NOVEMBER  1 2017......SUNRISE   715 AM EDT   SUNSET   516 PM EDT


-  INDICATES NEGATIVE NUMBERS.
R  INDICATES RECORD WAS SET OR TIED.
MM INDICATES DATA IS MISSING.
T  INDICATES TRACE AMOUNT.




$$
