000
CDUS41 KCAR 060527
CLICAR


CLIMATE REPORT
NATIONAL WEATHER SERVICE CARIBOU, ME
126 AM EDT WED SEP 6 2017


...................................

...THE CARIBOU ME CLIMATE SUMMARY FOR SEPTEMBER 5 2017...

CLIMATE NORMAL PERIOD 1981 TO 2010
CLIMATE RECORD PERIOD 1939 TO 2017


WEATHER ITEM   OBSERVED TIME   RECORD YEAR NORMAL DEPARTURE LAST
                VALUE   (LST)  VALUE       VALUE  FROM      YEAR
                                                  NORMAL
..................................................................
TEMPERATURE (F)
 YESTERDAY
  MAXIMUM         72    110 PM  86    1983  70      2       79
  MINIMUM         60    455 AM  32    1963  48     12       52
  AVERAGE         66                        59      7       66

PRECIPITATION (IN)
  YESTERDAY        0.71          1.24 2011   0.10   0.61     0.00
  MONTH TO DATE    1.34                      0.52   0.82     0.15
  SINCE SEP 1      1.34                      0.52   0.82     0.15
  SINCE JAN 1     27.20                     25.26   1.94    31.26

SNOWFALL (IN)
  YESTERDAY        0.0           0.0  2002   0.0    0.0      0.0
                                      2001
  MONTH TO DATE    0.0                       0.0    0.0      0.0
  SINCE SEP 1      0.0                       0.0    0.0      0.0
  SINCE JUL 1      0.0                       0.0    0.0      0.0
  SNOW DEPTH       0

DEGREE DAYS
 HEATING
  YESTERDAY        0                         7     -7        0
  MONTH TO DATE   37                        32      5       11
  SINCE SEP 1     37                        32      5       11
  SINCE JUL 1    161                       186    -25       91

 COOLING
  YESTERDAY        1                         1      0        1
  MONTH TO DATE    1                         5     -4        1
  SINCE SEP 1      1                         5     -4        1
  SINCE JAN 1    188                       174     14      254
..................................................................


WIND (MPH)
  HIGHEST WIND SPEED    13   HIGHEST WIND DIRECTION     S (200)
  HIGHEST GUST SPEED    19   HIGHEST GUST DIRECTION     S (200)
  AVERAGE WIND SPEED     6.1


SKY COVER
  POSSIBLE SUNSHINE  MM
  AVERAGE SKY COVER 0.7


WEATHER CONDITIONS
 THE FOLLOWING WEATHER WAS RECORDED YESTERDAY.
  HEAVY RAIN
  RAIN
  LIGHT RAIN
  FOG


RELATIVE HUMIDITY (PERCENT)
 HIGHEST    97          1000 PM
 LOWEST     68          1200 PM
 AVERAGE    83

..........................................................


THE CARIBOU ME CLIMATE NORMALS FOR TODAY
                         NORMAL    RECORD    YEAR
 MAXIMUM TEMPERATURE (F)   69        86      1948
 MINIMUM TEMPERATURE (F)   48        34      2007
                                             2000
                                             1942


SUNRISE AND SUNSET
SEPTEMBER  6 2017.....SUNRISE   558 AM EDT   SUNSET   701 PM EDT
SEPTEMBER  7 2017.....SUNRISE   600 AM EDT   SUNSET   659 PM EDT


-  INDICATES NEGATIVE NUMBERS.
R  INDICATES RECORD WAS SET OR TIED.
MM INDICATES DATA IS MISSING.
T  INDICATES TRACE AMOUNT.

---------------------------------------------------------------------
THE CARIBOU ME 4 INCH UNDER SOD SOIL TEMPERATURE FOR SEPT 5, 2017

MAXIMUM 65F
MINIMUM 60F


$$
