000
CDUS41 KCAR 080527
CLICAR


CLIMATE REPORT
NATIONAL WEATHER SERVICE CARIBOU, ME
126 AM EDT WED OCT 8 2014


...................................

...THE CARIBOU ME CLIMATE SUMMARY FOR OCTOBER 7 2014...

CLIMATE NORMAL PERIOD 1981 TO 2010
CLIMATE RECORD PERIOD 1939 TO 2014


WEATHER ITEM   OBSERVED TIME   RECORD YEAR NORMAL DEPARTURE LAST
                VALUE   (LST)  VALUE       VALUE  FROM      YEAR
                                                  NORMAL
..................................................................
TEMPERATURE (F)
 YESTERDAY
  MAXIMUM         64    222 PM  74    1961  56      8       65
                                      1946
  MINIMUM         42    405 AM  21    1965  37      5       43
  AVERAGE         53                        47      6       54

PRECIPITATION (IN)
  YESTERDAY        0.22          1.39 2005   0.11   0.11     0.90
  MONTH TO DATE    0.87                      0.79   0.08     0.90
  SINCE SEP 1      3.46                      4.11  -0.65     7.91
  SINCE JAN 1     32.12                     28.85   3.27    40.93

SNOWFALL (IN)
  YESTERDAY        0.0           3.4  1953   0.0    0.0      0.0
  MONTH TO DATE    0.0                       0.0    0.0      0.0
  SINCE SEP 1      0.0                       0.1   -0.1      0.0
  SINCE JUL 1      0.0                       0.1   -0.1      0.0
  SNOW DEPTH       0

DEGREE DAYS
 HEATING
  YESTERDAY       12                        18     -6       11
  MONTH TO DATE  105                       120    -15       87
  SINCE SEP 1    399                       433    -34      344
  SINCE JUL 1    457                       587   -130      458

 COOLING
  YESTERDAY        0                         0      0        0
  MONTH TO DATE    0                         0      0        0
  SINCE SEP 1     24                        11     13       13
  SINCE JAN 1    265                       180     85      192
..................................................................


WIND (MPH)
  HIGHEST WIND SPEED    24   HIGHEST WIND DIRECTION     S (160)
  HIGHEST GUST SPEED    35   HIGHEST GUST DIRECTION     S (160)
  AVERAGE WIND SPEED     9.1


SKY COVER
  POSSIBLE SUNSHINE  MM
  AVERAGE SKY COVER 0.6


WEATHER CONDITIONS
 THE FOLLOWING WEATHER WAS RECORDED YESTERDAY.
  RAIN
  LIGHT RAIN
  FOG


RELATIVE HUMIDITY (PERCENT)
 HIGHEST    93           600 PM
 LOWEST     60           300 PM
 AVERAGE    77

..........................................................


THE CARIBOU ME CLIMATE NORMALS FOR TODAY
                         NORMAL    RECORD    YEAR
 MAXIMUM TEMPERATURE (F)   56        78      1970
 MINIMUM TEMPERATURE (F)   37        23      1964


SUNRISE AND SUNSET
OCTOBER  8 2014.......SUNRISE   640 AM EDT   SUNSET   558 PM EDT
OCTOBER  9 2014.......SUNRISE   642 AM EDT   SUNSET   556 PM EDT


-  INDICATES NEGATIVE NUMBERS.
R  INDICATES RECORD WAS SET OR TIED.
MM INDICATES DATA IS MISSING.
T  INDICATES TRACE AMOUNT.




$$
