903
CDUS41 KCAR 170527
CLICAR


CLIMATE REPORT
NATIONAL WEATHER SERVICE CARIBOU, ME
126 AM EDT FRI MAR 17 2017


...................................

...THE CARIBOU ME CLIMATE SUMMARY FOR MARCH 16 2017...

CLIMATE NORMAL PERIOD 1981 TO 2010
CLIMATE RECORD PERIOD 1939 TO 2017


WEATHER ITEM   OBSERVED TIME   RECORD YEAR NORMAL DEPARTURE LAST
                VALUE   (LST)  VALUE       VALUE  FROM      YEAR
                                                  NORMAL
..................................................................
TEMPERATURE (F)
 YESTERDAY
  MAXIMUM         26   1148 AM  57    2010  34     -8       47
  MINIMUM         16   1159 PM  -6    1963  15      1       29
  AVERAGE         21                        24     -3       38

PRECIPITATION (IN)
  YESTERDAY        0.04          1.06 1953   0.08  -0.04     0.16
  MONTH TO DATE    2.05                      1.30   0.75     1.67
  SINCE MAR 1      2.05                      1.30   0.75     1.67
  SINCE JAN 1      7.67                      6.22   1.45     7.14

SNOWFALL (IN)
  YESTERDAY        1.1          14.5  1953   0.6    0.5      0.0
  MONTH TO DATE   16.9                      11.0    5.9     11.0
  SINCE MAR 1     16.9                      11.0    5.9     11.0
  SINCE JUL 1    113.5                      93.5   20.0     71.0
  SNOW DEPTH      28

DEGREE DAYS
 HEATING
  YESTERDAY       44                        41      3       27
  MONTH TO DATE  772                       696     76      669
  SINCE MAR 1    772                       696     76      669
  SINCE JUL 1   6753                      7417   -664     6411

 COOLING
  YESTERDAY        0                         0      0        0
  MONTH TO DATE    0                         0      0        0
  SINCE MAR 1      0                         0      0        0
  SINCE JAN 1      0                         0      0        0
..................................................................


WIND (MPH)
  HIGHEST WIND SPEED    20   HIGHEST WIND DIRECTION    NW (300)
  HIGHEST GUST SPEED    26   HIGHEST GUST DIRECTION    NW (310)
  AVERAGE WIND SPEED     8.2


SKY COVER
  POSSIBLE SUNSHINE  MM
  AVERAGE SKY COVER 0.9


WEATHER CONDITIONS
 THE FOLLOWING WEATHER WAS RECORDED YESTERDAY.
  HEAVY SNOW
  SNOW
  LIGHT SNOW
  FOG
  HAZE


RELATIVE HUMIDITY (PERCENT)
 HIGHEST    96           200 AM
 LOWEST     68          1100 AM
 AVERAGE    82

..........................................................


THE CARIBOU ME CLIMATE NORMALS FOR TODAY
                         NORMAL    RECORD    YEAR
 MAXIMUM TEMPERATURE (F)   34        54      2010
 MINIMUM TEMPERATURE (F)   16       -12      1967


SUNRISE AND SUNSET
MARCH 17 2017.........SUNRISE   641 AM EDT   SUNSET   641 PM EDT
MARCH 18 2017.........SUNRISE   639 AM EDT   SUNSET   642 PM EDT


-  INDICATES NEGATIVE NUMBERS.
R  INDICATES RECORD WAS SET OR TIED.
MM INDICATES DATA IS MISSING.
T  INDICATES TRACE AMOUNT.




$$
