000
CDUS41 KCAR 200529
CLICAR


CLIMATE REPORT
NATIONAL WEATHER SERVICE CARIBOU, ME
1228 AM EST TUE JAN 20 2015


...................................

...THE CARIBOU ME CLIMATE SUMMARY FOR JANUARY 19 2015...

CLIMATE NORMAL PERIOD 1981 TO 2010
CLIMATE RECORD PERIOD 1939 TO 2015


WEATHER ITEM   OBSERVED TIME   RECORD YEAR NORMAL DEPARTURE LAST
                VALUE   (LST)  VALUE       VALUE  FROM      YEAR
                                                  NORMAL
..................................................................
TEMPERATURE (F)
 YESTERDAY
  MAXIMUM         44    649 AM  51    1996  19     25       28
  MINIMUM         29   1159 PM -32    1997   0     29       16
  AVERAGE         37                         9     28       22

PRECIPITATION (IN)
  YESTERDAY        0.26          0.83 2004   0.09   0.17     0.11
  MONTH TO DATE    1.64                      1.68  -0.04     3.08
  SINCE DEC 1      7.52                      4.95   2.57     6.66
  SINCE JAN 1      1.64                      1.68  -0.04     3.08

SNOWFALL (IN)
  YESTERDAY        T            12.8  2004   0.8   -0.8      1.3
  MONTH TO DATE   13.0                      15.4   -2.4      4.2
  SINCE DEC 1     40.1                      38.3    1.8     49.0
  SINCE JUL 1     68.9                      50.5   18.4     59.1
  SNOW DEPTH      11

DEGREE DAYS
 HEATING
  YESTERDAY       28                        56    -28       43
  MONTH TO DATE 1104                      1037     67      917
  SINCE DEC 1   2419                      2486    -67     2526
  SINCE JUL 1   4371                      4631   -260     4482

 COOLING
  YESTERDAY        0                         0      0        0
  MONTH TO DATE    0                         0      0        0
  SINCE DEC 1      0                         0      0        0
  SINCE JAN 1      0                         0      0        0
..................................................................


WIND (MPH)
  HIGHEST WIND SPEED    23   HIGHEST WIND DIRECTION     S (160)
  HIGHEST GUST SPEED    31   HIGHEST GUST DIRECTION    SE (130)
  AVERAGE WIND SPEED    10.9


SKY COVER
  POSSIBLE SUNSHINE  MM
  AVERAGE SKY COVER 1.0


WEATHER CONDITIONS
 THE FOLLOWING WEATHER WAS RECORDED YESTERDAY.
  RAIN
  LIGHT RAIN
  LIGHT SNOW
  FOG


RELATIVE HUMIDITY (PERCENT)
 HIGHEST    93           900 AM
 LOWEST     72          1100 PM
 AVERAGE    83

..........................................................


THE CARIBOU ME CLIMATE NORMALS FOR TODAY
                         NORMAL    RECORD    YEAR
 MAXIMUM TEMPERATURE (F)   19        50      1996
 MINIMUM TEMPERATURE (F)    0       -28      1994


SUNRISE AND SUNSET
JANUARY 20 2015.......SUNRISE   709 AM EST   SUNSET   417 PM EST
JANUARY 21 2015.......SUNRISE   709 AM EST   SUNSET   418 PM EST


-  INDICATES NEGATIVE NUMBERS.
R  INDICATES RECORD WAS SET OR TIED.
MM INDICATES DATA IS MISSING.
T  INDICATES TRACE AMOUNT.




$$
