000
CDUS41 KCAR 270537
CLICAR


CLIMATE REPORT
NATIONAL WEATHER SERVICE CARIBOU, ME
1234 AM EST SAT DEC 27 2014


...................................

...THE CARIBOU ME CLIMATE SUMMARY FOR DECEMBER 26 2014...

CLIMATE NORMAL PERIOD 1981 TO 2010
CLIMATE RECORD PERIOD 1939 TO 2014


WEATHER ITEM   OBSERVED TIME   RECORD YEAR NORMAL DEPARTURE LAST
                VALUE   (LST)  VALUE       VALUE  FROM      YEAR
                                                  NORMAL
..................................................................
TEMPERATURE (F)
 YESTERDAY
  MAXIMUM         40    235 PM  53    1964  23     17       14
  MINIMUM         32    835 PM -23    1980   5     27      -12
  AVERAGE         36                        14     22        1

PRECIPITATION (IN)
  YESTERDAY        T             1.99 2005   0.10  -0.10     0.29
  MONTH TO DATE    5.75                      2.81   2.94     3.35
  SINCE DEC 1      5.75                      2.81   2.94     3.35
  SINCE JAN 1     46.16                     38.03   8.13    49.93

SNOWFALL (IN)
  YESTERDAY        T            20.7  2005   0.8   -0.8      4.5
  MONTH TO DATE   26.5                      18.8    7.7     40.3
  SINCE DEC 1     26.5                      18.8    7.7     40.3
  SINCE JUL 1     55.3                      31.0   24.3     50.4
  SNOW DEPTH       8

DEGREE DAYS
 HEATING
  YESTERDAY       29                        51    -22       64
  MONTH TO DATE 1062                      1190   -128     1325
  SINCE DEC 1   1062                      1190   -128     1325
  SINCE JUL 1   3014                      3335   -321     3281

 COOLING
  YESTERDAY        0                         0      0        0
  MONTH TO DATE    0                         0      0        0
  SINCE DEC 1      0                         0      0        0
  SINCE JAN 1    266                       180     86      192
..................................................................


WIND (MPH)
  HIGHEST WIND SPEED    31   HIGHEST WIND DIRECTION     W (260)
  HIGHEST GUST SPEED    50   HIGHEST GUST DIRECTION     W (250)
  AVERAGE WIND SPEED    14.8


SKY COVER
  POSSIBLE SUNSHINE  MM
  AVERAGE SKY COVER 0.4


WEATHER CONDITIONS
 THE FOLLOWING WEATHER WAS RECORDED YESTERDAY.
  LIGHT SNOW


RELATIVE HUMIDITY (PERCENT)
 HIGHEST    69          1100 PM
 LOWEST     40           100 PM
 AVERAGE    55

..........................................................


THE CARIBOU ME CLIMATE NORMALS FOR TODAY
                         NORMAL    RECORD    YEAR
 MAXIMUM TEMPERATURE (F)   23        51      1964
 MINIMUM TEMPERATURE (F)    5       -21      1984


SUNRISE AND SUNSET
DECEMBER 27 2014......SUNRISE   717 AM EST   SUNSET   350 PM EST
DECEMBER 28 2014......SUNRISE   717 AM EST   SUNSET   351 PM EST


-  INDICATES NEGATIVE NUMBERS.
R  INDICATES RECORD WAS SET OR TIED.
MM INDICATES DATA IS MISSING.
T  INDICATES TRACE AMOUNT.




$$
