000
CDUS41 KCAR 270530
CLICAR

CLIMATE REPORT
NATIONAL WEATHER SERVICE CARIBOU, ME
128 AM EDT WED AUG 27 2014


...................................

...THE CARIBOU ME CLIMATE SUMMARY FOR AUGUST 26 2014...

CLIMATE NORMAL PERIOD 1981 TO 2010
CLIMATE RECORD PERIOD 1939 TO 2014


WEATHER ITEM   OBSERVED TIME   RECORD YEAR NORMAL DEPARTURE LAST
                VALUE   (LST)  VALUE       VALUE  FROM      YEAR
                                                  NORMAL
..................................................................
TEMPERATURE (F)
 YESTERDAY
  MAXIMUM         84    348 PM  89    2012  73     11       69
  MINIMUM         59    515 AM  34    1942  51      8       56
  AVERAGE         72                        62     10       63

PRECIPITATION (IN)
  YESTERDAY        0.00          1.51 1961   0.11  -0.11     0.03
  MONTH TO DATE    1.68                      3.18  -1.50     5.45
  SINCE JUN 1     11.35                     10.74   0.61    18.78
  SINCE JAN 1     28.55                     24.16   4.39    32.80

SNOWFALL (IN)
  YESTERDAY        0.0           0.0  2002   0.0    0.0      0.0
                                      2001
  MONTH TO DATE    0.0                       0.0    0.0      0.0
  SINCE JUN 1      0.0                       0.0    0.0      0.0
  SINCE JUL 1      0.0                       0.0    0.0      0.0
  SNOW DEPTH       0

DEGREE DAYS
 HEATING
  YESTERDAY        0                         4     -4        2
  MONTH TO DATE   21                        70    -49       71
  SINCE JUN 1    134                       293   -159      277
  SINCE JUL 1     45                       128    -83       99

 COOLING
  YESTERDAY        7                         1      6        0
  MONTH TO DATE   66                        46     20       24
  SINCE JUN 1    232                       157     75      166
  SINCE JAN 1    235                       162     73      174
..................................................................


WIND (MPH)
  HIGHEST WIND SPEED    21   HIGHEST WIND DIRECTION     W (250)
  HIGHEST GUST SPEED    27   HIGHEST GUST DIRECTION     W (250)
  AVERAGE WIND SPEED     7.2


SKY COVER
  POSSIBLE SUNSHINE  MM
  AVERAGE SKY COVER 0.0


WEATHER CONDITIONS
 THE FOLLOWING WEATHER WAS RECORDED YESTERDAY.
  NO SIGNIFICANT WEATHER WAS OBSERVED.


RELATIVE HUMIDITY (PERCENT)
 HIGHEST    93           600 AM
 LOWEST     40           200 PM
 AVERAGE    67

..........................................................


THE CARIBOU ME CLIMATE NORMALS FOR TODAY
                         NORMAL    RECORD    YEAR
 MAXIMUM TEMPERATURE (F)   72        91      1952
 MINIMUM TEMPERATURE (F)   51        36      1987


SUNRISE AND SUNSET
AUGUST 27 2014........SUNRISE   545 AM EDT   SUNSET   721 PM EDT
AUGUST 28 2014........SUNRISE   546 AM EDT   SUNSET   719 PM EDT


-  INDICATES NEGATIVE NUMBERS.
R  INDICATES RECORD WAS SET OR TIED.
MM INDICATES DATA IS MISSING.
T  INDICATES TRACE AMOUNT.
---------------------------------------------------------------------
THE CARIBOU ME 4 INCH SOIL TEMPERATURE FOR AUGUST 26 2014

MAXIMUM SOIL TEMPERATURE (F)...74
MINIMUM SOIL TEMPERATURE (F)...69

$$

CB
