461
CDUS41 KCAR 170534
CLICAR


CLIMATE REPORT
NATIONAL WEATHER SERVICE CARIBOU, ME
130 AM EDT TUE OCT 17 2017


...................................

...THE CARIBOU ME CLIMATE SUMMARY FOR OCTOBER 16 2017...

CLIMATE NORMAL PERIOD 1981 TO 2010
CLIMATE RECORD PERIOD 1939 TO 2017


WEATHER ITEM   OBSERVED TIME   RECORD YEAR NORMAL DEPARTURE LAST
                VALUE   (LST)  VALUE       VALUE  FROM      YEAR
                                                  NORMAL
..................................................................
TEMPERATURE (F)
 YESTERDAY
  MAXIMUM         62    243 AM  79    1968  52     10       57
  MINIMUM         37   1159 PM  21    2009  35      2       35
  AVERAGE         50                        43      7       46

PRECIPITATION (IN)
  YESTERDAY        T             1.81 2005   0.11  -0.11     0.70
  MONTH TO DATE    1.66                      1.82  -0.16     0.84
  SINCE SEP 1      4.79                      5.14  -0.35     3.32
  SINCE JAN 1     30.65                     29.88   0.77    34.43

SNOWFALL (IN)
  YESTERDAY        0.0           0.1  1959   0.0    0.0      0.0
  MONTH TO DATE    0.0                       0.3   -0.3      0.0
  SINCE SEP 1      0.0                       0.4   -0.4      0.0
  SINCE JUL 1      0.0                       0.4   -0.4      0.0
  SNOW DEPTH       0

DEGREE DAYS
 HEATING
  YESTERDAY       15                        22     -7       19
  MONTH TO DATE  203                       303   -100      242
  SINCE SEP 1    349                       616   -267      447
  SINCE JUL 1    473                       770   -297      527

 COOLING
  YESTERDAY        0                         0      0        0
  MONTH TO DATE    0                         0      0        0
  SINCE SEP 1     34                        11     23       22
  SINCE JAN 1    221                       180     41      275
..................................................................


WIND (MPH)
  HIGHEST WIND SPEED    28   HIGHEST WIND DIRECTION    NW (330)
  HIGHEST GUST SPEED    38   HIGHEST GUST DIRECTION    NW (320)
  AVERAGE WIND SPEED    10.7


SKY COVER
  POSSIBLE SUNSHINE  MM
  AVERAGE SKY COVER 0.9


WEATHER CONDITIONS
 THE FOLLOWING WEATHER WAS RECORDED YESTERDAY.
  LIGHT RAIN


RELATIVE HUMIDITY (PERCENT)
 HIGHEST    90           200 AM
 LOWEST     60           200 PM
 AVERAGE    75

..........................................................


THE CARIBOU ME CLIMATE NORMALS FOR TODAY
                         NORMAL    RECORD    YEAR
 MAXIMUM TEMPERATURE (F)   52        79      1947
 MINIMUM TEMPERATURE (F)   34        22      2009
                                             2000


SUNRISE AND SUNSET
OCTOBER 17 2017.......SUNRISE   653 AM EDT   SUNSET   541 PM EDT
OCTOBER 18 2017.......SUNRISE   654 AM EDT   SUNSET   539 PM EDT


-  INDICATES NEGATIVE NUMBERS.
R  INDICATES RECORD WAS SET OR TIED.
MM INDICATES DATA IS MISSING.
T  INDICATES TRACE AMOUNT.




$$
