000
CDUS41 KCAR 292026
CLICAR


CLIMATE REPORT
NATIONAL WEATHER SERVICE CARIBOU, ME
426 PM EDT SAT APR 29 2017


...................................

...THE CARIBOU ME CLIMATE SUMMARY FOR APRIL 29 2017...
VALID TODAY AS OF 0400 PM LOCAL TIME.

CLIMATE NORMAL PERIOD 1981 TO 2010
CLIMATE RECORD PERIOD 1939 TO 2017


WEATHER ITEM   OBSERVED TIME   RECORD YEAR NORMAL DEPARTURE LAST
                VALUE   (LST)  VALUE       VALUE  FROM      YEAR
                                                  NORMAL
..................................................................
TEMPERATURE (F)
 TODAY
  MAXIMUM         67   1109 AM  75    1986  55     12       50
  MINIMUM         46    258 AM   8    1947  35     11       18
  AVERAGE         57                        45     12       34

PRECIPITATION (IN)
  TODAY            0.00          1.48 2008   0.10  -0.10     0.00
  MONTH TO DATE    3.86                      2.57   1.29     2.80
  SINCE MAR 1      6.58                      5.08   1.50     7.50
  SINCE JAN 1     12.20                     10.00   2.20    12.97

SNOWFALL (IN)
  TODAY            0.0           4.4  1987   0.1   -0.1      0.0
  MONTH TO DATE    9.8                       7.3    2.5      2.8
  SINCE MAR 1     33.4                      25.6    7.8     30.0
  SINCE JUL 1    130.0                     108.1   21.9     90.0
  SNOW DEPTH       0

DEGREE DAYS
 HEATING
  TODAY            8                        20    -12       31
  MONTH TO DATE  679                       776    -97      849
  SINCE MAR 1   2062                      2030     32     2106
  SINCE JUL 1   8043                      8751   -708     7848

 COOLING
  TODAY            0                         0      0        0
  MONTH TO DATE    0                         0      0        0
  SINCE MAR 1      0                         0      0        0
  SINCE JAN 1      0                         0      0        0
..................................................................


WIND (MPH)
  HIGHEST WIND SPEED    21   HIGHEST WIND DIRECTION    SW (240)
  HIGHEST GUST SPEED    29   HIGHEST GUST DIRECTION    SW (220)
  AVERAGE WIND SPEED     6.7


SKY COVER
  POSSIBLE SUNSHINE  MM
  AVERAGE SKY COVER 0.6


WEATHER CONDITIONS
 THE FOLLOWING WEATHER WAS RECORDED TODAY.
  FOG
  FOG W/VISIBILITY <= 1/4 MILE


RELATIVE HUMIDITY (PERCENT)
 HIGHEST    93          1200 AM
 LOWEST     37          1100 AM
 AVERAGE    65

..........................................................


THE CARIBOU ME CLIMATE NORMALS FOR TOMORROW
                         NORMAL    RECORD    YEAR
 MAXIMUM TEMPERATURE (F)   56        82      2004
 MINIMUM TEMPERATURE (F)   36        23      1943


SUNRISE AND SUNSET
APRIL 29 2017.........SUNRISE   520 AM EDT   SUNSET   740 PM EDT
APRIL 30 2017.........SUNRISE   518 AM EDT   SUNSET   741 PM EDT


-  INDICATES NEGATIVE NUMBERS.
R  INDICATES RECORD WAS SET OR TIED.
MM INDICATES DATA IS MISSING.
T  INDICATES TRACE AMOUNT.




$$
