000
CDUS41 KCAR 300529
CLICAR


CLIMATE REPORT
NATIONAL WEATHER SERVICE CARIBOU, ME
129 AM EDT SUN AUG 30 2015


...................................

...THE CARIBOU ME CLIMATE SUMMARY FOR AUGUST 29 2015...

CLIMATE NORMAL PERIOD 1981 TO 2010
CLIMATE RECORD PERIOD 1939 TO 2015


WEATHER ITEM   OBSERVED TIME   RECORD YEAR NORMAL DEPARTURE LAST
                VALUE   (LST)  VALUE       VALUE  FROM      YEAR
                                                  NORMAL
..................................................................
TEMPERATURE (F)
 YESTERDAY
  MAXIMUM         74    147 PM  92    2010  72      2       73
                                      1977
  MINIMUM         53    237 AM  35    1986  50      3       44
  AVERAGE         64                        61      3       59

PRECIPITATION (IN)
  YESTERDAY        0.00          1.21 1967   0.12  -0.12     0.00
  MONTH TO DATE    4.14                      3.54   0.60     1.68
  SINCE JUN 1     11.58                     11.10   0.48    11.35
  SINCE JAN 1     22.43                     24.52  -2.09    28.55

SNOWFALL (IN)
  YESTERDAY        0.0           0.0  2002   0.0    0.0      0.0
                                      2001
  MONTH TO DATE    0.0                       0.0    0.0      0.0
  SINCE JUN 1      0.0                       0.0    0.0      0.0
  SINCE JUL 1      0.0                       0.0    0.0      0.0
  SNOW DEPTH       0

DEGREE DAYS
 HEATING
  YESTERDAY        1                         5     -4        6
  MONTH TO DATE   12                        85    -73       31
  SINCE JUN 1    289                       308    -19      144
  SINCE JUL 1     77                       143    -66       55

 COOLING
  YESTERDAY        0                         1     -1        0
  MONTH TO DATE  112                        49     63       72
  SINCE JUN 1    174                       160     14      238
  SINCE JAN 1    195                       165     30      241
..................................................................


WIND (MPH)
  HIGHEST WIND SPEED    16   HIGHEST WIND DIRECTION    SW (240)
  HIGHEST GUST SPEED    20   HIGHEST GUST DIRECTION     W (250)
  AVERAGE WIND SPEED     7.0


SKY COVER
  POSSIBLE SUNSHINE  MM
  AVERAGE SKY COVER 0.3


WEATHER CONDITIONS
 THE FOLLOWING WEATHER WAS RECORDED YESTERDAY.
  NO SIGNIFICANT WEATHER WAS OBSERVED.


RELATIVE HUMIDITY (PERCENT)
 HIGHEST    93           400 AM
 LOWEST     53           100 PM
 AVERAGE    73

..........................................................


THE CARIBOU ME CLIMATE NORMALS FOR TODAY
                         NORMAL    RECORD    YEAR
 MAXIMUM TEMPERATURE (F)   72        91      2010
 MINIMUM TEMPERATURE (F)   50        34      1982
                                             1947


SUNRISE AND SUNSET
AUGUST 30 2015........SUNRISE   549 AM EDT   SUNSET   716 PM EDT
AUGUST 31 2015........SUNRISE   550 AM EDT   SUNSET   714 PM EDT


-  INDICATES NEGATIVE NUMBERS.
R  INDICATES RECORD WAS SET OR TIED.
MM INDICATES DATA IS MISSING.
T  INDICATES TRACE AMOUNT.




$$
