000
CDUS41 KCAR 100529
CLICAR


CLIMATE REPORT
NATIONAL WEATHER SERVICE CARIBOU, ME
1229 AM EST WED FEB 10 2016


...................................

...THE CARIBOU ME CLIMATE SUMMARY FOR FEBRUARY 9 2016...

CLIMATE NORMAL PERIOD 1981 TO 2010
CLIMATE RECORD PERIOD 1939 TO 2016


WEATHER ITEM   OBSERVED TIME   RECORD YEAR NORMAL DEPARTURE LAST
                VALUE   (LST)  VALUE       VALUE  FROM      YEAR
                                                  NORMAL
..................................................................
TEMPERATURE (F)
 YESTERDAY
  MAXIMUM         19    359 PM  43    1990  22     -3        8
  MINIMUM         12    458 AM -25    1944   3      9      -16
  AVERAGE         16                        12      4       -4

PRECIPITATION (IN)
  YESTERDAY        0.23          0.68 1996   0.08   0.15     0.00
  MONTH TO DATE    0.85                      0.71   0.14     0.29
  SINCE DEC 1      7.15                      6.69   0.46     9.07
  SINCE JAN 1      2.27                      3.42  -1.15     3.19

SNOWFALL (IN)
  YESTERDAY        4.1           6.8  1996   0.8    3.3      0.0
  MONTH TO DATE    7.4                       7.2    0.2      4.4
  SINCE DEC 1     46.4                      55.3   -8.9     65.2
  SINCE JUL 1     50.5                      67.5  -17.0     94.0
  SNOW DEPTH       9

DEGREE DAYS
 HEATING
  YESTERDAY       49                        53     -4       69
  MONTH TO DATE  402                       483    -81      601
  SINCE DEC 1   2981                      3632   -651     3657
  SINCE JUL 1   4799                      5777   -978     5609

 COOLING
  YESTERDAY        0                         0      0        0
  MONTH TO DATE    0                         0      0        0
  SINCE DEC 1      0                         0      0        0
  SINCE JAN 1      0                         0      0        0
..................................................................


WIND (MPH)
  HIGHEST WIND SPEED    15   HIGHEST WIND DIRECTION     N (360)
  HIGHEST GUST SPEED    20   HIGHEST GUST DIRECTION     N (10)
  AVERAGE WIND SPEED     8.8


SKY COVER
  POSSIBLE SUNSHINE  MM
  AVERAGE SKY COVER 1.0


WEATHER CONDITIONS
 THE FOLLOWING WEATHER WAS RECORDED YESTERDAY.
  SNOW
  LIGHT SNOW
  FOG
  HAZE


RELATIVE HUMIDITY (PERCENT)
 HIGHEST    88          1000 PM
 LOWEST     58           100 AM
 AVERAGE    73

..........................................................


THE CARIBOU ME CLIMATE NORMALS FOR TODAY
                         NORMAL    RECORD    YEAR
 MAXIMUM TEMPERATURE (F)   22        40      2012
                                             2001
 MINIMUM TEMPERATURE (F)    3       -29      1948


SUNRISE AND SUNSET
FEBRUARY 10 2016......SUNRISE   645 AM EST   SUNSET   448 PM EST
FEBRUARY 11 2016......SUNRISE   643 AM EST   SUNSET   450 PM EST


-  INDICATES NEGATIVE NUMBERS.
R  INDICATES RECORD WAS SET OR TIED.
MM INDICATES DATA IS MISSING.
T  INDICATES TRACE AMOUNT.




$$
