000
CDUS41 KCAR 010545
CLICAR


CLIMATE REPORT
NATIONAL WEATHER SERVICE CARIBOU, ME
1245 AM EST SUN JAN 1 2017


...................................

...THE CARIBOU ME CLIMATE SUMMARY FOR DECEMBER 31 2016...

CLIMATE NORMAL PERIOD 1981 TO 2010
CLIMATE RECORD PERIOD 1939 TO 2016


WEATHER ITEM   OBSERVED TIME   RECORD YEAR NORMAL DEPARTURE LAST
                VALUE   (LST)  VALUE       VALUE  FROM      YEAR
                                                  NORMAL
..................................................................
TEMPERATURE (F)
 YESTERDAY
  MAXIMUM         17   1204 AM  38    2010  22     -5       32
                                      2004
  MINIMUM          6    642 AM -21    1989   4      2       23
  AVERAGE         12                        12      0       28

PRECIPITATION (IN)
  YESTERDAY        0.07          0.73 1948   0.09  -0.02     0.11
  MONTH TO DATE    4.20                      3.27   0.93     4.88
  SINCE DEC 1      4.20                      3.27   0.93     4.88
  SINCE JAN 1     43.96                     38.49   5.47    36.17

SNOWFALL (IN)
  YESTERDAY       MM            10.5  1962   0.8   MM        1.5
  MONTH TO DATE   40.4                      22.9   17.5     27.8
  SINCE DEC 1     40.4                      22.9   17.5     27.8
  SINCE JUL 1     60.6                      35.1   25.5     31.9
  SNOW DEPTH       0

DEGREE DAYS
 HEATING
  YESTERDAY       53                        52      1       37
  MONTH TO DATE 1493                      1449     44     1122
  SINCE DEC 1   1493                      1449     44     1122
  SINCE JUL 1   3180                      3594   -414     2940

 COOLING
  YESTERDAY        0                         0      0        0
  MONTH TO DATE    0                         0      0        0
  SINCE DEC 1      0                         0      0        0
  SINCE JAN 1    275                       180     95      253
..................................................................


WIND (MPH)
  HIGHEST WIND SPEED    20   HIGHEST WIND DIRECTION     W (260)
  HIGHEST GUST SPEED    28   HIGHEST GUST DIRECTION     W (250)
  AVERAGE WIND SPEED     5.9


SKY COVER
  POSSIBLE SUNSHINE  MM
  AVERAGE SKY COVER 0.5


WEATHER CONDITIONS
 THE FOLLOWING WEATHER WAS RECORDED YESTERDAY.
  LIGHT SNOW
  FOG
  HAZE


RELATIVE HUMIDITY (PERCENT)
 HIGHEST    84          1000 PM
 LOWEST     61          1200 PM
 AVERAGE    73

..........................................................


THE CARIBOU ME CLIMATE NORMALS FOR TODAY
                         NORMAL    RECORD    YEAR
 MAXIMUM TEMPERATURE (F)   21        48      1945
 MINIMUM TEMPERATURE (F)    3       -32      1972


SUNRISE AND SUNSET
JANUARY  1 2017.......SUNRISE   717 AM EST   SUNSET   354 PM EST
JANUARY  2 2017.......SUNRISE   717 AM EST   SUNSET   355 PM EST


-  INDICATES NEGATIVE NUMBERS.
R  INDICATES RECORD WAS SET OR TIED.
MM INDICATES DATA IS MISSING.
T  INDICATES TRACE AMOUNT.




$$
