000
CDUS41 KCAR 102025
CLICAR


CLIMATE REPORT
NATIONAL WEATHER SERVICE CARIBOU, ME
425 PM EDT FRI OCT 10 2014


...................................

...THE CARIBOU ME CLIMATE SUMMARY FOR OCTOBER 10 2014...
VALID TODAY AS OF 0400 PM LOCAL TIME.

CLIMATE NORMAL PERIOD 1981 TO 2010
CLIMATE RECORD PERIOD 1939 TO 2014


WEATHER ITEM   OBSERVED TIME   RECORD YEAR NORMAL DEPARTURE LAST
                VALUE   (LST)  VALUE       VALUE  FROM      YEAR
                                                  NORMAL
..................................................................
TEMPERATURE (F)
 TODAY
  MAXIMUM         52    146 PM  73    1997  55     -3       72
  MINIMUM         42    551 AM  23    1975  36      6       39
                                      1963
  AVERAGE         47                        46      1       56

PRECIPITATION (IN)
  TODAY            0.00          1.20 1971   0.11  -0.11     0.00
  MONTH TO DATE    1.86                      1.13   0.73     0.90
  SINCE SEP 1      4.45                      4.45   0.00     7.91
  SINCE JAN 1     33.11                     29.19   3.92    40.93

SNOWFALL (IN)
  TODAY            0.0           0.5  2000   0.0    0.0      0.0
  MONTH TO DATE    0.0                       0.1   -0.1      0.0
  SINCE SEP 1      0.0                       0.2   -0.2      0.0
  SINCE JUL 1      0.0                       0.2   -0.2      0.0
  SNOW DEPTH       0

DEGREE DAYS
 HEATING
  TODAY           18                        20     -2        9
  MONTH TO DATE  152                       178    -26      130
  SINCE SEP 1    446                       491    -45      387
  SINCE JUL 1    504                       645   -141      501

 COOLING
  TODAY            0                         0      0        0
  MONTH TO DATE    0                         0      0        0
  SINCE SEP 1     24                        11     13       13
  SINCE JAN 1    265                       180     85      192
..................................................................


WIND (MPH)
  HIGHEST WIND SPEED    23   HIGHEST WIND DIRECTION     W (250)
  HIGHEST GUST SPEED    30   HIGHEST GUST DIRECTION     W (250)
  AVERAGE WIND SPEED    14.7


SKY COVER
  POSSIBLE SUNSHINE  MM
  AVERAGE SKY COVER 0.8


WEATHER CONDITIONS
 THE FOLLOWING WEATHER WAS RECORDED TODAY.
  NO SIGNIFICANT WEATHER WAS OBSERVED.


RELATIVE HUMIDITY (PERCENT)
 HIGHEST    79          1200 AM
 LOWEST     59          1100 AM
 AVERAGE    69

..........................................................


THE CARIBOU ME CLIMATE NORMALS FOR TOMORROW
                         NORMAL    RECORD    YEAR
 MAXIMUM TEMPERATURE (F)   54        76      2003
 MINIMUM TEMPERATURE (F)   36        21      1993
                                             1986


SUNRISE AND SUNSET
OCTOBER 10 2014.......SUNRISE   643 AM EDT   SUNSET   554 PM EDT
OCTOBER 11 2014.......SUNRISE   644 AM EDT   SUNSET   552 PM EDT


-  INDICATES NEGATIVE NUMBERS.
R  INDICATES RECORD WAS SET OR TIED.
MM INDICATES DATA IS MISSING.
T  INDICATES TRACE AMOUNT.




$$
