000
CDUS41 KCAR 050542
CLICAR


CLIMATE REPORT
NATIONAL WEATHER SERVICE CARIBOU, ME
129 AM EDT SAT AUG 5 2017


...................................

...THE CARIBOU ME CLIMATE SUMMARY FOR AUGUST 4 2017...

CLIMATE NORMAL PERIOD 1981 TO 2010
CLIMATE RECORD PERIOD 1939 TO 2017


WEATHER ITEM   OBSERVED TIME   RECORD YEAR NORMAL DEPARTURE LAST
                VALUE   (LST)  VALUE       VALUE  FROM      YEAR
                                                  NORMAL
..................................................................
TEMPERATURE (F)
 YESTERDAY
  MAXIMUM         84    310 PM  93    1944  76      8       77
  MINIMUM         63    507 AM  40    1997  55      8       60
  AVERAGE         74                        65      9       69

PRECIPITATION (IN)
  YESTERDAY        0.00          1.63 1954   0.13  -0.13     0.65
  MONTH TO DATE    0.01                      0.52  -0.51     0.65
  SINCE JUN 1      7.02                      8.08  -1.06     9.94
  SINCE JAN 1     23.59                     21.50   2.09    25.87

SNOWFALL (IN)
  YESTERDAY        0.0           0.0  2002   0.0    0.0      0.0
                                      2001
  MONTH TO DATE    0.0                       0.0    0.0      0.0
  SINCE JUN 1      0.0                       0.0    0.0      0.0
  SINCE JUL 1      0.0                       0.0    0.0      0.0
  SNOW DEPTH       0

DEGREE DAYS
 HEATING
  YESTERDAY        0                         2     -2        0
  MONTH TO DATE    0                         8     -8        0
  SINCE JUN 1    171                       231    -60      192
  SINCE JUL 1     39                        66    -27       48

 COOLING
  YESTERDAY        9                         2      7        4
  MONTH TO DATE   25                         9     16       15
  SINCE JUN 1    148                       120     28      169
  SINCE JAN 1    154                       125     29      177
..................................................................


WIND (MPH)
  HIGHEST WIND SPEED    17   HIGHEST WIND DIRECTION     S (160)
  HIGHEST GUST SPEED    24   HIGHEST GUST DIRECTION    SE (140)
  AVERAGE WIND SPEED     8.0


SKY COVER
  POSSIBLE SUNSHINE  MM
  AVERAGE SKY COVER 0.5


WEATHER CONDITIONS
 THE FOLLOWING WEATHER WAS RECORDED YESTERDAY.
  FOG
  FOG W/VISIBILITY <= 1/4 MILE


RELATIVE HUMIDITY (PERCENT)
 HIGHEST   100           400 AM
 LOWEST     55           300 PM
 AVERAGE    78

..........................................................


THE CARIBOU ME CLIMATE NORMALS FOR TODAY
                         NORMAL    RECORD    YEAR
 MAXIMUM TEMPERATURE (F)   76        93      1944
 MINIMUM TEMPERATURE (F)   55        43      1972


SUNRISE AND SUNSET
AUGUST  5 2017........SUNRISE   517 AM EDT   SUNSET   758 PM EDT
AUGUST  6 2017........SUNRISE   518 AM EDT   SUNSET   757 PM EDT


-  INDICATES NEGATIVE NUMBERS.
R  INDICATES RECORD WAS SET OR TIED.
MM INDICATES DATA IS MISSING.
T  INDICATES TRACE AMOUNT.

....................................................................................

THE CARIBOU ME 4 INCH UNDER SOD SOIL TEMPERATURE FOR AUGUST 4, 2017

MAXIMUM 78F
MINIMUM 71F


$$
