000
CDUS41 KCAR 140536
CLICAR


CLIMATE REPORT
NATIONAL WEATHER SERVICE CARIBOU, ME
131 AM EDT WED SEP 14 2016


...................................

...THE CARIBOU ME CLIMATE SUMMARY FOR SEPTEMBER 13 2016...

CLIMATE NORMAL PERIOD 1981 TO 2010
CLIMATE RECORD PERIOD 1939 TO 2016


WEATHER ITEM   OBSERVED TIME   RECORD YEAR NORMAL DEPARTURE LAST
                VALUE   (LST)  VALUE       VALUE  FROM      YEAR
                                                  NORMAL
..................................................................
TEMPERATURE (F)
 YESTERDAY
  MAXIMUM         77    141 PM  87    1951  67     10       70
  MINIMUM         53    349 AM  31    1964  45      8       53
                                      1963
  AVERAGE         65                        56      9       62

PRECIPITATION (IN)
  YESTERDAY        0.00          0.96 2011   0.11  -0.11     0.01
  MONTH TO DATE    0.88                      1.36  -0.48     0.97
  SINCE SEP 1      0.88                      1.36  -0.48     0.97
  SINCE JAN 1     31.99                     26.10   5.89    23.44

SNOWFALL (IN)
  YESTERDAY        0.0           0.0  2002   0.0    0.0      0.0
                                      2001
  MONTH TO DATE    0.0                       0.0    0.0      0.0
  SINCE SEP 1      0.0                       0.0    0.0      0.0
  SINCE JUL 1      0.0                       0.0    0.0      0.0
  SNOW DEPTH       0

DEGREE DAYS
 HEATING
  YESTERDAY        0                         9     -9        3
  MONTH TO DATE   21                        97    -76       27
  SINCE SEP 1     21                        97    -76       27
  SINCE JUL 1    101                       251   -150      104

 COOLING
  YESTERDAY        0                         0      0        0
  MONTH TO DATE   19                        10      9       27
  SINCE SEP 1     19                        10      9       27
  SINCE JAN 1    272                       179     93      230
..................................................................


WIND (MPH)
  HIGHEST WIND SPEED    18   HIGHEST WIND DIRECTION     W (250)
  HIGHEST GUST SPEED    26   HIGHEST GUST DIRECTION     W (250)
  AVERAGE WIND SPEED     8.6


SKY COVER
  POSSIBLE SUNSHINE  MM
  AVERAGE SKY COVER 0.0


WEATHER CONDITIONS
 THE FOLLOWING WEATHER WAS RECORDED YESTERDAY.
  NO SIGNIFICANT WEATHER WAS OBSERVED.


RELATIVE HUMIDITY (PERCENT)
 HIGHEST    83          1200 AM
 LOWEST     46           200 PM
 AVERAGE    65

..........................................................


THE CARIBOU ME CLIMATE NORMALS FOR TODAY
                         NORMAL    RECORD    YEAR
 MAXIMUM TEMPERATURE (F)   66        82      2003
                                             1976
 MINIMUM TEMPERATURE (F)   45        28      1963


SUNRISE AND SUNSET
SEPTEMBER 14 2016.....SUNRISE   609 AM EDT   SUNSET   645 PM EDT
SEPTEMBER 15 2016.....SUNRISE   610 AM EDT   SUNSET   643 PM EDT


-  INDICATES NEGATIVE NUMBERS.
R  INDICATES RECORD WAS SET OR TIED.
MM INDICATES DATA IS MISSING.
T  INDICATES TRACE AMOUNT.




$$
