000
CDUS41 KCAR 300611
CLICAR


CLIMATE REPORT
NATIONAL WEATHER SERVICE CARIBOU, ME
110 AM EST MON JAN 30 2017


...................................

...THE CARIBOU ME CLIMATE SUMMARY FOR JANUARY 29 2017...

CLIMATE NORMAL PERIOD 1981 TO 2010
CLIMATE RECORD PERIOD 1939 TO 2017


WEATHER ITEM   OBSERVED TIME   RECORD YEAR NORMAL DEPARTURE LAST
                VALUE   (LST)  VALUE       VALUE  FROM      YEAR
                                                  NORMAL
..................................................................
TEMPERATURE (F)
 YESTERDAY
  MAXIMUM         34    338 PM  43    1994  20     14       33
  MINIMUM         16    455 AM -24    1971   1     15       23
  AVERAGE         25                        10     15       28

PRECIPITATION (IN)
  YESTERDAY        T             1.02 1977   0.08  -0.08      T
  MONTH TO DATE    3.42                      2.54   0.88     1.36
  SINCE DEC 1      7.62                      5.81   1.81     6.24
  SINCE JAN 1      3.42                      2.54   0.88     1.36

SNOWFALL (IN)
  YESTERDAY        0.1          13.9  1977   0.8   -0.7       T
  MONTH TO DATE   17.5                      23.6   -6.1     10.6
  SINCE DEC 1     58.7                      46.5   12.2     38.4
  SINCE JUL 1     78.9                      58.7   20.2     42.5
  SNOW DEPTH      26

DEGREE DAYS
 HEATING
  YESTERDAY       40                        55    -15       37
  MONTH TO DATE 1338                      1591   -253     1383
  SINCE DEC 1   2831                      3040   -209     2505
  SINCE JUL 1   4518                      5185   -667     4323

 COOLING
  YESTERDAY        0                         0      0        0
  MONTH TO DATE    0                         0      0        0
  SINCE DEC 1      0                         0      0        0
  SINCE JAN 1      0                         0      0        0
..................................................................


WIND (MPH)
  HIGHEST WIND SPEED    16   HIGHEST WIND DIRECTION     W (250)
  HIGHEST GUST SPEED    23   HIGHEST GUST DIRECTION     W (250)
  AVERAGE WIND SPEED     5.8


SKY COVER
  POSSIBLE SUNSHINE  MM
  AVERAGE SKY COVER 0.7


WEATHER CONDITIONS
 THE FOLLOWING WEATHER WAS RECORDED YESTERDAY.
  LIGHT SNOW
  FOG
  HAZE


RELATIVE HUMIDITY (PERCENT)
 HIGHEST    92           300 AM
 LOWEST     56           300 PM
 AVERAGE    74

..........................................................


THE CARIBOU ME CLIMATE NORMALS FOR TODAY
                         NORMAL    RECORD    YEAR
 MAXIMUM TEMPERATURE (F)   20        46      2013
 MINIMUM TEMPERATURE (F)    1       -27      1951


SUNRISE AND SUNSET
JANUARY 30 2017.......SUNRISE   659 AM EST   SUNSET   433 PM EST
JANUARY 31 2017.......SUNRISE   658 AM EST   SUNSET   434 PM EST


-  INDICATES NEGATIVE NUMBERS.
R  INDICATES RECORD WAS SET OR TIED.
MM INDICATES DATA IS MISSING.
T  INDICATES TRACE AMOUNT.




$$
