000
CDUS41 KCAR 242126
CLICAR


CLIMATE REPORT
NATIONAL WEATHER SERVICE CARIBOU, ME
426 PM EST FRI NOV 24 2017


...................................

...THE CARIBOU ME CLIMATE SUMMARY FOR NOVEMBER 24 2017...
VALID TODAY AS OF 0400 PM LOCAL TIME.

CLIMATE NORMAL PERIOD 1981 TO 2010
CLIMATE RECORD PERIOD 1939 TO 2017


WEATHER ITEM   OBSERVED TIME   RECORD YEAR NORMAL DEPARTURE LAST
                VALUE   (LST)  VALUE       VALUE  FROM      YEAR
                                                  NORMAL
..................................................................
TEMPERATURE (F)
 TODAY
  MAXIMUM         35   1051 AM  56    2014  35      0       31
  MINIMUM         24    112 AM  -1    1989  21      3       28
  AVERAGE         30                        28      2       30

PRECIPITATION (IN)
  TODAY            0.01          0.92 1967   0.13  -0.12      T
  MONTH TO DATE    3.43                      2.92   0.51     1.79
  SINCE SEP 1     12.79                      9.77   3.02     6.81
  SINCE JAN 1     38.65                     34.51   4.14    37.92

SNOWFALL (IN)
  TODAY            0.3           4.2  1997   0.5   -0.2       T
  MONTH TO DATE    1.2                       7.4   -6.2      2.5
  SINCE SEP 1      1.2                       9.1   -7.9      2.5
  SINCE JUL 1      1.2                       9.1   -7.9      2.5
  SNOW DEPTH       T

DEGREE DAYS
 HEATING
  TODAY           35                        37     -2       35
  MONTH TO DATE  800                       773     27      634
  SINCE SEP 1   1360                      1759   -399     1405
  SINCE JUL 1   1484                      1913   -429     1485

 COOLING
  TODAY            0                         0      0        0
  MONTH TO DATE    0                         0      0        0
  SINCE SEP 1     35                        11     24       22
  SINCE JAN 1    222                       180     42      275
..................................................................


WIND (MPH)
  HIGHEST WIND SPEED    20   HIGHEST WIND DIRECTION    SW (240)
  HIGHEST GUST SPEED    26   HIGHEST GUST DIRECTION    SW (230)
  AVERAGE WIND SPEED     6.7


SKY COVER
  POSSIBLE SUNSHINE  MM
  AVERAGE SKY COVER 0.9


WEATHER CONDITIONS
 THE FOLLOWING WEATHER WAS RECORDED TODAY.
  LIGHT SNOW
  FOG


RELATIVE HUMIDITY (PERCENT)
 HIGHEST    85           800 AM
 LOWEST     64           100 PM
 AVERAGE    75

..........................................................


THE CARIBOU ME CLIMATE NORMALS FOR TOMORROW
                         NORMAL    RECORD    YEAR
 MAXIMUM TEMPERATURE (F)   34        62      1953
 MINIMUM TEMPERATURE (F)   21         0      1956


SUNRISE AND SUNSET
NOVEMBER 24 2017......SUNRISE   648 AM EST   SUNSET   349 PM EST
NOVEMBER 25 2017......SUNRISE   649 AM EST   SUNSET   349 PM EST


-  INDICATES NEGATIVE NUMBERS.
R  INDICATES RECORD WAS SET OR TIED.
MM INDICATES DATA IS MISSING.
T  INDICATES TRACE AMOUNT.




$$
