000
CDUS41 KCAR 102027
CLICAR


CLIMATE REPORT
NATIONAL WEATHER SERVICE CARIBOU, ME
427 PM EDT TUE OCT 10 2017


...................................

...THE CARIBOU ME CLIMATE SUMMARY FOR OCTOBER 10 2017...
VALID TODAY AS OF 0400 PM LOCAL TIME.

CLIMATE NORMAL PERIOD 1981 TO 2010
CLIMATE RECORD PERIOD 1939 TO 2017


WEATHER ITEM   OBSERVED TIME   RECORD YEAR NORMAL DEPARTURE LAST
                VALUE   (LST)  VALUE       VALUE  FROM      YEAR
                                                  NORMAL
..................................................................
TEMPERATURE (F)
 TODAY
  MAXIMUM         75R   250 PM  73    1997  55     20       52
  MINIMUM         61    557 AM  23    1975  36     25       34
                                      1963
  AVERAGE         68                        46     22       43

PRECIPITATION (IN)
  TODAY            0.05          1.20 1971   0.11  -0.06     0.00
  MONTH TO DATE    1.28                      1.13   0.15     0.11
  SINCE SEP 1      4.41                      4.45  -0.04     2.59
  SINCE JAN 1     30.27                     29.19   1.08    33.70

SNOWFALL (IN)
  TODAY            0.0           0.5  2000   0.0    0.0      0.0
  MONTH TO DATE    0.0                       0.1   -0.1      0.0
  SINCE SEP 1      0.0                       0.2   -0.2      0.0
  SINCE JUL 1      0.0                       0.2   -0.2      0.0
  SNOW DEPTH       0

DEGREE DAYS
 HEATING
  TODAY            0                        20    -20       22
  MONTH TO DATE  102                       178    -76      129
  SINCE SEP 1    248                       491   -243      334
  SINCE JUL 1    372                       645   -273      414

 COOLING
  TODAY            3                         0      3        0
  MONTH TO DATE    3                         0      3        0
  SINCE SEP 1     37                        11     26       22
  SINCE JAN 1    224                       180     44      275
..................................................................


WIND (MPH)
  HIGHEST WIND SPEED    16   HIGHEST WIND DIRECTION    NW (310)
  HIGHEST GUST SPEED    21   HIGHEST GUST DIRECTION    NW (300)
  AVERAGE WIND SPEED     8.0


SKY COVER
  POSSIBLE SUNSHINE  MM
  AVERAGE SKY COVER 0.6


WEATHER CONDITIONS
 THE FOLLOWING WEATHER WAS RECORDED TODAY.
  LIGHT RAIN
  FOG


RELATIVE HUMIDITY (PERCENT)
 HIGHEST   100           500 AM
 LOWEST     53           100 PM
 AVERAGE    77

..........................................................


THE CARIBOU ME CLIMATE NORMALS FOR TOMORROW
                         NORMAL    RECORD    YEAR
 MAXIMUM TEMPERATURE (F)   54        76      2003
 MINIMUM TEMPERATURE (F)   36        21      1993
                                             1986


SUNRISE AND SUNSET
OCTOBER 10 2017.......SUNRISE   643 AM EDT   SUNSET   554 PM EDT
OCTOBER 11 2017.......SUNRISE   645 AM EDT   SUNSET   552 PM EDT


-  INDICATES NEGATIVE NUMBERS.
R  INDICATES RECORD WAS SET OR TIED.
MM INDICATES DATA IS MISSING.
T  INDICATES TRACE AMOUNT.




$$
