000
CDUS41 KCAR 122126
CLICAR


CLIMATE REPORT
NATIONAL WEATHER SERVICE CARIBOU, ME
426 PM EST FRI DEC 12 2014


...................................

...THE CARIBOU ME CLIMATE SUMMARY FOR DECEMBER 12 2014...
VALID TODAY AS OF 0400 PM LOCAL TIME.

CLIMATE NORMAL PERIOD 1981 TO 2010
CLIMATE RECORD PERIOD 1939 TO 2014


WEATHER ITEM   OBSERVED TIME   RECORD YEAR NORMAL DEPARTURE LAST
                VALUE   (LST)  VALUE       VALUE  FROM      YEAR
                                                  NORMAL
..................................................................
TEMPERATURE (F)
 TODAY
  MAXIMUM         36    359 PM  58    1950  27      9        4
  MINIMUM         33    714 AM -16    1965  12     21       -8
  AVERAGE         35                        20     15       -2

PRECIPITATION (IN)
  TODAY            0.12          1.46 1967   0.12   0.00     0.00
  MONTH TO DATE    2.85                      1.39   1.46     0.59
  SINCE DEC 1      2.85                      1.39   1.46     0.59
  SINCE JAN 1     43.26                     36.61   6.65    47.17

SNOWFALL (IN)
  TODAY            0.1           7.6  1957   0.8   -0.7      0.0
  MONTH TO DATE   13.7                       8.1    5.6      4.3
  SINCE DEC 1     13.7                       8.1    5.6      4.3
  SINCE JUL 1     42.5                      20.3   22.2     14.4
  SNOW DEPTH       8

DEGREE DAYS
 HEATING
  TODAY           30                        45    -15       67
  MONTH TO DATE  551                       513     38      512
  SINCE DEC 1    551                       513     38      512
  SINCE JUL 1   2503                      2658   -155     2468

 COOLING
  TODAY            0                         0      0        0
  MONTH TO DATE    0                         0      0        0
  SINCE DEC 1      0                         0      0        0
  SINCE JAN 1    266                       180     86      192
..................................................................


WIND (MPH)
  HIGHEST WIND SPEED    10   HIGHEST WIND DIRECTION    SW (220)
  HIGHEST GUST SPEED    14   HIGHEST GUST DIRECTION    SW (240)
  AVERAGE WIND SPEED     5.2


SKY COVER
  POSSIBLE SUNSHINE  MM
  AVERAGE SKY COVER 1.0


WEATHER CONDITIONS
 THE FOLLOWING WEATHER WAS RECORDED TODAY.
  LIGHT RAIN
  LIGHT SNOW
  FOG


RELATIVE HUMIDITY (PERCENT)
 HIGHEST   100           900 AM
 LOWEST     92          1200 AM
 AVERAGE    96

..........................................................


THE CARIBOU ME CLIMATE NORMALS FOR TOMORROW
                         NORMAL    RECORD    YEAR
 MAXIMUM TEMPERATURE (F)   27        57      2010
 MINIMUM TEMPERATURE (F)   12       -20      1977


SUNRISE AND SUNSET
DECEMBER 12 2014......SUNRISE   708 AM EST   SUNSET   343 PM EST
DECEMBER 13 2014......SUNRISE   709 AM EST   SUNSET   344 PM EST


-  INDICATES NEGATIVE NUMBERS.
R  INDICATES RECORD WAS SET OR TIED.
MM INDICATES DATA IS MISSING.
T  INDICATES TRACE AMOUNT.




$$
