000
CDUS41 KCAR 042133
CLICAR


CLIMATE REPORT
NATIONAL WEATHER SERVICE CARIBOU, ME
433 PM EST SAT MAR 4 2017


...................................

...THE CARIBOU ME CLIMATE SUMMARY FOR MARCH 4 2017...
VALID TODAY AS OF 0400 PM LOCAL TIME.

CLIMATE NORMAL PERIOD 1981 TO 2010
CLIMATE RECORD PERIOD 1939 TO 2017


WEATHER ITEM   OBSERVED TIME   RECORD YEAR NORMAL DEPARTURE LAST
                VALUE   (LST)  VALUE       VALUE  FROM      YEAR
                                                  NORMAL
..................................................................
TEMPERATURE (F)
 TODAY
  MAXIMUM          6    359 PM  54    1974  30    -24       20
  MINIMUM         -5    620 AM -17    1955  10    -15       -8
                                      1950
  AVERAGE          1                        20    -19        6

PRECIPITATION (IN)
  TODAY            T             0.88 1971   0.08  -0.08     0.00
  MONTH TO DATE    0.69                      0.33   0.36     0.81
  SINCE MAR 1      0.69                      0.33   0.36     0.81
  SINCE JAN 1      6.31                      5.25   1.06     6.28

SNOWFALL (IN)
  TODAY            T            11.4  1971   0.7   -0.7      0.0
  MONTH TO DATE    0.2                       2.9   -2.7      7.7
  SINCE MAR 1      0.2                       2.9   -2.7      7.7
  SINCE JUL 1     96.8                      85.4   11.4     67.7
  SNOW DEPTH      22

DEGREE DAYS
 HEATING
  TODAY           64                        45     19       59
  MONTH TO DATE  185                       183      2      217
  SINCE MAR 1    185                       183      2      217
  SINCE JUL 1   6166                      6904   -738     5959

 COOLING
  TODAY            0                         0      0        0
  MONTH TO DATE    0                         0      0        0
  SINCE MAR 1      0                         0      0        0
  SINCE JAN 1      0                         0      0        0
..................................................................


WIND (MPH)
  HIGHEST WIND SPEED    28   HIGHEST WIND DIRECTION    NW (330)
  HIGHEST GUST SPEED    35   HIGHEST GUST DIRECTION    NW (310)
  AVERAGE WIND SPEED    13.4


SKY COVER
  POSSIBLE SUNSHINE  MM
  AVERAGE SKY COVER 0.4


WEATHER CONDITIONS
 THE FOLLOWING WEATHER WAS RECORDED TODAY.
  LIGHT SNOW
  HAZE
  BLOWING SNOW


RELATIVE HUMIDITY (PERCENT)
 HIGHEST    68           600 AM
 LOWEST     49           200 PM
 AVERAGE    59

..........................................................


THE CARIBOU ME CLIMATE NORMALS FOR TOMORROW
                         NORMAL    RECORD    YEAR
 MAXIMUM TEMPERATURE (F)   30        48      1965
 MINIMUM TEMPERATURE (F)   10       -19      2014


SUNRISE AND SUNSET
MARCH  4 2017.........SUNRISE   606 AM EST   SUNSET   522 PM EST
MARCH  5 2017.........SUNRISE   604 AM EST   SUNSET   524 PM EST


-  INDICATES NEGATIVE NUMBERS.
R  INDICATES RECORD WAS SET OR TIED.
MM INDICATES DATA IS MISSING.
T  INDICATES TRACE AMOUNT.




$$
