000
CDUS41 KCAR 290526
CLICAR


CLIMATE REPORT
NATIONAL WEATHER SERVICE CARIBOU, ME
126 AM EDT MON SEP 29 2014


...................................

...THE CARIBOU ME CLIMATE SUMMARY FOR SEPTEMBER 28 2014...

CLIMATE NORMAL PERIOD 1981 TO 2010
CLIMATE RECORD PERIOD 1939 TO 2014


WEATHER ITEM   OBSERVED TIME   RECORD YEAR NORMAL DEPARTURE LAST
                VALUE   (LST)  VALUE       VALUE  FROM      YEAR
                                                  NORMAL
..................................................................
TEMPERATURE (F)
 YESTERDAY
  MAXIMUM         84R   145 PM  77    1946  60     24       75
  MINIMUM         52    548 AM  25    1971  40     12       38
                                      1965
  AVERAGE         68                        50     18       57

PRECIPITATION (IN)
  YESTERDAY        0.00          1.91 2008   0.12  -0.12     0.00
  MONTH TO DATE    2.58                      3.09  -0.51     7.01
  SINCE SEP 1      2.58                      3.09  -0.51     7.01
  SINCE JAN 1     31.24                     27.83   3.41    40.03

SNOWFALL (IN)
  YESTERDAY        0.0           0.0  2002   0.0    0.0      0.0
                                      2001
  MONTH TO DATE    0.0                       0.1   -0.1      0.0
  SINCE SEP 1      0.0                       0.1   -0.1      0.0
  SINCE JUL 1      0.0                       0.1   -0.1      0.0
  SNOW DEPTH       0

DEGREE DAYS
 HEATING
  YESTERDAY        0                        15    -15        8
  MONTH TO DATE  262                       281    -19      244
  SINCE SEP 1    262                       281    -19      244
  SINCE JUL 1    320                       435   -115      358

 COOLING
  YESTERDAY        3                         0      3        0
  MONTH TO DATE   24                        10     14       13
  SINCE SEP 1     24                        10     14       13
  SINCE JAN 1    265                       179     86      192
..................................................................


WIND (MPH)
  HIGHEST WIND SPEED    17   HIGHEST WIND DIRECTION    SW (240)
  HIGHEST GUST SPEED    24   HIGHEST GUST DIRECTION    SW (220)
  AVERAGE WIND SPEED     7.1


SKY COVER
  POSSIBLE SUNSHINE  MM
  AVERAGE SKY COVER 0.0


WEATHER CONDITIONS
 THE FOLLOWING WEATHER WAS RECORDED YESTERDAY.
  NO SIGNIFICANT WEATHER WAS OBSERVED.


RELATIVE HUMIDITY (PERCENT)
 HIGHEST    93           200 AM
 LOWEST     34           200 PM
 AVERAGE    64

..........................................................


THE CARIBOU ME CLIMATE NORMALS FOR TODAY
                         NORMAL    RECORD    YEAR
 MAXIMUM TEMPERATURE (F)   60        80      1987
                                             1959
 MINIMUM TEMPERATURE (F)   40        23      1980


SUNRISE AND SUNSET
SEPTEMBER 29 2014.....SUNRISE   628 AM EDT   SUNSET   616 PM EDT
SEPTEMBER 30 2014.....SUNRISE   629 AM EDT   SUNSET   614 PM EDT


-  INDICATES NEGATIVE NUMBERS.
R  INDICATES RECORD WAS SET OR TIED.
MM INDICATES DATA IS MISSING.
T  INDICATES TRACE AMOUNT.




$$
