000
CDUS41 KCAR 090527
CLICAR


CLIMATE REPORT
NATIONAL WEATHER SERVICE CARIBOU, ME
127 AM EDT WED JUL 9 2014


...................................

...THE CARIBOU ME CLIMATE SUMMARY FOR JULY 8 2014...

CLIMATE NORMAL PERIOD 1981 TO 2010
CLIMATE RECORD PERIOD 1939 TO 2014


WEATHER ITEM   OBSERVED TIME   RECORD YEAR NORMAL DEPARTURE LAST
                VALUE   (LST)  VALUE       VALUE  FROM      YEAR
                                                  NORMAL
..................................................................
TEMPERATURE (F)
 YESTERDAY
  MAXIMUM         83    344 PM  94    1944  76      7       78
  MINIMUM         63    102 AM  40    1946  55      8       56
  AVERAGE         73                        65      8       67

PRECIPITATION (IN)
  YESTERDAY        0.04          1.30 1941   0.14  -0.10     0.00
  MONTH TO DATE    4.27                      1.09   3.18     0.02
  SINCE JUN 1      6.88                      4.57   2.31     6.08
  SINCE JAN 1     24.08                     17.99   6.09    20.10

SNOWFALL (IN)
  YESTERDAY        0.0           0.0  2002   0.0    0.0      0.0
                                      2001
  MONTH TO DATE    0.0                       0.0    0.0      0.0
  SINCE JUN 1      0.0                       0.0    0.0      0.0
  SINCE JUL 1      0.0                       0.0    0.0      0.0
  SNOW DEPTH       0

DEGREE DAYS
 HEATING
  YESTERDAY        0                         2     -2        0
  MONTH TO DATE   15                        20     -5        3
  SINCE JUN 1    104                       185    -81      181
  SINCE JUL 1     15                        20     -5        3

 COOLING
  YESTERDAY        8                         2      6        2
  MONTH TO DATE   52                        16     36       54
  SINCE JUN 1     88                        50     38       77
  SINCE JAN 1     91                        55     36       85
..................................................................


WIND (MPH)
  HIGHEST WIND SPEED    18   HIGHEST WIND DIRECTION    SW (230)
  HIGHEST GUST SPEED    27   HIGHEST GUST DIRECTION    SW (240)
  AVERAGE WIND SPEED     8.4


SKY COVER
  POSSIBLE SUNSHINE  MM
  AVERAGE SKY COVER 0.5


WEATHER CONDITIONS
 THE FOLLOWING WEATHER WAS RECORDED YESTERDAY.
  LIGHT RAIN
  FOG


RELATIVE HUMIDITY (PERCENT)
 HIGHEST   100          1200 AM
 LOWEST     43           400 PM
 AVERAGE    72

..........................................................


THE CARIBOU ME CLIMATE NORMALS FOR TODAY
                         NORMAL    RECORD    YEAR
 MAXIMUM TEMPERATURE (F)   76        94      1944
 MINIMUM TEMPERATURE (F)   55        43      2007
                                             1969


SUNRISE AND SUNSET
JULY  9 2014..........SUNRISE   447 AM EDT   SUNSET   827 PM EDT
JULY 10 2014..........SUNRISE   448 AM EDT   SUNSET   826 PM EDT


-  INDICATES NEGATIVE NUMBERS.
R  INDICATES RECORD WAS SET OR TIED.
MM INDICATES DATA IS MISSING.
T  INDICATES TRACE AMOUNT.




$$
