000
CDUS41 KCAR 272032
CLICAR


CLIMATE REPORT
NATIONAL WEATHER SERVICE CARIBOU, ME
431 PM EDT WED MAY 27 2015


...................................

...THE CARIBOU ME CLIMATE SUMMARY FOR MAY 27 2015...
VALID TODAY AS OF 0400 PM LOCAL TIME.

CLIMATE NORMAL PERIOD 1981 TO 2010
CLIMATE RECORD PERIOD 1939 TO 2015


WEATHER ITEM   OBSERVED TIME   RECORD YEAR NORMAL DEPARTURE LAST
                VALUE   (LST)  VALUE       VALUE  FROM      YEAR
                                                  NORMAL
..................................................................
TEMPERATURE (F)
 TODAY
  MAXIMUM         86    245 PM  92    1978  66     20       54
  MINIMUM         61    335 AM  30    1969  44     17       40
  AVERAGE         74                        55     19       47

PRECIPITATION (IN)
  TODAY            T             2.08 1961   0.12  -0.12     0.00
  MONTH TO DATE    1.70                      2.88  -1.18     2.89
  SINCE MAR 1      5.70                      8.05  -2.35    10.70
  SINCE JAN 1      9.80                     12.97  -3.17    16.92

SNOWFALL (IN)
  TODAY            0.0           0.0  2002   0.0    0.0      0.0
                                      2001
  MONTH TO DATE    0.3                       0.5   -0.2      0.0
  SINCE MAR 1     33.8                      26.2    7.6     51.3
  SINCE JUL 1    142.1                     108.7   33.4    150.7
  SNOW DEPTH       0

DEGREE DAYS
 HEATING
  TODAY            0                        10    -10       18
  MONTH TO DATE  292                       385    -93      358
  SINCE MAR 1   2539                      2430    109     2726
  SINCE JUL 1   9280                      9151    129     9380

 COOLING
  TODAY            9                         0      9        0
  MONTH TO DATE   13                         0     13        3
  SINCE MAR 1     13                         0     13        3
  SINCE JAN 1     13                         0     13        3
..................................................................


WIND (MPH)
  HIGHEST WIND SPEED    20   HIGHEST WIND DIRECTION    SW (220)
  HIGHEST GUST SPEED    28   HIGHEST GUST DIRECTION    SW (230)
  AVERAGE WIND SPEED     5.1


SKY COVER
  POSSIBLE SUNSHINE  MM
  AVERAGE SKY COVER 0.3


WEATHER CONDITIONS
 THE FOLLOWING WEATHER WAS RECORDED TODAY.
  LIGHT RAIN
  FOG


RELATIVE HUMIDITY (PERCENT)
 HIGHEST    93           300 AM
 LOWEST     44           300 PM
 AVERAGE    69

..........................................................


THE CARIBOU ME CLIMATE NORMALS FOR TOMORROW
                         NORMAL    RECORD    YEAR
 MAXIMUM TEMPERATURE (F)   67        89      1978
 MINIMUM TEMPERATURE (F)   44        32      1994


SUNRISE AND SUNSET
MAY 27 2015...........SUNRISE   445 AM EDT   SUNSET   814 PM EDT
MAY 28 2015...........SUNRISE   444 AM EDT   SUNSET   815 PM EDT


-  INDICATES NEGATIVE NUMBERS.
R  INDICATES RECORD WAS SET OR TIED.
MM INDICATES DATA IS MISSING.
T  INDICATES TRACE AMOUNT.




$$
