000
CDUS41 KCAR 040535
CLICAR


CLIMATE REPORT
NATIONAL WEATHER SERVICE CARIBOU, ME
1230 AM EST WED MAR 4 2015


...................................

...THE CARIBOU ME CLIMATE SUMMARY FOR MARCH 3 2015...

CLIMATE NORMAL PERIOD 1981 TO 2010
CLIMATE RECORD PERIOD 1939 TO 2015


WEATHER ITEM   OBSERVED TIME   RECORD YEAR NORMAL DEPARTURE LAST
                VALUE   (LST)  VALUE       VALUE  FROM      YEAR
                                                  NORMAL
..................................................................
TEMPERATURE (F)
 YESTERDAY
  MAXIMUM         22    430 PM  50    1964  29     -7       11
  MINIMUM          0    654 AM -24    2001  10    -10      -16
  AVERAGE         11                        19     -8       -2

PRECIPITATION (IN)
  YESTERDAY        0.08          1.09 1946   0.09  -0.01     0.00
  MONTH TO DATE    0.15                      0.25  -0.10     0.03
  SINCE MAR 1      0.15                      0.25  -0.10     0.03
  SINCE JAN 1      4.25                      5.17  -0.92     6.25

SNOWFALL (IN)
  YESTERDAY        1.9           8.7  1947   0.8    1.1      0.0
  MONTH TO DATE    2.5                       2.2    0.3      0.6
  SINCE MAR 1      2.5                       2.2    0.3      0.6
  SINCE JUL 1    110.8                      84.7   26.1    100.0
  SNOW DEPTH      20

DEGREE DAYS
 HEATING
  YESTERDAY       54                        46      8       67
  MONTH TO DATE  154                       138     16      185
  SINCE MAR 1    154                       138     16      185
  SINCE JUL 1   6895                      6859     36     6839

 COOLING
  YESTERDAY        0                         0      0        0
  MONTH TO DATE    0                         0      0        0
  SINCE MAR 1      0                         0      0        0
  SINCE JAN 1      0                         0      0        0
..................................................................


WIND (MPH)
  HIGHEST WIND SPEED    22   HIGHEST WIND DIRECTION    NW (300)
  HIGHEST GUST SPEED    31   HIGHEST GUST DIRECTION    NW (320)
  AVERAGE WIND SPEED    10.2


SKY COVER
  POSSIBLE SUNSHINE  MM
  AVERAGE SKY COVER 0.1


WEATHER CONDITIONS
 THE FOLLOWING WEATHER WAS RECORDED YESTERDAY.
  HEAVY SNOW
  SNOW
  LIGHT SNOW
  FOG
  FOG W/VISIBILITY <= 1/4 MILE


RELATIVE HUMIDITY (PERCENT)
 HIGHEST    67          1100 PM
 LOWEST     28           100 PM
 AVERAGE    48

..........................................................


THE CARIBOU ME CLIMATE NORMALS FOR TODAY
                         NORMAL    RECORD    YEAR
 MAXIMUM TEMPERATURE (F)   30        54      1974
 MINIMUM TEMPERATURE (F)   10       -17      1955
                                             1950


SUNRISE AND SUNSET
MARCH  4 2015.........SUNRISE   607 AM EST   SUNSET   522 PM EST
MARCH  5 2015.........SUNRISE   605 AM EST   SUNSET   523 PM EST


-  INDICATES NEGATIVE NUMBERS.
R  INDICATES RECORD WAS SET OR TIED.
MM INDICATES DATA IS MISSING.
T  INDICATES TRACE AMOUNT.




$$
