115
CDUS41 KCAR 310531
CLICAR

CLIMATE REPORT
NATIONAL WEATHER SERVICE CARIBOU, ME
129 AM EDT TUE MAY 31 2016


...................................

...THE CARIBOU ME CLIMATE SUMMARY FOR MAY 30 2016...

CLIMATE NORMAL PERIOD 1981 TO 2010
CLIMATE RECORD PERIOD 1939 TO 2016


WEATHER ITEM   OBSERVED TIME   RECORD YEAR NORMAL DEPARTURE LAST
                VALUE   (LST)  VALUE       VALUE  FROM      YEAR
                                                  NORMAL
..................................................................
TEMPERATURE (F)
 YESTERDAY
  MAXIMUM         75    518 PM  85    1999  67      8       83
  MINIMUM         48    554 AM  32    1967  45      3       57
  AVERAGE         62                        56      6       70

PRECIPITATION (IN)
  YESTERDAY        0.07          1.51 1983   0.12  -0.05     0.32
  MONTH TO DATE    2.92                      3.22  -0.30     2.63
  SINCE MAR 1     10.42                      8.39   2.03     6.63
  SINCE JAN 1     15.89                     13.31   2.58    10.73

SNOWFALL (IN)
  YESTERDAY        0.0           0.0  2002   0.0    0.0      0.0
                                      2001
  MONTH TO DATE    4.8                       0.5    4.3      0.3
  SINCE MAR 1     34.8                      26.2    8.6     33.8
  SINCE JUL 1     94.8                     108.7  -13.9    142.1
  SNOW DEPTH       0

DEGREE DAYS
 HEATING
  YESTERDAY        3                         9     -6        0
  MONTH TO DATE  345                       414    -69      294
  SINCE MAR 1   2475                      2459     16     2541
  SINCE JUL 1   8217                      9180   -963     9282

 COOLING
  YESTERDAY        0                         0      0        5
  MONTH TO DATE    7                         0      7       21
  SINCE MAR 1      7                         0      7       21
  SINCE JAN 1      7                         0      7       21
..................................................................


WIND (MPH)
  HIGHEST WIND SPEED    16   HIGHEST WIND DIRECTION     S (170)
  HIGHEST GUST SPEED    22   HIGHEST GUST DIRECTION     S (200)
  AVERAGE WIND SPEED     9.1


SKY COVER
  POSSIBLE SUNSHINE  MM
  AVERAGE SKY COVER 0.5


WEATHER CONDITIONS
 THE FOLLOWING WEATHER WAS RECORDED YESTERDAY.
  LIGHT RAIN


RELATIVE HUMIDITY (PERCENT)
 HIGHEST    96           900 AM
 LOWEST     60           500 PM
 AVERAGE    78

..........................................................


THE CARIBOU ME CLIMATE NORMALS FOR TODAY
                         NORMAL    RECORD    YEAR
 MAXIMUM TEMPERATURE (F)   68        87      2013
                                             1999
 MINIMUM TEMPERATURE (F)   45        32      1946


SUNRISE AND SUNSET
MAY 31 2016...........SUNRISE   442 AM EDT   SUNSET   818 PM EDT
JUNE  1 2016..........SUNRISE   441 AM EDT   SUNSET   819 PM EDT


-  INDICATES NEGATIVE NUMBERS.
R  INDICATES RECORD WAS SET OR TIED.
MM INDICATES DATA IS MISSING.
T  INDICATES TRACE AMOUNT.

THE CARIBOU ME 4-INCH UNDER SOD SOIL TEMP FOR MAY 30 2016:
MAXIMUM SOIL TEMPERATURE: 60F
MINIMUM SOIL TEMPERATURE: 57F


$$
