608
CDUS41 KCAR 270537
CLICAR


CLIMATE REPORT
NATIONAL WEATHER SERVICE CARIBOU, ME
1234 AM EST MON FEB 27 2017


...................................

...THE CARIBOU ME CLIMATE SUMMARY FOR FEBRUARY 26 2017...

CLIMATE NORMAL PERIOD 1981 TO 2010
CLIMATE RECORD PERIOD 1939 TO 2017


WEATHER ITEM   OBSERVED TIME   RECORD YEAR NORMAL DEPARTURE LAST
                VALUE   (LST)  VALUE       VALUE  FROM      YEAR
                                                  NORMAL
..................................................................
TEMPERATURE (F)
 YESTERDAY
  MAXIMUM         46R   136 AM  42    1976  28     18       35
  MINIMUM         20   1159 PM -18    1943   8     12       10
  AVERAGE         33                        18     15       23

PRECIPITATION (IN)
  YESTERDAY        0.35          0.80 1960   0.08   0.27     0.06
  MONTH TO DATE    2.17                      2.04   0.13     3.89
  SINCE DEC 1      9.82                      8.02   1.80    10.19
  SINCE JAN 1      5.62                      4.75   0.87     5.31

SNOWFALL (IN)
  YESTERDAY        T            13.7  1960   0.8   -0.8      0.5
  MONTH TO DATE   15.8                      20.7   -4.9     15.4
  SINCE DEC 1     76.4                      68.8    7.6     54.4
  SINCE JUL 1     96.6                      81.0   15.6     58.5
  SNOW DEPTH      24

DEGREE DAYS
 HEATING
  YESTERDAY       32                        47    -15       42
  MONTH TO DATE 1275                      1332    -57     1216
  SINCE DEC 1   4216                      4481   -265     3795
  SINCE JUL 1   5903                      6626   -723     5613

 COOLING
  YESTERDAY        0                         0      0        0
  MONTH TO DATE    0                         0      0        0
  SINCE DEC 1      0                         0      0        0
  SINCE JAN 1      0                         0      0        0
..................................................................


WIND (MPH)
  HIGHEST WIND SPEED    25   HIGHEST WIND DIRECTION     W (250)
  HIGHEST GUST SPEED    35   HIGHEST GUST DIRECTION     W (250)
  AVERAGE WIND SPEED    11.9


SKY COVER
  POSSIBLE SUNSHINE  MM
  AVERAGE SKY COVER 0.9


WEATHER CONDITIONS
 THE FOLLOWING WEATHER WAS RECORDED YESTERDAY.
  HEAVY RAIN
  RAIN
  LIGHT RAIN
  LIGHT SNOW
  FOG


RELATIVE HUMIDITY (PERCENT)
 HIGHEST    93          1200 AM
 LOWEST     47           100 PM
 AVERAGE    70

..........................................................


THE CARIBOU ME CLIMATE NORMALS FOR TODAY
                         NORMAL    RECORD    YEAR
 MAXIMUM TEMPERATURE (F)   28        49      2000
 MINIMUM TEMPERATURE (F)    8       -22      2003
                                             1995


SUNRISE AND SUNSET
FEBRUARY 27 2017......SUNRISE   615 AM EST   SUNSET   515 PM EST
FEBRUARY 28 2017......SUNRISE   613 AM EST   SUNSET   517 PM EST


-  INDICATES NEGATIVE NUMBERS.
R  INDICATES RECORD WAS SET OR TIED.
MM INDICATES DATA IS MISSING.
T  INDICATES TRACE AMOUNT.




$$
