000
CDUS41 KCAR 160536
CLICAR


CLIMATE REPORT
NATIONAL WEATHER SERVICE CARIBOU, ME
133 AM EDT MON OCT 16 2017


...................................

...THE CARIBOU ME CLIMATE SUMMARY FOR OCTOBER 15 2017...

CLIMATE NORMAL PERIOD 1981 TO 2010
CLIMATE RECORD PERIOD 1939 TO 2017


WEATHER ITEM   OBSERVED TIME   RECORD YEAR NORMAL DEPARTURE LAST
                VALUE   (LST)  VALUE       VALUE  FROM      YEAR
                                                  NORMAL
..................................................................
TEMPERATURE (F)
 YESTERDAY
  MAXIMUM         65    950 PM  74    2014  52     13       50
  MINIMUM         47    440 AM  21    2009  35     12       27
  AVERAGE         56                        44     12       39

PRECIPITATION (IN)
  YESTERDAY        0.34          1.32 2011   0.12   0.22     0.00
  MONTH TO DATE    1.66                      1.71  -0.05     0.14
  SINCE SEP 1      4.79                      5.03  -0.24     2.62
  SINCE JAN 1     30.65                     29.77   0.88    33.73

SNOWFALL (IN)
  YESTERDAY        0.0           4.1  1961   0.1   -0.1      0.0
  MONTH TO DATE    0.0                       0.3   -0.3      0.0
  SINCE SEP 1      0.0                       0.4   -0.4      0.0
  SINCE JUL 1      0.0                       0.4   -0.4      0.0
  SNOW DEPTH       0

DEGREE DAYS
 HEATING
  YESTERDAY        9                        21    -12       26
  MONTH TO DATE  188                       281    -93      223
  SINCE SEP 1    334                       594   -260      428
  SINCE JUL 1    458                       748   -290      508

 COOLING
  YESTERDAY        0                         0      0        0
  MONTH TO DATE    0                         0      0        0
  SINCE SEP 1     34                        11     23       22
  SINCE JAN 1    221                       180     41      275
..................................................................


WIND (MPH)
  HIGHEST WIND SPEED    21   HIGHEST WIND DIRECTION     S (190)
  HIGHEST GUST SPEED    30   HIGHEST GUST DIRECTION     S (190)
  AVERAGE WIND SPEED     8.9


SKY COVER
  POSSIBLE SUNSHINE  MM
  AVERAGE SKY COVER 0.9


WEATHER CONDITIONS
 THE FOLLOWING WEATHER WAS RECORDED YESTERDAY.
  RAIN
  LIGHT RAIN
  FOG
  FOG W/VISIBILITY <= 1/4 MILE


RELATIVE HUMIDITY (PERCENT)
 HIGHEST    96          1200 AM
 LOWEST     78           800 PM
 AVERAGE    87

..........................................................


THE CARIBOU ME CLIMATE NORMALS FOR TODAY
                         NORMAL    RECORD    YEAR
 MAXIMUM TEMPERATURE (F)   52        79      1968
 MINIMUM TEMPERATURE (F)   35        21      2009


SUNRISE AND SUNSET
OCTOBER 16 2017.......SUNRISE   652 AM EDT   SUNSET   543 PM EDT
OCTOBER 17 2017.......SUNRISE   653 AM EDT   SUNSET   541 PM EDT


-  INDICATES NEGATIVE NUMBERS.
R  INDICATES RECORD WAS SET OR TIED.
MM INDICATES DATA IS MISSING.
T  INDICATES TRACE AMOUNT.




$$
