276
CDUS41 KCAR 081339
CLICAR

CLIMATE REPORT
NATIONAL WEATHER SERVICE CARIBOU, ME
1226 AM EST MON FEB 8 2016


...................................

...THE CARIBOU ME CLIMATE SUMMARY FOR FEBRUARY 7 2016...

CLIMATE NORMAL PERIOD 1981 TO 2010
CLIMATE RECORD PERIOD 1939 TO 2016


WEATHER ITEM   OBSERVED TIME   RECORD YEAR NORMAL DEPARTURE LAST
                VALUE   (LST)  VALUE       VALUE  FROM      YEAR
                                                  NORMAL
..................................................................
TEMPERATURE (F)
 YESTERDAY
  MAXIMUM         30    619 AM  46    1951  22      8       11
  MINIMUM          4   1156 PM -24    1993   2      2      -14
  AVERAGE         17                        12      5       -1

PRECIPITATION (IN)
  YESTERDAY        0.01          0.63 1953   0.08  -0.07     0.01
  MONTH TO DATE    0.62                      0.56   0.06     0.29
  SINCE DEC 1      6.92                      6.54   0.38     9.07
  SINCE JAN 1      2.04                      3.27  -1.23     3.19

SNOWFALL (IN)
  YESTERDAY        0.1           8.3  1949   0.8   -0.7      0.1
  MONTH TO DATE    3.3                       5.7   -2.4      4.4
  SINCE DEC 1     42.3                      53.8  -11.5     65.2
  SINCE JUL 1     46.4                      66.0  -19.6     94.0
  SNOW DEPTH       7

DEGREE DAYS
 HEATING
  YESTERDAY       48                        53     -5       66
  MONTH TO DATE  297                       377    -80      464
  SINCE DEC 1   2876                      3526   -650     3520
  SINCE JUL 1   4694                      5671   -977     5472

 COOLING
  YESTERDAY        0                         0      0        0
  MONTH TO DATE    0                         0      0        0
  SINCE DEC 1      0                         0      0        0
  SINCE JAN 1      0                         0      0        0
..................................................................


WIND (MPH)
  HIGHEST WIND SPEED    24   HIGHEST WIND DIRECTION    NW (310)
  HIGHEST GUST SPEED    32   HIGHEST GUST DIRECTION    NW (310)
  AVERAGE WIND SPEED    10.4


SKY COVER
  POSSIBLE SUNSHINE  MM
  AVERAGE SKY COVER 0.4


WEATHER CONDITIONS
 THE FOLLOWING WEATHER WAS RECORDED YESTERDAY.
  LIGHT SNOW
  FOG
  HAZE


RELATIVE HUMIDITY (PERCENT)
 HIGHEST    81          1200 AM
 LOWEST     33          1200 PM
 AVERAGE    57

..........................................................


THE CARIBOU ME CLIMATE NORMALS FOR TODAY
                         NORMAL    RECORD    YEAR
 MAXIMUM TEMPERATURE (F)   22        46      1951
 MINIMUM TEMPERATURE (F)    2       -22      1944


SUNRISE AND SUNSET
FEBRUARY  8 2016......SUNRISE   648 AM EST   SUNSET   445 PM EST
FEBRUARY  9 2016......SUNRISE   646 AM EST   SUNSET   447 PM EST


-  INDICATES NEGATIVE NUMBERS.
R  INDICATES RECORD WAS SET OR TIED.
MM INDICATES DATA IS MISSING.
T  INDICATES TRACE AMOUNT.




$$
