000
CDUS41 KCAR 140539
CLICAR


CLIMATE REPORT
NATIONAL WEATHER SERVICE CARIBOU, ME
1238 AM EST THU DEC 14 2017


...................................

...THE CARIBOU ME CLIMATE SUMMARY FOR DECEMBER 13 2017...

CLIMATE NORMAL PERIOD 1981 TO 2010
CLIMATE RECORD PERIOD 1939 TO 2017


WEATHER ITEM   OBSERVED TIME   RECORD YEAR NORMAL DEPARTURE LAST
                VALUE   (LST)  VALUE       VALUE  FROM      YEAR
                                                  NORMAL
..................................................................
TEMPERATURE (F)
 YESTERDAY
  MAXIMUM         35    830 AM  57    2010  27      8       22
  MINIMUM         10   1159 PM -20    1977  12     -2        4
  AVERAGE         23                        19      4       13

PRECIPITATION (IN)
  YESTERDAY        0.69          2.25 2010   0.11   0.58     0.01
  MONTH TO DATE    2.59                      1.50   1.09     1.67
  SINCE DEC 1      2.59                      1.50   1.09     1.67
  SINCE JAN 1     41.48                     36.72   4.76    41.43

SNOWFALL (IN)
  YESTERDAY        2.2          11.2  1972   0.7    1.5      0.1
  MONTH TO DATE   17.2                       8.8    8.4     18.6
  SINCE DEC 1     17.2                       8.8    8.4     18.6
  SINCE JUL 1     21.1                      21.0    0.1     38.8
  SNOW DEPTH      10

DEGREE DAYS
 HEATING
  YESTERDAY       42                        46     -4       52
  MONTH TO DATE  512                       559    -47      617
  SINCE DEC 1    512                       559    -47      617
  SINCE JUL 1   2216                      2704   -488     2304

 COOLING
  YESTERDAY        0                         0      0        0
  MONTH TO DATE    0                         0      0        0
  SINCE DEC 1      0                         0      0        0
  SINCE JAN 1    222                       180     42      275
..................................................................


WIND (MPH)
  HIGHEST WIND SPEED    22   HIGHEST WIND DIRECTION     W (250)
  HIGHEST GUST SPEED    31   HIGHEST GUST DIRECTION     W (250)
  AVERAGE WIND SPEED    12.2


SKY COVER
  POSSIBLE SUNSHINE  MM
  AVERAGE SKY COVER 1.0


WEATHER CONDITIONS
 THE FOLLOWING WEATHER WAS RECORDED YESTERDAY.
  HEAVY RAIN
  RAIN
  LIGHT RAIN
  SNOW
  LIGHT SNOW
  FOG
  FOG W/VISIBILITY <= 1/4 MILE
  BLOWING SNOW


RELATIVE HUMIDITY (PERCENT)
 HIGHEST    96           900 AM
 LOWEST     73           700 PM
 AVERAGE    85

..........................................................


THE CARIBOU ME CLIMATE NORMALS FOR TODAY
                         NORMAL    RECORD    YEAR
 MAXIMUM TEMPERATURE (F)   27        57      2010
 MINIMUM TEMPERATURE (F)   11       -18      1976


SUNRISE AND SUNSET
DECEMBER 14 2017......SUNRISE   710 AM EST   SUNSET   344 PM EST
DECEMBER 15 2017......SUNRISE   711 AM EST   SUNSET   344 PM EST


-  INDICATES NEGATIVE NUMBERS.
R  INDICATES RECORD WAS SET OR TIED.
MM INDICATES DATA IS MISSING.
T  INDICATES TRACE AMOUNT.




$$
