000
CDUS41 KCAR 290531
CLICAR


CLIMATE REPORT
NATIONAL WEATHER SERVICE CARIBOU, ME
131 AM EDT SAT APR 29 2017


...................................

...THE CARIBOU ME CLIMATE SUMMARY FOR APRIL 28 2017...

CLIMATE NORMAL PERIOD 1981 TO 2010
CLIMATE RECORD PERIOD 1939 TO 2017


WEATHER ITEM   OBSERVED TIME   RECORD YEAR NORMAL DEPARTURE LAST
                VALUE   (LST)  VALUE       VALUE  FROM      YEAR
                                                  NORMAL
..................................................................
TEMPERATURE (F)
 YESTERDAY
  MAXIMUM         63    454 PM  76    2009  55      8       35
  MINIMUM         48    801 AM  13    1947  35     13       19
  AVERAGE         56                        45     11       27

PRECIPITATION (IN)
  YESTERDAY        T             1.67 2005   0.09  -0.09      T
  MONTH TO DATE    3.86                      2.47   1.39     2.80
  SINCE MAR 1      6.58                      4.98   1.60     7.50
  SINCE JAN 1     12.20                      9.90   2.30    12.97

SNOWFALL (IN)
  YESTERDAY        0.0           6.2  1997   0.0    0.0       T
  MONTH TO DATE    9.8                       7.2    2.6      2.8
  SINCE MAR 1     33.4                      25.5    7.9     30.0
  SINCE JUL 1    130.0                     108.0   22.0     90.0
  SNOW DEPTH       0

DEGREE DAYS
 HEATING
  YESTERDAY        9                        20    -11       38
  MONTH TO DATE  671                       756    -85      818
  SINCE MAR 1   2054                      2010     44     2075
  SINCE JUL 1   8035                      8731   -696     7817

 COOLING
  YESTERDAY        0                         0      0        0
  MONTH TO DATE    0                         0      0        0
  SINCE MAR 1      0                         0      0        0
  SINCE JAN 1      0                         0      0        0
..................................................................


WIND (MPH)
  HIGHEST WIND SPEED    13   HIGHEST WIND DIRECTION     S (190)
  HIGHEST GUST SPEED    16   HIGHEST GUST DIRECTION     S (190)
  AVERAGE WIND SPEED     7.6


SKY COVER
  POSSIBLE SUNSHINE  MM
  AVERAGE SKY COVER 0.9


WEATHER CONDITIONS
 THE FOLLOWING WEATHER WAS RECORDED YESTERDAY.
  LIGHT RAIN
  FOG
  FOG W/VISIBILITY <= 1/4 MILE


RELATIVE HUMIDITY (PERCENT)
 HIGHEST   100          1100 PM
 LOWEST     75           100 PM
 AVERAGE    88

..........................................................


THE CARIBOU ME CLIMATE NORMALS FOR TODAY
                         NORMAL    RECORD    YEAR
 MAXIMUM TEMPERATURE (F)   55        75      1986
 MINIMUM TEMPERATURE (F)   35         8      1947


SUNRISE AND SUNSET
APRIL 29 2017.........SUNRISE   520 AM EDT   SUNSET   740 PM EDT
APRIL 30 2017.........SUNRISE   518 AM EDT   SUNSET   741 PM EDT


-  INDICATES NEGATIVE NUMBERS.
R  INDICATES RECORD WAS SET OR TIED.
MM INDICATES DATA IS MISSING.
T  INDICATES TRACE AMOUNT.




$$
