000
CDUS41 KCAR 292044
CLICAR


CLIMATE REPORT
NATIONAL WEATHER SERVICE CARIBOU, ME
443 PM EDT MON JUN 29 2015


...................................

...THE CARIBOU ME CLIMATE SUMMARY FOR JUNE 29 2015...
VALID TODAY AS OF 0400 PM LOCAL TIME.

CLIMATE NORMAL PERIOD 1981 TO 2010
CLIMATE RECORD PERIOD 1939 TO 2015


WEATHER ITEM   OBSERVED TIME   RECORD YEAR NORMAL DEPARTURE LAST
                VALUE   (LST)  VALUE       VALUE  FROM      YEAR
                                                  NORMAL
..................................................................
TEMPERATURE (F)
 TODAY
  MAXIMUM         63    259 PM  96    1944  75    -12       87
  MINIMUM         51    502 AM  42    1983  53     -2       55
                                      1980
  AVERAGE         57                        64     -7       71

PRECIPITATION (IN)
  TODAY            0.15          1.41 2008   0.13   0.02     0.00
  MONTH TO DATE    4.21                      3.34   0.87     2.61
  SINCE JUN 1      4.21                      3.34   0.87     2.61
  SINCE JAN 1     15.06                     16.76  -1.70    19.81

SNOWFALL (IN)
  TODAY            0.0           0.0  2002   0.0    0.0      0.0
                                      2001
  MONTH TO DATE    0.0                       0.0    0.0      0.0
  SINCE JUN 1      0.0                       0.0    0.0      0.0
  SINCE JUL 1    142.1                     108.7   33.4    150.7
  SNOW DEPTH       0

DEGREE DAYS
 HEATING
  TODAY            8                         3      5        0
  MONTH TO DATE  212                       162     50       89
  SINCE JUN 1    212                       162     50       89
  SINCE JUL 1   9502                      9351    151     9501

 COOLING
  TODAY            0                         2     -2        6
  MONTH TO DATE    5                        34    -29       26
  SINCE JUN 1      5                        34    -29       26
  SINCE JAN 1     26                        39    -13       29
..................................................................


WIND (MPH)
  HIGHEST WIND SPEED    12   HIGHEST WIND DIRECTION    SW (240)
  HIGHEST GUST SPEED    16   HIGHEST GUST DIRECTION    SW (220)
  AVERAGE WIND SPEED     5.8


SKY COVER
  POSSIBLE SUNSHINE  MM
  AVERAGE SKY COVER 1.0


WEATHER CONDITIONS
 THE FOLLOWING WEATHER WAS RECORDED TODAY.
  RAIN
  LIGHT RAIN
  FOG
  HAZE


RELATIVE HUMIDITY (PERCENT)
 HIGHEST    96           600 AM
 LOWEST     67           200 PM
 AVERAGE    82

..........................................................


THE CARIBOU ME CLIMATE NORMALS FOR TOMORROW
                         NORMAL    RECORD    YEAR
 MAXIMUM TEMPERATURE (F)   75        92      1963
 MINIMUM TEMPERATURE (F)   54        44      1989


SUNRISE AND SUNSET
JUNE 29 2015..........SUNRISE   440 AM EDT   SUNSET   830 PM EDT
JUNE 30 2015..........SUNRISE   441 AM EDT   SUNSET   830 PM EDT


-  INDICATES NEGATIVE NUMBERS.
R  INDICATES RECORD WAS SET OR TIED.
MM INDICATES DATA IS MISSING.
T  INDICATES TRACE AMOUNT.




$$
