000
CDUS41 KCAR 230543
CLICAR


CLIMATE REPORT
NATIONAL WEATHER SERVICE CARIBOU, ME
139 AM EDT THU MAR 23 2017


...................................

...THE CARIBOU ME CLIMATE SUMMARY FOR MARCH 22 2017...

CLIMATE NORMAL PERIOD 1981 TO 2010
CLIMATE RECORD PERIOD 1939 TO 2017


WEATHER ITEM   OBSERVED TIME   RECORD YEAR NORMAL DEPARTURE LAST
                VALUE   (LST)  VALUE       VALUE  FROM      YEAR
                                                  NORMAL
..................................................................
TEMPERATURE (F)
 YESTERDAY
  MAXIMUM         25    808 AM  73    2012  36    -11       28
  MINIMUM          7   1159 PM  -2    1955  18    -11       13
  AVERAGE         16                        27    -11       21

PRECIPITATION (IN)
  YESTERDAY        T             1.15 1942   0.08  -0.08     0.00
  MONTH TO DATE    2.05                      1.78   0.27     2.25
  SINCE MAR 1      2.05                      1.78   0.27     2.25
  SINCE JAN 1      7.67                      6.70   0.97     7.72

SNOWFALL (IN)
  YESTERDAY        0.2          15.5  1942   0.5   -0.3      0.0
  MONTH TO DATE   17.1                      14.2    2.9     16.8
  SINCE MAR 1     17.1                      14.2    2.9     16.8
  SINCE JUL 1    113.7                      96.7   17.0     76.8
  SNOW DEPTH      24

DEGREE DAYS
 HEATING
  YESTERDAY       49                        38     11       44
  MONTH TO DATE 1016                       931     85      932
  SINCE MAR 1   1016                       931     85      932
  SINCE JUL 1   6997                      7652   -655     6674

 COOLING
  YESTERDAY        0                         0      0        0
  MONTH TO DATE    0                         0      0        0
  SINCE MAR 1      0                         0      0        0
  SINCE JAN 1      0                         0      0        0
..................................................................


WIND (MPH)
  HIGHEST WIND SPEED    31   HIGHEST WIND DIRECTION    NW (330)
  HIGHEST GUST SPEED    41   HIGHEST GUST DIRECTION    NW (320)
  AVERAGE WIND SPEED    19.3


SKY COVER
  POSSIBLE SUNSHINE  MM
  AVERAGE SKY COVER 0.6


WEATHER CONDITIONS
 THE FOLLOWING WEATHER WAS RECORDED YESTERDAY.
  SNOW
  LIGHT SNOW
  BLOWING SNOW


RELATIVE HUMIDITY (PERCENT)
 HIGHEST    74           400 AM
 LOWEST     46           500 PM
 AVERAGE    60

..........................................................


THE CARIBOU ME CLIMATE NORMALS FOR TODAY
                         NORMAL    RECORD    YEAR
 MAXIMUM TEMPERATURE (F)   36        60      1979
 MINIMUM TEMPERATURE (F)   18        -6      2008


SUNRISE AND SUNSET
MARCH 23 2017.........SUNRISE   629 AM EDT   SUNSET   649 PM EDT
MARCH 24 2017.........SUNRISE   627 AM EDT   SUNSET   651 PM EDT


-  INDICATES NEGATIVE NUMBERS.
R  INDICATES RECORD WAS SET OR TIED.
MM INDICATES DATA IS MISSING.
T  INDICATES TRACE AMOUNT.




$$
