000
CDUS41 KCAR 010532
CLICAR


CLIMATE REPORT
NATIONAL WEATHER SERVICE CARIBOU, ME
131 AM EDT SUN MAY 1 2016


...................................

...THE CARIBOU ME CLIMATE SUMMARY FOR APRIL 30 2016...

CLIMATE NORMAL PERIOD 1981 TO 2010
CLIMATE RECORD PERIOD 1939 TO 2016


WEATHER ITEM   OBSERVED TIME   RECORD YEAR NORMAL DEPARTURE LAST
                VALUE   (LST)  VALUE       VALUE  FROM      YEAR
                                                  NORMAL
..................................................................
TEMPERATURE (F)
 YESTERDAY
  MAXIMUM         58    411 PM  82    2004  56      2       52
  MINIMUM         24    424 AM  23    1943  36    -12       37
  AVERAGE         41                        46     -5       45

PRECIPITATION (IN)
  YESTERDAY        0.00          0.63 1947   0.09  -0.09      T
  MONTH TO DATE    2.80                      2.66   0.14     2.35
  SINCE MAR 1      7.50                      5.17   2.33     4.00
  SINCE JAN 1     12.97                     10.09   2.88     8.10

SNOWFALL (IN)
  YESTERDAY        0.0           2.0  1943   0.1   -0.1      0.0
  MONTH TO DATE    2.8                       7.4   -4.6      8.6
  SINCE MAR 1     30.0                      25.7    4.3     33.5
  SINCE JUL 1     90.0                     108.2  -18.2    141.8
  SNOW DEPTH       0

DEGREE DAYS
 HEATING
  YESTERDAY       24                        19      5       20
  MONTH TO DATE  873                       795     78      845
  SINCE MAR 1   2130                      2045     85     2247
  SINCE JUL 1   7872                      8766   -894     8988

 COOLING
  YESTERDAY        0                         0      0        0
  MONTH TO DATE    0                         0      0        0
  SINCE MAR 1      0                         0      0        0
  SINCE JAN 1      0                         0      0        0
..................................................................


WIND (MPH)
  HIGHEST WIND SPEED    12   HIGHEST WIND DIRECTION     N (350)
  HIGHEST GUST SPEED    17   HIGHEST GUST DIRECTION     N (350)
  AVERAGE WIND SPEED     5.0


SKY COVER
  POSSIBLE SUNSHINE  MM
  AVERAGE SKY COVER 0.0


WEATHER CONDITIONS
 THE FOLLOWING WEATHER WAS RECORDED YESTERDAY.
  NO SIGNIFICANT WEATHER WAS OBSERVED.


RELATIVE HUMIDITY (PERCENT)
 HIGHEST    62           400 AM
 LOWEST     19           400 PM
 AVERAGE    41

..........................................................


THE CARIBOU ME CLIMATE NORMALS FOR TODAY
                         NORMAL    RECORD    YEAR
 MAXIMUM TEMPERATURE (F)   56        83      2004
 MINIMUM TEMPERATURE (F)   36        24      1978
                                             1974


SUNRISE AND SUNSET
MAY  1 2016...........SUNRISE   516 AM EDT   SUNSET   743 PM EDT
MAY  2 2016...........SUNRISE   515 AM EDT   SUNSET   744 PM EDT


-  INDICATES NEGATIVE NUMBERS.
R  INDICATES RECORD WAS SET OR TIED.
MM INDICATES DATA IS MISSING.
T  INDICATES TRACE AMOUNT.




$$
