000
CDUS41 KCAR 240544
CLICAR


CLIMATE REPORT
NATIONAL WEATHER SERVICE CARIBOU, ME
141 AM EDT FRI MAR 24 2017


...................................

...THE CARIBOU ME CLIMATE SUMMARY FOR MARCH 23 2017...

CLIMATE NORMAL PERIOD 1981 TO 2010
CLIMATE RECORD PERIOD 1939 TO 2017


WEATHER ITEM   OBSERVED TIME   RECORD YEAR NORMAL DEPARTURE LAST
                VALUE   (LST)  VALUE       VALUE  FROM      YEAR
                                                  NORMAL
..................................................................
TEMPERATURE (F)
 YESTERDAY
  MAXIMUM         21    440 PM  60    1979  36    -15       27
  MINIMUM          2    602 AM  -6    2008  18    -16       12
  AVERAGE         12                        27    -15       20

PRECIPITATION (IN)
  YESTERDAY        0.00          0.70 1949   0.08  -0.08     0.00
                                      1940
  MONTH TO DATE    2.05                      1.86   0.19     2.25
  SINCE MAR 1      2.05                      1.86   0.19     2.25
  SINCE JAN 1      7.67                      6.78   0.89     7.72

SNOWFALL (IN)
  YESTERDAY        0.0          17.4  1940   0.5   -0.5      0.0
  MONTH TO DATE   17.1                      14.7    2.4     16.8
  SINCE MAR 1     17.1                      14.7    2.4     16.8
  SINCE JUL 1    113.7                      97.2   16.5     76.8
  SNOW DEPTH      24

DEGREE DAYS
 HEATING
  YESTERDAY       53                        38     15       45
  MONTH TO DATE 1069                       969    100      977
  SINCE MAR 1   1069                       969    100      977
  SINCE JUL 1   7050                      7690   -640     6719

 COOLING
  YESTERDAY        0                         0      0        0
  MONTH TO DATE    0                         0      0        0
  SINCE MAR 1      0                         0      0        0
  SINCE JAN 1      0                         0      0        0
..................................................................


WIND (MPH)
  HIGHEST WIND SPEED    26   HIGHEST WIND DIRECTION    NW (330)
  HIGHEST GUST SPEED    33   HIGHEST GUST DIRECTION    NW (320)
  AVERAGE WIND SPEED    13.4


SKY COVER
  POSSIBLE SUNSHINE  MM
  AVERAGE SKY COVER 0.0


WEATHER CONDITIONS
 THE FOLLOWING WEATHER WAS RECORDED YESTERDAY.
  NO SIGNIFICANT WEATHER WAS OBSERVED.


RELATIVE HUMIDITY (PERCENT)
 HIGHEST    62           600 AM
 LOWEST     35           600 PM
 AVERAGE    49

..........................................................


THE CARIBOU ME CLIMATE NORMALS FOR TODAY
                         NORMAL    RECORD    YEAR
 MAXIMUM TEMPERATURE (F)   37        62      1987
 MINIMUM TEMPERATURE (F)   19       -14      2008


SUNRISE AND SUNSET
MARCH 24 2017.........SUNRISE   627 AM EDT   SUNSET   651 PM EDT
MARCH 25 2017.........SUNRISE   625 AM EDT   SUNSET   652 PM EDT


-  INDICATES NEGATIVE NUMBERS.
R  INDICATES RECORD WAS SET OR TIED.
MM INDICATES DATA IS MISSING.
T  INDICATES TRACE AMOUNT.




$$
