000
CDUS41 KCAR 142027
CLICAR


CLIMATE REPORT
NATIONAL WEATHER SERVICE CARIBOU, ME
426 PM EDT SUN SEP 14 2014


...................................

...THE CARIBOU ME CLIMATE SUMMARY FOR SEPTEMBER 14 2014...
VALID TODAY AS OF 0400 PM LOCAL TIME.

CLIMATE NORMAL PERIOD 1981 TO 2010
CLIMATE RECORD PERIOD 1939 TO 2014


WEATHER ITEM   OBSERVED TIME   RECORD YEAR NORMAL DEPARTURE LAST
                VALUE   (LST)  VALUE       VALUE  FROM      YEAR
                                                  NORMAL
..................................................................
TEMPERATURE (F)
 TODAY
  MAXIMUM         56   1015 AM  82    2003  66    -10       56
                                      1976
  MINIMUM         46    606 AM  28    1963  45      1       46
  AVERAGE         51                        56     -5       51

PRECIPITATION (IN)
  TODAY            0.03          1.36 1977   0.12  -0.09     0.09
  MONTH TO DATE    2.18                      1.48   0.70     5.38
  SINCE SEP 1      2.18                      1.48   0.70     5.38
  SINCE JAN 1     30.84                     26.22   4.62    38.40

SNOWFALL (IN)
  TODAY            0.0           0.0  2002   0.0    0.0      0.0
                                      2001
  MONTH TO DATE    0.0                       0.0    0.0      0.0
  SINCE SEP 1      0.0                       0.0    0.0      0.0
  SINCE JUL 1      0.0                       0.0    0.0      0.0
  SNOW DEPTH       0

DEGREE DAYS
 HEATING
  TODAY           14                        10      4       14
  MONTH TO DATE   93                       107    -14       98
  SINCE SEP 1     93                       107    -14       98
  SINCE JUL 1    151                       261   -110      212

 COOLING
  TODAY            0                         0      0        0
  MONTH TO DATE   21                        10     11       13
  SINCE SEP 1     21                        10     11       13
  SINCE JAN 1    262                       179     83      192
..................................................................


WIND (MPH)
  HIGHEST WIND SPEED    17   HIGHEST WIND DIRECTION     W (250)
  HIGHEST GUST SPEED    22   HIGHEST GUST DIRECTION    NW (320)
  AVERAGE WIND SPEED     8.3


SKY COVER
  POSSIBLE SUNSHINE  MM
  AVERAGE SKY COVER 0.8


WEATHER CONDITIONS
 THE FOLLOWING WEATHER WAS RECORDED TODAY.
  LIGHT RAIN
  FOG


RELATIVE HUMIDITY (PERCENT)
 HIGHEST    96           200 AM
 LOWEST     68           300 PM
 AVERAGE    82

..........................................................


THE CARIBOU ME CLIMATE NORMALS FOR TOMORROW
                         NORMAL    RECORD    YEAR
 MAXIMUM TEMPERATURE (F)   66        84      2003
 MINIMUM TEMPERATURE (F)   45        28      1959
                                             1952


SUNRISE AND SUNSET
SEPTEMBER 14 2014.....SUNRISE   608 AM EDT   SUNSET   646 PM EDT
SEPTEMBER 15 2014.....SUNRISE   610 AM EDT   SUNSET   644 PM EDT


-  INDICATES NEGATIVE NUMBERS.
R  INDICATES RECORD WAS SET OR TIED.
MM INDICATES DATA IS MISSING.
T  INDICATES TRACE AMOUNT.




$$
