000
CDUS41 KCAR 260527
CLICAR


CLIMATE REPORT
NATIONAL WEATHER SERVICE CARIBOU, ME
1227 AM EST THU FEB 26 2015


...................................

...THE CARIBOU ME CLIMATE SUMMARY FOR FEBRUARY 25 2015...

CLIMATE NORMAL PERIOD 1981 TO 2010
CLIMATE RECORD PERIOD 1939 TO 2015


WEATHER ITEM   OBSERVED TIME   RECORD YEAR NORMAL DEPARTURE LAST
                VALUE   (LST)  VALUE       VALUE  FROM      YEAR
                                                  NORMAL
..................................................................
TEMPERATURE (F)
 YESTERDAY
  MAXIMUM         21    201 PM  43    1984  27     -6       13
  MINIMUM          6   1256 AM -24    1972   7     -1       -1
  AVERAGE         14                        17     -3        6

PRECIPITATION (IN)
  YESTERDAY        T             0.92 1998   0.08  -0.08      T
  MONTH TO DATE    1.20                      1.96  -0.76     2.21
  SINCE DEC 1      9.98                      7.94   2.04     9.78
  SINCE JAN 1      4.10                      4.67  -0.57     6.20

SNOWFALL (IN)
  YESTERDAY        0.2          11.2  1946   0.8   -0.6      0.1
  MONTH TO DATE   18.7                      19.9   -1.2     26.8
  SINCE DEC 1     79.5                      68.0   11.5     88.8
  SINCE JUL 1    108.3                      80.2   28.1     98.9
  SNOW DEPTH      21

DEGREE DAYS
 HEATING
  YESTERDAY       51                        48      3       59
  MONTH TO DATE 1556                      1285    271     1273
  SINCE DEC 1   4612                      4434    178     4514
  SINCE JUL 1   6564                      6579    -15     6470

 COOLING
  YESTERDAY        0                         0      0        0
  MONTH TO DATE    0                         0      0        0
  SINCE DEC 1      0                         0      0        0
  SINCE JAN 1      0                         0      0        0
..................................................................


WIND (MPH)
  HIGHEST WIND SPEED    17   HIGHEST WIND DIRECTION     W (260)
  HIGHEST GUST SPEED    24   HIGHEST GUST DIRECTION     W (250)
  AVERAGE WIND SPEED     6.5


SKY COVER
  POSSIBLE SUNSHINE  MM
  AVERAGE SKY COVER 0.6


WEATHER CONDITIONS
 THE FOLLOWING WEATHER WAS RECORDED YESTERDAY.
  LIGHT SNOW
  FOG
  HAZE


RELATIVE HUMIDITY (PERCENT)
 HIGHEST    83           400 AM
 LOWEST     57           200 PM
 AVERAGE    70

..........................................................


THE CARIBOU ME CLIMATE NORMALS FOR TODAY
                         NORMAL    RECORD    YEAR
 MAXIMUM TEMPERATURE (F)   28        42      1976
 MINIMUM TEMPERATURE (F)    8       -18      1943


SUNRISE AND SUNSET
FEBRUARY 26 2015......SUNRISE   618 AM EST   SUNSET   513 PM EST
FEBRUARY 27 2015......SUNRISE   616 AM EST   SUNSET   514 PM EST


-  INDICATES NEGATIVE NUMBERS.
R  INDICATES RECORD WAS SET OR TIED.
MM INDICATES DATA IS MISSING.
T  INDICATES TRACE AMOUNT.




$$
