000
CDUS41 KCAR 230531
CLICAR


CLIMATE REPORT
NATIONAL WEATHER SERVICE CARIBOU, ME
1226 AM EST FRI JAN 23 2015


...................................

...THE CARIBOU ME CLIMATE SUMMARY FOR JANUARY 22 2015...

CLIMATE NORMAL PERIOD 1981 TO 2010
CLIMATE RECORD PERIOD 1939 TO 2015


WEATHER ITEM   OBSERVED TIME   RECORD YEAR NORMAL DEPARTURE LAST
                VALUE   (LST)  VALUE       VALUE  FROM      YEAR
                                                  NORMAL
..................................................................
TEMPERATURE (F)
 YESTERDAY
  MAXIMUM         21    322 PM  42    1957  19      2        3
  MINIMUM         -4    728 AM -27    1984   0     -4      -10
  AVERAGE          9                         9      0       -3

PRECIPITATION (IN)
  YESTERDAY        0.00          0.39 1958   0.09  -0.09      T
  MONTH TO DATE    1.64                      1.95  -0.31     3.08
  SINCE DEC 1      7.52                      5.22   2.30     6.66
  SINCE JAN 1      1.64                      1.95  -0.31     3.08

SNOWFALL (IN)
  YESTERDAY        0.0           5.3  1981   0.9   -0.9       T
  MONTH TO DATE   13.0                      17.9   -4.9      4.2
  SINCE DEC 1     40.1                      40.8   -0.7     49.0
  SINCE JUL 1     68.9                      53.0   15.9     59.1
  SNOW DEPTH      10

DEGREE DAYS
 HEATING
  YESTERDAY       56                        56      0       68
  MONTH TO DATE 1266                      1205     61     1109
  SINCE DEC 1   2581                      2654    -73     2718
  SINCE JUL 1   4533                      4799   -266     4674

 COOLING
  YESTERDAY        0                         0      0        0
  MONTH TO DATE    0                         0      0        0
  SINCE DEC 1      0                         0      0        0
  SINCE JAN 1      0                         0      0        0
..................................................................


WIND (MPH)
  HIGHEST WIND SPEED    10   HIGHEST WIND DIRECTION     N (360)
  HIGHEST GUST SPEED    14   HIGHEST GUST DIRECTION    NW (320)
  AVERAGE WIND SPEED     1.7


SKY COVER
  POSSIBLE SUNSHINE  MM
  AVERAGE SKY COVER 0.1


WEATHER CONDITIONS
 THE FOLLOWING WEATHER WAS RECORDED YESTERDAY.
  NO SIGNIFICANT WEATHER WAS OBSERVED.


RELATIVE HUMIDITY (PERCENT)
 HIGHEST    87           200 AM
 LOWEST     49           200 PM
 AVERAGE    68

..........................................................


THE CARIBOU ME CLIMATE NORMALS FOR TODAY
                         NORMAL    RECORD    YEAR
 MAXIMUM TEMPERATURE (F)   19        42      1997
                                             1957
 MINIMUM TEMPERATURE (F)    0       -26      1954


SUNRISE AND SUNSET
JANUARY 23 2015.......SUNRISE   707 AM EST   SUNSET   421 PM EST
JANUARY 24 2015.......SUNRISE   706 AM EST   SUNSET   423 PM EST


-  INDICATES NEGATIVE NUMBERS.
R  INDICATES RECORD WAS SET OR TIED.
MM INDICATES DATA IS MISSING.
T  INDICATES TRACE AMOUNT.




$$
