000
CDUS41 KCAR 280526
CLICAR


CLIMATE REPORT
NATIONAL WEATHER SERVICE CARIBOU, ME
126 AM EDT TUE OCT 28 2014


...................................

...THE CARIBOU ME CLIMATE SUMMARY FOR OCTOBER 27 2014...

CLIMATE NORMAL PERIOD 1981 TO 2010
CLIMATE RECORD PERIOD 1939 TO 2014


WEATHER ITEM   OBSERVED TIME   RECORD YEAR NORMAL DEPARTURE LAST
                VALUE   (LST)  VALUE       VALUE  FROM      YEAR
                                                  NORMAL
..................................................................
TEMPERATURE (F)
 YESTERDAY
  MAXIMUM         48    320 PM  68    1946  47      1       45
  MINIMUM         38    359 AM  17    1976  31      7       36
  AVERAGE         43                        39      4       41

PRECIPITATION (IN)
  YESTERDAY        T             1.07 2007   0.12  -0.12     0.02
  MONTH TO DATE    5.62                      3.07   2.55     1.97
  SINCE SEP 1      8.21                      6.39   1.82     8.98
  SINCE JAN 1     36.87                     31.13   5.74    42.00

SNOWFALL (IN)
  YESTERDAY        0.0           8.3  1997   0.0    0.0      0.0
  MONTH TO DATE    0.0                       1.1   -1.1       T
  SINCE SEP 1      0.0                       1.2   -1.2       T
  SINCE JUL 1      0.0                       1.2   -1.2       T
  SNOW DEPTH       0

DEGREE DAYS
 HEATING
  YESTERDAY       22                        26     -4       24
  MONTH TO DATE  456                       566   -110      455
  SINCE SEP 1    750                       879   -129      712
  SINCE JUL 1    808                      1033   -225      826

 COOLING
  YESTERDAY        0                         0      0        0
  MONTH TO DATE    1                         0      1        0
  SINCE SEP 1     25                        11     14       13
  SINCE JAN 1    266                       180     86      192
..................................................................


WIND (MPH)
  HIGHEST WIND SPEED    23   HIGHEST WIND DIRECTION    NW (330)
  HIGHEST GUST SPEED    31   HIGHEST GUST DIRECTION    NW (330)
  AVERAGE WIND SPEED    11.9


SKY COVER
  POSSIBLE SUNSHINE  MM
  AVERAGE SKY COVER 0.8


WEATHER CONDITIONS
 THE FOLLOWING WEATHER WAS RECORDED YESTERDAY.
  LIGHT RAIN


RELATIVE HUMIDITY (PERCENT)
 HIGHEST    92           300 AM
 LOWEST     58           400 PM
 AVERAGE    75

..........................................................


THE CARIBOU ME CLIMATE NORMALS FOR TODAY
                         NORMAL    RECORD    YEAR
 MAXIMUM TEMPERATURE (F)   47        75      1947
 MINIMUM TEMPERATURE (F)   31        15      1976


SUNRISE AND SUNSET
OCTOBER 28 2014.......SUNRISE   709 AM EDT   SUNSET   523 PM EDT
OCTOBER 29 2014.......SUNRISE   710 AM EDT   SUNSET   521 PM EDT


-  INDICATES NEGATIVE NUMBERS.
R  INDICATES RECORD WAS SET OR TIED.
MM INDICATES DATA IS MISSING.
T  INDICATES TRACE AMOUNT.




$$
