000
CDUS41 KCAR 120555
CLICAR


CLIMATE REPORT
NATIONAL WEATHER SERVICE CARIBOU, ME
154 AM EDT SAT JUL 12 2014


...................................

...THE CARIBOU ME CLIMATE SUMMARY FOR JULY 11 2014...

CLIMATE NORMAL PERIOD 1981 TO 2010
CLIMATE RECORD PERIOD 1939 TO 2014


WEATHER ITEM   OBSERVED TIME   RECORD YEAR NORMAL DEPARTURE LAST
                VALUE   (LST)  VALUE       VALUE  FROM      YEAR
                                                  NORMAL
..................................................................
TEMPERATURE (F)
 YESTERDAY
  MAXIMUM         78    348 PM  88    1943  76      2       83
  MINIMUM         49    435 AM  42    1968  55     -6       56
  AVERAGE         64                        66     -2       70

PRECIPITATION (IN)
  YESTERDAY        0.00          1.04 1979   0.14  -0.14     0.00
  MONTH TO DATE    4.34                      1.51   2.83     0.03
  SINCE JUN 1      6.95                      4.99   1.96     6.09
  SINCE JAN 1     24.15                     18.41   5.74    20.11

SNOWFALL (IN)
  YESTERDAY        0.0           0.0  2002   0.0    0.0      0.0
                                      2001
  MONTH TO DATE    0.0                       0.0    0.0      0.0
  SINCE JUN 1      0.0                       0.0    0.0      0.0
  SINCE JUL 1      0.0                       0.0    0.0      0.0
  SNOW DEPTH       0

DEGREE DAYS
 HEATING
  YESTERDAY        1                         2     -1        0
  MONTH TO DATE   17                        26     -9        3
  SINCE JUN 1    106                       191    -85      181
  SINCE JUL 1     17                        26     -9        3

 COOLING
  YESTERDAY        0                         3     -3        5
  MONTH TO DATE   61                        23     38       63
  SINCE JUN 1     97                        57     40       86
  SINCE JAN 1    100                        62     38       94
..................................................................


WIND (MPH)
  HIGHEST WIND SPEED    12   HIGHEST WIND DIRECTION     W (250)
  HIGHEST GUST SPEED    16   HIGHEST GUST DIRECTION     W (250)
  AVERAGE WIND SPEED     3.0


SKY COVER
  POSSIBLE SUNSHINE  MM
  AVERAGE SKY COVER 0.2


WEATHER CONDITIONS
 THE FOLLOWING WEATHER WAS RECORDED YESTERDAY.
  HAZE


RELATIVE HUMIDITY (PERCENT)
 HIGHEST    93           300 AM
 LOWEST     36           200 PM
 AVERAGE    65

..........................................................


THE CARIBOU ME CLIMATE NORMALS FOR TODAY
                         NORMAL    RECORD    YEAR
 MAXIMUM TEMPERATURE (F)   76        89      1943
 MINIMUM TEMPERATURE (F)   55        42      1971
                                             1940


SUNRISE AND SUNSET
JULY 12 2014..........SUNRISE   450 AM EDT   SUNSET   825 PM EDT
JULY 13 2014..........SUNRISE   451 AM EDT   SUNSET   824 PM EDT


-  INDICATES NEGATIVE NUMBERS.
R  INDICATES RECORD WAS SET OR TIED.
MM INDICATES DATA IS MISSING.
T  INDICATES TRACE AMOUNT.




$$
