000
CDUS41 KCAR 180546
CLICAR

CLIMATE REPORT
NATIONAL WEATHER SERVICE CARIBOU, ME
138 AM EDT TUE JUL 18 2017


...................................

...THE CARIBOU ME CLIMATE SUMMARY FOR JULY 17 2017...

CLIMATE NORMAL PERIOD 1981 TO 2010
CLIMATE RECORD PERIOD 1939 TO 2017


WEATHER ITEM   OBSERVED TIME   RECORD YEAR NORMAL DEPARTURE LAST
                VALUE   (LST)  VALUE       VALUE  FROM      YEAR
                                                  NORMAL
..................................................................
TEMPERATURE (F)
 YESTERDAY
  MAXIMUM         82    134 PM  92    1999  76      6       78
  MINIMUM         58    412 AM  43    1942  56      2       56
  AVERAGE         70                        66      4       67

PRECIPITATION (IN)
  YESTERDAY        T             3.81 2013   0.13  -0.13     0.37
  MONTH TO DATE    1.86                      2.31  -0.45     4.24
  SINCE JUN 1      6.25                      5.79   0.46     7.89
  SINCE JAN 1     22.82                     19.21   3.61    23.82

SNOWFALL (IN)
  YESTERDAY        0.0           0.0  2002   0.0    0.0      0.0
                                      2001
  MONTH TO DATE    0.0                       0.0    0.0      0.0
  SINCE JUN 1      0.0                       0.0    0.0      0.0
  SINCE JUL 1      0.0                       0.0    0.0      0.0
  SNOW DEPTH       0

DEGREE DAYS
 HEATING
  YESTERDAY        0                         2     -2        0
  MONTH TO DATE    6                        38    -32       42
  SINCE JUN 1    138                       203    -65      186
  SINCE JUL 1      6                        38    -32       42

 COOLING
  YESTERDAY        5                         2      3        2
  MONTH TO DATE   45                        39      6       46
  SINCE JUN 1     90                        73     17       91
  SINCE JAN 1     96                        78     18       99
..................................................................


WIND (MPH)
  HIGHEST WIND SPEED    12   HIGHEST WIND DIRECTION     S (180)
  HIGHEST GUST SPEED    16   HIGHEST GUST DIRECTION     S (190)
  AVERAGE WIND SPEED     4.4


SKY COVER
  POSSIBLE SUNSHINE  MM
  AVERAGE SKY COVER 0.3


WEATHER CONDITIONS
 THE FOLLOWING WEATHER WAS RECORDED YESTERDAY.
  LIGHT RAIN
  FOG
  FOG W/VISIBILITY <= 1/4 MILE


RELATIVE HUMIDITY (PERCENT)
 HIGHEST   100           400 AM
 LOWEST     58           100 PM
 AVERAGE    79

..........................................................


THE CARIBOU ME CLIMATE NORMALS FOR TODAY
                         NORMAL    RECORD    YEAR
 MAXIMUM TEMPERATURE (F)   76        93      1982
                                             1964
 MINIMUM TEMPERATURE (F)   56        44      1951


SUNRISE AND SUNSET
JULY 18 2017..........SUNRISE   456 AM EDT   SUNSET   820 PM EDT
JULY 19 2017..........SUNRISE   457 AM EDT   SUNSET   819 PM EDT


-  INDICATES NEGATIVE NUMBERS.
R  INDICATES RECORD WAS SET OR TIED.
MM INDICATES DATA IS MISSING.
T  INDICATES TRACE AMOUNT.

---------------------------------------------------------------------
THE CARIBOU ME 4 INCH UNDER SOD SOIL TEMPERATURES FOR JULY 17 2017

MAXIMUM 77 F
MINIMUM 69 F

$$
