000
CDUS41 KCAR 210527
CLICAR


CLIMATE REPORT
NATIONAL WEATHER SERVICE CARIBOU, ME
1226 AM EST TUE FEB 21 2017


...................................

...THE CARIBOU ME CLIMATE SUMMARY FOR FEBRUARY 20 2017...

CLIMATE NORMAL PERIOD 1981 TO 2010
CLIMATE RECORD PERIOD 1939 TO 2017


WEATHER ITEM   OBSERVED TIME   RECORD YEAR NORMAL DEPARTURE LAST
                VALUE   (LST)  VALUE       VALUE  FROM      YEAR
                                                  NORMAL
..................................................................
TEMPERATURE (F)
 YESTERDAY
  MAXIMUM         30    344 PM  59    1994  26      4       37
  MINIMUM         14   1155 PM -31    1966   6      8       23
  AVERAGE         22                        16      6       30

PRECIPITATION (IN)
  YESTERDAY        T             0.72 2013   0.07  -0.07     0.24
  MONTH TO DATE    1.48                      1.55  -0.07     2.04
  SINCE DEC 1      9.13                      7.53   1.60     8.34
  SINCE JAN 1      4.93                      4.26   0.67     3.46

SNOWFALL (IN)
  YESTERDAY        T             6.2  2013   0.8   -0.8      1.1
  MONTH TO DATE   15.8                      16.0   -0.2     11.4
  SINCE DEC 1     76.4                      64.1   12.3     50.4
  SINCE JUL 1     96.6                      76.3   20.3     54.5
  SNOW DEPTH      31

DEGREE DAYS
 HEATING
  YESTERDAY       43                        49     -6       35
  MONTH TO DATE 1082                      1043     39      965
  SINCE DEC 1   4023                      4192   -169     3544
  SINCE JUL 1   5710                      6337   -627     5362

 COOLING
  YESTERDAY        0                         0      0        0
  MONTH TO DATE    0                         0      0        0
  SINCE DEC 1      0                         0      0        0
  SINCE JAN 1      0                         0      0        0
..................................................................


WIND (MPH)
  HIGHEST WIND SPEED    21   HIGHEST WIND DIRECTION     N (340)
  HIGHEST GUST SPEED    24   HIGHEST GUST DIRECTION    NW (330)
  AVERAGE WIND SPEED    11.6


SKY COVER
  POSSIBLE SUNSHINE  MM
  AVERAGE SKY COVER 0.1


WEATHER CONDITIONS
 THE FOLLOWING WEATHER WAS RECORDED YESTERDAY.
  LIGHT SNOW
  HAZE


RELATIVE HUMIDITY (PERCENT)
 HIGHEST    81           100 AM
 LOWEST     50           300 PM
 AVERAGE    66

..........................................................


THE CARIBOU ME CLIMATE NORMALS FOR TODAY
                         NORMAL    RECORD    YEAR
 MAXIMUM TEMPERATURE (F)   26        50      1994
 MINIMUM TEMPERATURE (F)    6       -28      1993


SUNRISE AND SUNSET
FEBRUARY 21 2017......SUNRISE   626 AM EST   SUNSET   506 PM EST
FEBRUARY 22 2017......SUNRISE   624 AM EST   SUNSET   508 PM EST


-  INDICATES NEGATIVE NUMBERS.
R  INDICATES RECORD WAS SET OR TIED.
MM INDICATES DATA IS MISSING.
T  INDICATES TRACE AMOUNT.




$$
