000
CDUS41 KCAR 180555
CLICAR


CLIMATE REPORT
NATIONAL WEATHER SERVICE CARIBOU, ME
1252 AM EST SUN FEB 18 2018


...................................

...THE CARIBOU ME CLIMATE SUMMARY FOR FEBRUARY 17 2018...

CLIMATE NORMAL PERIOD 1981 TO 2010
CLIMATE RECORD PERIOD 1939 TO 2018


WEATHER ITEM   OBSERVED TIME   RECORD YEAR NORMAL DEPARTURE LAST
                VALUE   (LST)  VALUE       VALUE  FROM      YEAR
                                                  NORMAL
..................................................................
TEMPERATURE (F)
 YESTERDAY
  MAXIMUM         22    134 PM  48    2016  25     -3       32
  MINIMUM         -2    632 AM -23    2004   5     -7       16
  AVERAGE         10                        15     -5       24

PRECIPITATION (IN)
  YESTERDAY        0.00          0.92 2006   0.08  -0.08     0.00
  MONTH TO DATE    1.83                      1.33   0.50     1.46
  SINCE DEC 1     11.25                      7.31   3.94     9.11
  SINCE JAN 1      7.13                      4.04   3.09     4.91

SNOWFALL (IN)
  YESTERDAY        0.0          10.1  1955   0.8   -0.8      0.0
  MONTH TO DATE   21.9                      13.7    8.2     15.5
  SINCE DEC 1     95.0                      61.8   33.2     76.1
  SINCE JUL 1     98.9                      74.0   24.9     96.3
  SNOW DEPTH      32

DEGREE DAYS
 HEATING
  YESTERDAY       55                        50      5       41
  MONTH TO DATE  851                       894    -43      959
  SINCE DEC 1   4076                      4043     33     3900
  SINCE JUL 1   5780                      6188   -408     5587

 COOLING
  YESTERDAY        0                         0      0        0
  MONTH TO DATE    0                         0      0        0
  SINCE DEC 1      0                         0      0        0
  SINCE JAN 1      0                         0      0        0
..................................................................


WIND (MPH)
  HIGHEST WIND SPEED    15   HIGHEST WIND DIRECTION     S (180)
  HIGHEST GUST SPEED    22   HIGHEST GUST DIRECTION     S (160)
  AVERAGE WIND SPEED     7.2


SKY COVER
  POSSIBLE SUNSHINE  MM
  AVERAGE SKY COVER 0.0


WEATHER CONDITIONS
 THE FOLLOWING WEATHER WAS RECORDED YESTERDAY.
  NO SIGNIFICANT WEATHER WAS OBSERVED.


RELATIVE HUMIDITY (PERCENT)
 HIGHEST    65           700 AM
 LOWEST     39          1200 PM
 AVERAGE    52

..........................................................


THE CARIBOU ME CLIMATE NORMALS FOR TODAY
                         NORMAL    RECORD    YEAR
 MAXIMUM TEMPERATURE (F)   25        52      1981
 MINIMUM TEMPERATURE (F)    5       -27      1967


SUNRISE AND SUNSET
FEBRUARY 18 2018......SUNRISE   631 AM EST   SUNSET   501 PM EST
FEBRUARY 19 2018......SUNRISE   630 AM EST   SUNSET   503 PM EST


-  INDICATES NEGATIVE NUMBERS.
R  INDICATES RECORD WAS SET OR TIED.
MM INDICATES DATA IS MISSING.
T  INDICATES TRACE AMOUNT.




$$
