000
CDUS41 KCAR 200526
CLICAR


CLIMATE REPORT
NATIONAL WEATHER SERVICE CARIBOU, ME
126 AM EDT SAT SEP 20 2014


...................................

...THE CARIBOU ME CLIMATE SUMMARY FOR SEPTEMBER 19 2014...

CLIMATE NORMAL PERIOD 1981 TO 2010
CLIMATE RECORD PERIOD 1939 TO 2014


WEATHER ITEM   OBSERVED TIME   RECORD YEAR NORMAL DEPARTURE LAST
                VALUE   (LST)  VALUE       VALUE  FROM      YEAR
                                                  NORMAL
..................................................................
TEMPERATURE (F)
 YESTERDAY
  MAXIMUM         53    330 PM  84    1968  64    -11       75
  MINIMUM         29   1234 AM  27    2008  43    -14       41
  AVERAGE         41                        54    -13       58

PRECIPITATION (IN)
  YESTERDAY        0.00          2.46 1945   0.11  -0.11     0.00
  MONTH TO DATE    2.43                      2.05   0.38     5.47
  SINCE SEP 1      2.43                      2.05   0.38     5.47
  SINCE JAN 1     31.09                     26.79   4.30    38.49

SNOWFALL (IN)
  YESTERDAY        0.0           0.0  2002   0.0    0.0      0.0
                                      2001
  MONTH TO DATE    0.0                       0.0    0.0      0.0
  SINCE SEP 1      0.0                       0.0    0.0      0.0
  SINCE JUL 1      0.0                       0.0    0.0      0.0
  SNOW DEPTH       0

DEGREE DAYS
 HEATING
  YESTERDAY       24                        11     13        7
  MONTH TO DATE  188                       160     28      156
  SINCE SEP 1    188                       160     28      156
  SINCE JUL 1    246                       314    -68      270

 COOLING
  YESTERDAY        0                         0      0        0
  MONTH TO DATE   21                        10     11       13
  SINCE SEP 1     21                        10     11       13
  SINCE JAN 1    262                       179     83      192
..................................................................


WIND (MPH)
  HIGHEST WIND SPEED    16   HIGHEST WIND DIRECTION    NW (320)
  HIGHEST GUST SPEED    24   HIGHEST GUST DIRECTION    NW (320)
  AVERAGE WIND SPEED     5.4


SKY COVER
  POSSIBLE SUNSHINE  MM
  AVERAGE SKY COVER 0.0


WEATHER CONDITIONS
 THE FOLLOWING WEATHER WAS RECORDED YESTERDAY.
  NO SIGNIFICANT WEATHER WAS OBSERVED.


RELATIVE HUMIDITY (PERCENT)
 HIGHEST    85           100 AM
 LOWEST     28           200 PM
 AVERAGE    57

..........................................................


THE CARIBOU ME CLIMATE NORMALS FOR TODAY
                         NORMAL    RECORD    YEAR
 MAXIMUM TEMPERATURE (F)   64        87      1985
 MINIMUM TEMPERATURE (F)   43        27      1950


SUNRISE AND SUNSET
SEPTEMBER 20 2014.....SUNRISE   616 AM EDT   SUNSET   634 PM EDT
SEPTEMBER 21 2014.....SUNRISE   617 AM EDT   SUNSET   632 PM EDT


-  INDICATES NEGATIVE NUMBERS.
R  INDICATES RECORD WAS SET OR TIED.
MM INDICATES DATA IS MISSING.
T  INDICATES TRACE AMOUNT.




$$
