000
CDUS41 KCAR 270528
CLICAR


CLIMATE REPORT
NATIONAL WEATHER SERVICE CARIBOU, ME
127 AM EDT MON JUL 27 2015


...................................

...THE CARIBOU ME CLIMATE SUMMARY FOR JULY 26 2015...

CLIMATE NORMAL PERIOD 1981 TO 2010
CLIMATE RECORD PERIOD 1939 TO 2015


WEATHER ITEM   OBSERVED TIME   RECORD YEAR NORMAL DEPARTURE LAST
                VALUE   (LST)  VALUE       VALUE  FROM      YEAR
                                                  NORMAL
..................................................................
TEMPERATURE (F)
 YESTERDAY
  MAXIMUM         64   1016 AM  93    1963  76    -12       79
  MINIMUM         53    300 AM  42    1993  56     -3       57
  AVERAGE         59                        66     -7       68

PRECIPITATION (IN)
  YESTERDAY        0.06          0.95 2013   0.13  -0.07     0.00
  MONTH TO DATE    3.06                      3.47  -0.41     5.32
  SINCE JUN 1      7.31                      6.95   0.36     7.93
  SINCE JAN 1     18.16                     20.37  -2.21    25.13

SNOWFALL (IN)
  YESTERDAY        0.0           0.0  2002   0.0    0.0      0.0
                                      2001
  MONTH TO DATE    0.0                       0.0    0.0      0.0
  SINCE JUN 1      0.0                       0.0    0.0      0.0
  SINCE JUL 1      0.0                       0.0    0.0      0.0
  SNOW DEPTH       0

DEGREE DAYS
 HEATING
  YESTERDAY        6                         2      4        0
  MONTH TO DATE   65                        54     11       20
  SINCE JUN 1    277                       219     58      109
  SINCE JUL 1     65                        54     11       20

 COOLING
  YESTERDAY        0                         3     -3        3
  MONTH TO DATE   33                        64    -31      120
  SINCE JUN 1     39                        98    -59      156
  SINCE JAN 1     60                       103    -43      159
..................................................................


WIND (MPH)
  HIGHEST WIND SPEED    15   HIGHEST WIND DIRECTION     S (170)
  HIGHEST GUST SPEED    19   HIGHEST GUST DIRECTION     S (160)
  AVERAGE WIND SPEED     7.3


SKY COVER
  POSSIBLE SUNSHINE  MM
  AVERAGE SKY COVER 0.9


WEATHER CONDITIONS
 THE FOLLOWING WEATHER WAS RECORDED YESTERDAY.
  LIGHT RAIN
  FOG


RELATIVE HUMIDITY (PERCENT)
 HIGHEST    93          1200 AM
 LOWEST     78           900 AM
 AVERAGE    86

..........................................................


THE CARIBOU ME CLIMATE NORMALS FOR TODAY
                         NORMAL    RECORD    YEAR
 MAXIMUM TEMPERATURE (F)   76        92      1963
 MINIMUM TEMPERATURE (F)   56        42      1946


SUNRISE AND SUNSET
JULY 27 2015..........SUNRISE   505 AM EDT   SUNSET   811 PM EDT
JULY 28 2015..........SUNRISE   507 AM EDT   SUNSET   810 PM EDT


-  INDICATES NEGATIVE NUMBERS.
R  INDICATES RECORD WAS SET OR TIED.
MM INDICATES DATA IS MISSING.
T  INDICATES TRACE AMOUNT.




$$
