000
CDUS41 KCAR 300529
CLICAR


CLIMATE REPORT
NATIONAL WEATHER SERVICE CARIBOU, ME
128 AM EDT TUE AUG 30 2016


...................................

...THE CARIBOU ME CLIMATE SUMMARY FOR AUGUST 29 2016...

CLIMATE NORMAL PERIOD 1981 TO 2010
CLIMATE RECORD PERIOD 1939 TO 2016


WEATHER ITEM   OBSERVED TIME   RECORD YEAR NORMAL DEPARTURE LAST
                VALUE   (LST)  VALUE       VALUE  FROM      YEAR
                                                  NORMAL
..................................................................
TEMPERATURE (F)
 YESTERDAY
  MAXIMUM         73   1042 AM  92    2010  72      1       74
                                      1977
  MINIMUM         54   1159 PM  35    1986  50      4       53
  AVERAGE         64                        61      3       64

PRECIPITATION (IN)
  YESTERDAY        0.02          1.21 1967   0.12  -0.10     0.00
  MONTH TO DATE    5.83                      3.54   2.29     4.14
  SINCE JUN 1     15.12                     11.10   4.02    11.58
  SINCE JAN 1     31.05                     24.52   6.53    22.43

SNOWFALL (IN)
  YESTERDAY        0.0           0.0  2002   0.0    0.0      0.0
                                      2001
  MONTH TO DATE    0.0                       0.0    0.0      0.0
  SINCE JUN 1      0.0                       0.0    0.0      0.0
  SINCE JUL 1      0.0                       0.0    0.0      0.0
  SNOW DEPTH       0

DEGREE DAYS
 HEATING
  YESTERDAY        1                         5     -4        1
  MONTH TO DATE   31                        85    -54       12
  SINCE JUN 1    223                       308    -85      289
  SINCE JUL 1     79                       143    -64       77

 COOLING
  YESTERDAY        0                         1     -1        0
  MONTH TO DATE   87                        49     38      112
  SINCE JUN 1    241                       160     81      174
  SINCE JAN 1    249                       165     84      195
..................................................................


WIND (MPH)
  HIGHEST WIND SPEED    25   HIGHEST WIND DIRECTION    NW (330)
  HIGHEST GUST SPEED    36   HIGHEST GUST DIRECTION    NW (310)
  AVERAGE WIND SPEED     9.2


SKY COVER
  POSSIBLE SUNSHINE  MM
  AVERAGE SKY COVER 0.5


WEATHER CONDITIONS
 THE FOLLOWING WEATHER WAS RECORDED YESTERDAY.
  THUNDERSTORM


RELATIVE HUMIDITY (PERCENT)
 HIGHEST    93          1200 AM
 LOWEST     55           300 PM
 AVERAGE    74

..........................................................


THE CARIBOU ME CLIMATE NORMALS FOR TODAY
                         NORMAL    RECORD    YEAR
 MAXIMUM TEMPERATURE (F)   72        91      2010
 MINIMUM TEMPERATURE (F)   50        34      1982
                                             1947


SUNRISE AND SUNSET
AUGUST 30 2016........SUNRISE   550 AM EDT   SUNSET   714 PM EDT
AUGUST 31 2016........SUNRISE   551 AM EDT   SUNSET   713 PM EDT


-  INDICATES NEGATIVE NUMBERS.
R  INDICATES RECORD WAS SET OR TIED.
MM INDICATES DATA IS MISSING.
T  INDICATES TRACE AMOUNT.




$$
