000
CDUS41 KCAR 240530
CLICAR


CLIMATE REPORT
NATIONAL WEATHER SERVICE CARIBOU, ME
130 AM EDT MON APR 24 2017


...................................

...THE CARIBOU ME CLIMATE SUMMARY FOR APRIL 23 2017...

CLIMATE NORMAL PERIOD 1981 TO 2010
CLIMATE RECORD PERIOD 1939 TO 2017


WEATHER ITEM   OBSERVED TIME   RECORD YEAR NORMAL DEPARTURE LAST
                VALUE   (LST)  VALUE       VALUE  FROM      YEAR
                                                  NORMAL
..................................................................
TEMPERATURE (F)
 YESTERDAY
  MAXIMUM         51    434 PM  77    2007  52     -1       54
  MINIMUM         33    452 AM  21    1994  33      0       31
  AVERAGE         42                        42      0       43

PRECIPITATION (IN)
  YESTERDAY        0.03          1.42 2012   0.09  -0.06     0.00
  MONTH TO DATE    3.15                      2.04   1.11     2.80
  SINCE MAR 1      5.87                      4.55   1.32     7.50
  SINCE JAN 1     11.49                      9.47   2.02    12.97

SNOWFALL (IN)
  YESTERDAY        0.0           4.3  1969   0.2   -0.2      0.0
  MONTH TO DATE    9.8                       6.8    3.0      2.8
  SINCE MAR 1     33.4                      25.1    8.3     30.0
  SINCE JUL 1    130.0                     107.6   22.4     90.0
  SNOW DEPTH       3

DEGREE DAYS
 HEATING
  YESTERDAY       23                        23      0       22
  MONTH TO DATE  589                       650    -61      657
  SINCE MAR 1   1972                      1904     68     1914
  SINCE JUL 1   7953                      8625   -672     7656

 COOLING
  YESTERDAY        0                         0      0        0
  MONTH TO DATE    0                         0      0        0
  SINCE MAR 1      0                         0      0        0
  SINCE JAN 1      0                         0      0        0
..................................................................


WIND (MPH)
  HIGHEST WIND SPEED    16   HIGHEST WIND DIRECTION    NW (330)
  HIGHEST GUST SPEED    20   HIGHEST GUST DIRECTION    NW (330)
  AVERAGE WIND SPEED     5.6


SKY COVER
  POSSIBLE SUNSHINE  MM
  AVERAGE SKY COVER 0.7


WEATHER CONDITIONS
 THE FOLLOWING WEATHER WAS RECORDED YESTERDAY.
  LIGHT RAIN
  FOG


RELATIVE HUMIDITY (PERCENT)
 HIGHEST    96           200 AM
 LOWEST     56           400 PM
 AVERAGE    76

..........................................................


THE CARIBOU ME CLIMATE NORMALS FOR TODAY
                         NORMAL    RECORD    YEAR
 MAXIMUM TEMPERATURE (F)   53        80      1942
 MINIMUM TEMPERATURE (F)   33        20      2004


SUNRISE AND SUNSET
APRIL 24 2017.........SUNRISE   528 AM EDT   SUNSET   733 PM EDT
APRIL 25 2017.........SUNRISE   526 AM EDT   SUNSET   734 PM EDT


-  INDICATES NEGATIVE NUMBERS.
R  INDICATES RECORD WAS SET OR TIED.
MM INDICATES DATA IS MISSING.
T  INDICATES TRACE AMOUNT.




$$
