000
CDUS41 KCAR 010541
CLICAR

CLIMATE REPORT
NATIONAL WEATHER SERVICE CARIBOU, ME
133 AM EDT MON SEP 1 2014


...................................

...THE CARIBOU ME CLIMATE SUMMARY FOR AUGUST 31 2014...

CLIMATE NORMAL PERIOD 1981 TO 2010
CLIMATE RECORD PERIOD 1939 TO 2014


WEATHER ITEM   OBSERVED TIME   RECORD YEAR NORMAL DEPARTURE LAST
                VALUE   (LST)  VALUE       VALUE  FROM      YEAR
                                                  NORMAL
..................................................................
TEMPERATURE (F)
 YESTERDAY
  MAXIMUM         72    513 PM  93    2010  71      1       74
  MINIMUM         57    636 AM  34    2002  50      7       58
                                      1965
  AVERAGE         65                        60      5       66

PRECIPITATION (IN)
  YESTERDAY        0.11          1.55 2005   0.11   0.00     0.10
  MONTH TO DATE    1.79                      3.76  -1.97     5.67
  SINCE JUN 1     11.46                     11.32   0.14    19.00
  SINCE JAN 1     28.66                     24.74   3.92    33.02

SNOWFALL (IN)
  YESTERDAY        0.0           0.0  2002   0.0    0.0      0.0
                                      2001
  MONTH TO DATE    0.0                       0.0    0.0      0.0
  SINCE JUN 1      0.0                       0.0    0.0      0.0
  SINCE JUL 1      0.0                       0.0    0.0      0.0
  SNOW DEPTH       0

DEGREE DAYS
 HEATING
  YESTERDAY        0                         6     -6        0
  MONTH TO DATE   34                        96    -62       86
  SINCE JUN 1    147                       319   -172      292
  SINCE JUL 1     58                       154    -96      114

 COOLING
  YESTERDAY        0                         1     -1        1
  MONTH TO DATE   72                        53     19       29
  SINCE JUN 1    238                       164     74      171
  SINCE JAN 1    241                       169     72      179
..................................................................


WIND (MPH)
  HIGHEST WIND SPEED    13   HIGHEST WIND DIRECTION     S (180)
  HIGHEST GUST SPEED    17   HIGHEST GUST DIRECTION     S (190)
  AVERAGE WIND SPEED     6.7


SKY COVER
  POSSIBLE SUNSHINE  MM
  AVERAGE SKY COVER 0.9


WEATHER CONDITIONS
 THE FOLLOWING WEATHER WAS RECORDED YESTERDAY.
  LIGHT RAIN
  FOG


RELATIVE HUMIDITY (PERCENT)
 HIGHEST    93           700 AM
 LOWEST     78           200 AM
 AVERAGE    86

..........................................................


THE CARIBOU ME CLIMATE NORMALS FOR TODAY
                         NORMAL    RECORD    YEAR
 MAXIMUM TEMPERATURE (F)   71        92      2010
 MINIMUM TEMPERATURE (F)   49        37      1979


SUNRISE AND SUNSET
SEPTEMBER  1 2014.....SUNRISE   552 AM EDT   SUNSET   712 PM EDT
SEPTEMBER  2 2014.....SUNRISE   553 AM EDT   SUNSET   710 PM EDT


-  INDICATES NEGATIVE NUMBERS.
R  INDICATES RECORD WAS SET OR TIED.
MM INDICATES DATA IS MISSING.
T  INDICATES TRACE AMOUNT.

---------------------------------------------------------------------
THE CARIBOU ME 4 INCH SOIL TEMPERATURE FOR AUGUST 31 2014

MAXIMUM SOIL TEMPERATURE (F)...70
MINIMUM SOIL TEMPERATURE (F)...69


$$
