000
CDUS41 KCAR 282127
CLICAR


CLIMATE REPORT
NATIONAL WEATHER SERVICE CARIBOU, ME
427 PM EST WED JAN 28 2015


...................................

...THE CARIBOU ME CLIMATE SUMMARY FOR JANUARY 28 2015...
VALID TODAY AS OF 0400 PM LOCAL TIME.

CLIMATE NORMAL PERIOD 1981 TO 2010
CLIMATE RECORD PERIOD 1939 TO 2015


WEATHER ITEM   OBSERVED TIME   RECORD YEAR NORMAL DEPARTURE LAST
                VALUE   (LST)  VALUE       VALUE  FROM      YEAR
                                                  NORMAL
..................................................................
TEMPERATURE (F)
 TODAY
  MAXIMUM         14    359 PM  45    1994  19     -5        5
  MINIMUM         10   1115 AM -27    1972   0     10       -7
  AVERAGE         12                        10      2       -1

PRECIPITATION (IN)
  TODAY            0.10          1.00 1976   0.08   0.02     0.00
  MONTH TO DATE    2.24                      2.46  -0.22     3.99
  SINCE DEC 1      8.12                      5.73   2.39     7.57
  SINCE JAN 1      2.24                      2.46  -0.22     3.99

SNOWFALL (IN)
  TODAY            2.2           9.6  1967   0.8    1.4      0.0
  MONTH TO DATE   23.3                      22.8    0.5     17.2
  SINCE DEC 1     50.4                      45.7    4.7     62.0
  SINCE JUL 1     79.2                      57.9   21.3     72.1
  SNOW DEPTH      14

DEGREE DAYS
 HEATING
  TODAY           53                        55     -2       66
  MONTH TO DATE 1581                      1536     45     1470
  SINCE DEC 1   2896                      2985    -89     3079
  SINCE JUL 1   4848                      5130   -282     5035

 COOLING
  TODAY            0                         0      0        0
  MONTH TO DATE    0                         0      0        0
  SINCE DEC 1      0                         0      0        0
  SINCE JAN 1      0                         0      0        0
..................................................................


WIND (MPH)
  HIGHEST WIND SPEED    23   HIGHEST WIND DIRECTION     N (360)
  HIGHEST GUST SPEED    31   HIGHEST GUST DIRECTION     N (10)
  AVERAGE WIND SPEED    16.3


SKY COVER
  POSSIBLE SUNSHINE  MM
  AVERAGE SKY COVER 1.0


WEATHER CONDITIONS
 THE FOLLOWING WEATHER WAS RECORDED TODAY.
  LIGHT SNOW
  FOG


RELATIVE HUMIDITY (PERCENT)
 HIGHEST    83           800 AM
 LOWEST     67           200 PM
 AVERAGE    75

..........................................................


THE CARIBOU ME CLIMATE NORMALS FOR TOMORROW
                         NORMAL    RECORD    YEAR
 MAXIMUM TEMPERATURE (F)   20        43      1994
 MINIMUM TEMPERATURE (F)    1       -24      1971


SUNRISE AND SUNSET
JANUARY 28 2015.......SUNRISE   702 AM EST   SUNSET   429 PM EST
JANUARY 29 2015.......SUNRISE   701 AM EST   SUNSET   430 PM EST


-  INDICATES NEGATIVE NUMBERS.
R  INDICATES RECORD WAS SET OR TIED.
MM INDICATES DATA IS MISSING.
T  INDICATES TRACE AMOUNT.




$$
