000
CDUS41 KCAR 310526
CLICAR


CLIMATE REPORT
NATIONAL WEATHER SERVICE CARIBOU, ME
126 AM EDT FRI OCT 31 2014


...................................

...THE CARIBOU ME CLIMATE SUMMARY FOR OCTOBER 30 2014...

CLIMATE NORMAL PERIOD 1981 TO 2010
CLIMATE RECORD PERIOD 1939 TO 2014


WEATHER ITEM   OBSERVED TIME   RECORD YEAR NORMAL DEPARTURE LAST
                VALUE   (LST)  VALUE       VALUE  FROM      YEAR
                                                  NORMAL
..................................................................
TEMPERATURE (F)
 YESTERDAY
  MAXIMUM         51   1057 AM  70    1989  46      5       41
  MINIMUM         37    519 AM  15    1962  31      6       21
  AVERAGE         44                        38      6       31

PRECIPITATION (IN)
  YESTERDAY        0.00          0.98 1946   0.11  -0.11     0.00
  MONTH TO DATE    5.79                      3.41   2.38     2.15
  SINCE SEP 1      8.38                      6.73   1.65     9.16
  SINCE JAN 1     37.04                     31.47   5.57    42.18

SNOWFALL (IN)
  YESTERDAY        0.0           2.3  1941   0.1   -0.1      0.0
  MONTH TO DATE    0.0                       1.5   -1.5      1.0
  SINCE SEP 1      0.0                       1.6   -1.6      1.0
  SINCE JUL 1      0.0                       1.6   -1.6      1.0
  SNOW DEPTH       0

DEGREE DAYS
 HEATING
  YESTERDAY       21                        27     -6       34
  MONTH TO DATE  515                       645   -130      558
  SINCE SEP 1    809                       958   -149      815
  SINCE JUL 1    867                      1112   -245      929

 COOLING
  YESTERDAY        0                         0      0        0
  MONTH TO DATE    1                         0      1        0
  SINCE SEP 1     25                        11     14       13
  SINCE JAN 1    266                       180     86      192
..................................................................


WIND (MPH)
  HIGHEST WIND SPEED    14   HIGHEST WIND DIRECTION    NW (320)
  HIGHEST GUST SPEED    20   HIGHEST GUST DIRECTION    NW (300)
  AVERAGE WIND SPEED     6.5


SKY COVER
  POSSIBLE SUNSHINE  MM
  AVERAGE SKY COVER 0.5


WEATHER CONDITIONS
 THE FOLLOWING WEATHER WAS RECORDED YESTERDAY.
  NO SIGNIFICANT WEATHER WAS OBSERVED.


RELATIVE HUMIDITY (PERCENT)
 HIGHEST    92           200 AM
 LOWEST     50          1200 PM
 AVERAGE    71

..........................................................


THE CARIBOU ME CLIMATE NORMALS FOR TODAY
                         NORMAL    RECORD    YEAR
 MAXIMUM TEMPERATURE (F)   45        69      1989
                                             1956
                                             1942
 MINIMUM TEMPERATURE (F)   30        16      1944


SUNRISE AND SUNSET
OCTOBER 31 2014.......SUNRISE   713 AM EDT   SUNSET   518 PM EDT
NOVEMBER  1 2014......SUNRISE   714 AM EDT   SUNSET   516 PM EDT


-  INDICATES NEGATIVE NUMBERS.
R  INDICATES RECORD WAS SET OR TIED.
MM INDICATES DATA IS MISSING.
T  INDICATES TRACE AMOUNT.




$$
