596
CDUS41 KCAR 290537
CLICAR


CLIMATE REPORT
NATIONAL WEATHER SERVICE CARIBOU, ME
133 AM EDT FRI APR 29 2016


...................................

...THE CARIBOU ME CLIMATE SUMMARY FOR APRIL 28 2016...

CLIMATE NORMAL PERIOD 1981 TO 2010
CLIMATE RECORD PERIOD 1939 TO 2016


WEATHER ITEM   OBSERVED TIME   RECORD YEAR NORMAL DEPARTURE LAST
                VALUE   (LST)  VALUE       VALUE  FROM      YEAR
                                                  NORMAL
..................................................................
TEMPERATURE (F)
 YESTERDAY
  MAXIMUM         35    405 PM  76    2009  55    -20       51
  MINIMUM         19    427 AM  13    1947  35    -16       34
  AVERAGE         27                        45    -18       43

PRECIPITATION (IN)
  YESTERDAY        T             1.67 2005   0.09  -0.09     0.01
  MONTH TO DATE    2.80                      2.47   0.33     2.35
  SINCE MAR 1      7.50                      4.98   2.52     4.00
  SINCE JAN 1     12.97                      9.90   3.07     8.10

SNOWFALL (IN)
  YESTERDAY        T             6.2  1997   0.0    0.0      0.0
  MONTH TO DATE    2.8                       7.2   -4.4      8.6
  SINCE MAR 1     30.0                      25.5    4.5     33.5
  SINCE JUL 1     90.0                     108.0  -18.0    141.8
  SNOW DEPTH       0

DEGREE DAYS
 HEATING
  YESTERDAY       38                        20     18       22
  MONTH TO DATE  818                       756     62      805
  SINCE MAR 1   2075                      2010     65     2207
  SINCE JUL 1   7817                      8731   -914     8948

 COOLING
  YESTERDAY        0                         0      0        0
  MONTH TO DATE    0                         0      0        0
  SINCE MAR 1      0                         0      0        0
  SINCE JAN 1      0                         0      0        0
..................................................................


WIND (MPH)
  HIGHEST WIND SPEED    20   HIGHEST WIND DIRECTION    NW (330)
  HIGHEST GUST SPEED    29   HIGHEST GUST DIRECTION    NW (310)
  AVERAGE WIND SPEED     9.7


SKY COVER
  POSSIBLE SUNSHINE  MM
  AVERAGE SKY COVER 0.4


WEATHER CONDITIONS
 THE FOLLOWING WEATHER WAS RECORDED YESTERDAY.
  LIGHT SNOW


RELATIVE HUMIDITY (PERCENT)
 HIGHEST    62           400 AM
 LOWEST     35           300 PM
 AVERAGE    49

..........................................................


THE CARIBOU ME CLIMATE NORMALS FOR TODAY
                         NORMAL    RECORD    YEAR
 MAXIMUM TEMPERATURE (F)   55        75      1986
 MINIMUM TEMPERATURE (F)   35         8      1947


SUNRISE AND SUNSET
APRIL 29 2016.........SUNRISE   519 AM EDT   SUNSET   740 PM EDT
APRIL 30 2016.........SUNRISE   518 AM EDT   SUNSET   742 PM EDT


-  INDICATES NEGATIVE NUMBERS.
R  INDICATES RECORD WAS SET OR TIED.
MM INDICATES DATA IS MISSING.
T  INDICATES TRACE AMOUNT.




$$
