000
CDUS41 KCAR 280527
CLICAR


CLIMATE REPORT
NATIONAL WEATHER SERVICE CARIBOU, ME
126 AM EDT THU JUL 28 2016


...................................

...THE CARIBOU ME CLIMATE SUMMARY FOR JULY 27 2016...

CLIMATE NORMAL PERIOD 1981 TO 2010
CLIMATE RECORD PERIOD 1939 TO 2016


WEATHER ITEM   OBSERVED TIME   RECORD YEAR NORMAL DEPARTURE LAST
                VALUE   (LST)  VALUE       VALUE  FROM      YEAR
                                                  NORMAL
..................................................................
TEMPERATURE (F)
 YESTERDAY
  MAXIMUM         84    221 PM  92    1963  76      8       76
  MINIMUM         62    502 AM  42    1946  56      6       60
  AVERAGE         73                        66      7       68

PRECIPITATION (IN)
  YESTERDAY        T             1.95 1947   0.12  -0.12     0.09
  MONTH TO DATE    5.37                      3.59   1.78     3.15
  SINCE JUN 1      9.02                      7.07   1.95     7.40
  SINCE JAN 1     24.95                     20.49   4.46    18.25

SNOWFALL (IN)
  YESTERDAY        0.0           0.0  2002   0.0    0.0      0.0
                                      2001
  MONTH TO DATE    0.0                       0.0    0.0      0.0
  SINCE JUN 1      0.0                       0.0    0.0      0.0
  SINCE JUL 1      0.0                       0.0    0.0      0.0
  SNOW DEPTH       0

DEGREE DAYS
 HEATING
  YESTERDAY        0                         2     -2        0
  MONTH TO DATE   48                        56     -8       65
  SINCE JUN 1    192                       221    -29      277
  SINCE JUL 1     48                        56     -8       65

 COOLING
  YESTERDAY        8                         3      5        3
  MONTH TO DATE   97                        67     30       36
  SINCE JUN 1    142                       101     41       42
  SINCE JAN 1    150                       106     44       63
..................................................................


WIND (MPH)
  HIGHEST WIND SPEED    20   HIGHEST WIND DIRECTION    NW (310)
  HIGHEST GUST SPEED    31   HIGHEST GUST DIRECTION    NW (310)
  AVERAGE WIND SPEED     4.7


SKY COVER
  POSSIBLE SUNSHINE  MM
  AVERAGE SKY COVER 0.3


WEATHER CONDITIONS
 THE FOLLOWING WEATHER WAS RECORDED YESTERDAY.
  THUNDERSTORM


RELATIVE HUMIDITY (PERCENT)
 HIGHEST    93           100 AM
 LOWEST     48           200 PM
 AVERAGE    71

..........................................................


THE CARIBOU ME CLIMATE NORMALS FOR TODAY
                         NORMAL    RECORD    YEAR
 MAXIMUM TEMPERATURE (F)   76        91      1970
                                             1959
                                             1949
 MINIMUM TEMPERATURE (F)   56        43      1987
                                             1981
                                             1945


SUNRISE AND SUNSET
JULY 28 2016..........SUNRISE   508 AM EDT   SUNSET   809 PM EDT
JULY 29 2016..........SUNRISE   509 AM EDT   SUNSET   807 PM EDT


-  INDICATES NEGATIVE NUMBERS.
R  INDICATES RECORD WAS SET OR TIED.
MM INDICATES DATA IS MISSING.
T  INDICATES TRACE AMOUNT.

-------------------------------------------------------------------------------

THE CARIBOU ME 4-INCH UNDER SOD SOIL TEMP FOR JULY 27 2016:

MAXIMUM SOIL TEMPERATURE: 79F
MINIMUM SOIL TEMPERATURE: 72F


$$
