000
CDUS41 KCAR 190534
CLICAR


CLIMATE REPORT
NATIONAL WEATHER SERVICE CARIBOU, ME
1234 AM EST MON FEB 19 2018


...................................

...THE CARIBOU ME CLIMATE SUMMARY FOR FEBRUARY 18 2018...

CLIMATE NORMAL PERIOD 1981 TO 2010
CLIMATE RECORD PERIOD 1939 TO 2018


WEATHER ITEM   OBSERVED TIME   RECORD YEAR NORMAL DEPARTURE LAST
                VALUE   (LST)  VALUE       VALUE  FROM      YEAR
                                                  NORMAL
..................................................................
TEMPERATURE (F)
 YESTERDAY
  MAXIMUM         35    407 PM  52    1981  25     10       30
  MINIMUM         15   1155 PM -27    1967   5     10       11
  AVERAGE         25                        15     10       21

PRECIPITATION (IN)
  YESTERDAY        0.06          0.57 1999   0.07  -0.01      T
  MONTH TO DATE    1.89                      1.40   0.49     1.46
  SINCE DEC 1     11.31                      7.38   3.93     9.11
  SINCE JAN 1      7.19                      4.11   3.08     4.91

SNOWFALL (IN)
  YESTERDAY        0.9           9.9  1999   0.7    0.2       T
  MONTH TO DATE   22.8                      14.4    8.4     15.5
  SINCE DEC 1     95.9                      62.5   33.4     76.1
  SINCE JUL 1     99.8                      74.7   25.1     96.3
  SNOW DEPTH      33

DEGREE DAYS
 HEATING
  YESTERDAY       40                        50    -10       44
  MONTH TO DATE  891                       944    -53     1003
  SINCE DEC 1   4116                      4093     23     3944
  SINCE JUL 1   5820                      6238   -418     5631

 COOLING
  YESTERDAY        0                         0      0        0
  MONTH TO DATE    0                         0      0        0
  SINCE DEC 1      0                         0      0        0
  SINCE JAN 1      0                         0      0        0
..................................................................


WIND (MPH)
  HIGHEST WIND SPEED    15   HIGHEST WIND DIRECTION    NW (300)
  HIGHEST GUST SPEED    22   HIGHEST GUST DIRECTION     W (290)
  AVERAGE WIND SPEED     4.7


SKY COVER
  POSSIBLE SUNSHINE  MM
  AVERAGE SKY COVER 0.6


WEATHER CONDITIONS
 THE FOLLOWING WEATHER WAS RECORDED YESTERDAY.
  LIGHT SNOW
  FOG
  HAZE


RELATIVE HUMIDITY (PERCENT)
 HIGHEST    84           400 AM
 LOWEST     43           400 PM
 AVERAGE    64

..........................................................


THE CARIBOU ME CLIMATE NORMALS FOR TODAY
                         NORMAL    RECORD    YEAR
 MAXIMUM TEMPERATURE (F)   25        52      1981
 MINIMUM TEMPERATURE (F)    5       -26      1967
                                             1966


SUNRISE AND SUNSET
FEBRUARY 19 2018......SUNRISE   630 AM EST   SUNSET   503 PM EST
FEBRUARY 20 2018......SUNRISE   628 AM EST   SUNSET   504 PM EST


-  INDICATES NEGATIVE NUMBERS.
R  INDICATES RECORD WAS SET OR TIED.
MM INDICATES DATA IS MISSING.
T  INDICATES TRACE AMOUNT.




$$
