000
CDUS41 KCAR 290529
CLICAR


CLIMATE REPORT
NATIONAL WEATHER SERVICE CARIBOU, ME
128 AM EDT FRI MAY 29 2015


...................................

...THE CARIBOU ME CLIMATE SUMMARY FOR MAY 28 2015...

CLIMATE NORMAL PERIOD 1981 TO 2010
CLIMATE RECORD PERIOD 1939 TO 2015


WEATHER ITEM   OBSERVED TIME   RECORD YEAR NORMAL DEPARTURE LAST
                VALUE   (LST)  VALUE       VALUE  FROM      YEAR
                                                  NORMAL
..................................................................
TEMPERATURE (F)
 YESTERDAY
  MAXIMUM         76    308 PM  89    1978  67      9       67
  MINIMUM         59    837 PM  32    1994  44     15       38
  AVERAGE         68                        55     13       53

PRECIPITATION (IN)
  YESTERDAY        0.31          1.20 1973   0.11   0.20     0.00
  MONTH TO DATE    2.31                      2.99  -0.68     2.89
  SINCE MAR 1      6.31                      8.16  -1.85    10.70
  SINCE JAN 1     10.41                     13.08  -2.67    16.92

SNOWFALL (IN)
  YESTERDAY        0.0           0.0  2002   0.0    0.0      0.0
                                      2001
  MONTH TO DATE    0.3                       0.5   -0.2      0.0
  SINCE MAR 1     33.8                      26.2    7.6     51.3
  SINCE JUL 1    142.1                     108.7   33.4    150.7
  SNOW DEPTH       0

DEGREE DAYS
 HEATING
  YESTERDAY        0                        10    -10       12
  MONTH TO DATE  292                       395   -103      370
  SINCE MAR 1   2539                      2440     99     2738
  SINCE JUL 1   9280                      9161    119     9392

 COOLING
  YESTERDAY        3                         0      3        0
  MONTH TO DATE   16                         0     16        3
  SINCE MAR 1     16                         0     16        3
  SINCE JAN 1     16                         0     16        3
..................................................................


WIND (MPH)
  HIGHEST WIND SPEED    22   HIGHEST WIND DIRECTION     W (250)
  HIGHEST GUST SPEED    28   HIGHEST GUST DIRECTION     W (250)
  AVERAGE WIND SPEED     7.8


SKY COVER
  POSSIBLE SUNSHINE  MM
  AVERAGE SKY COVER 0.5


WEATHER CONDITIONS
 THE FOLLOWING WEATHER WAS RECORDED YESTERDAY.
  HEAVY RAIN
  RAIN
  LIGHT RAIN
  FOG


RELATIVE HUMIDITY (PERCENT)
 HIGHEST    93          1200 AM
 LOWEST     64          1000 AM
 AVERAGE    79

..........................................................


THE CARIBOU ME CLIMATE NORMALS FOR TODAY
                         NORMAL    RECORD    YEAR
 MAXIMUM TEMPERATURE (F)   67        91      1960
 MINIMUM TEMPERATURE (F)   45        33      1970


SUNRISE AND SUNSET
MAY 29 2015...........SUNRISE   444 AM EDT   SUNSET   816 PM EDT
MAY 30 2015...........SUNRISE   443 AM EDT   SUNSET   817 PM EDT


-  INDICATES NEGATIVE NUMBERS.
R  INDICATES RECORD WAS SET OR TIED.
MM INDICATES DATA IS MISSING.
T  INDICATES TRACE AMOUNT.




$$
