000
CDUS41 KCAR 280537
CLICAR


CLIMATE REPORT
NATIONAL WEATHER SERVICE CARIBOU, ME
133 AM EDT SAT MAR 28 2015


...................................

...THE CARIBOU ME CLIMATE SUMMARY FOR MARCH 27 2015...

CLIMATE NORMAL PERIOD 1981 TO 2010
CLIMATE RECORD PERIOD 1939 TO 2015


WEATHER ITEM   OBSERVED TIME   RECORD YEAR NORMAL DEPARTURE LAST
                VALUE   (LST)  VALUE       VALUE  FROM      YEAR
                                                  NORMAL
..................................................................
TEMPERATURE (F)
 YESTERDAY
  MAXIMUM         39    358 PM  66    1993  38      1       29
  MINIMUM         22   1159 PM  -2    1990  20      2        8
  AVERAGE         31                        29      2       19

PRECIPITATION (IN)
  YESTERDAY        T             0.99 1978   0.09  -0.09      T
  MONTH TO DATE    1.57                      2.19  -0.62     2.66
  SINCE MAR 1      1.57                      2.19  -0.62     2.66
  SINCE JAN 1      5.67                      7.11  -1.44     8.88

SNOWFALL (IN)
  YESTERDAY        T             7.7  2002   0.5   -0.5       T
  MONTH TO DATE   23.3                      16.6    6.7     36.0
  SINCE MAR 1     23.3                      16.6    6.7     36.0
  SINCE JUL 1    131.6                      99.1   32.5    135.4
  SNOW DEPTH      13

DEGREE DAYS
 HEATING
  YESTERDAY       34                        36     -2       46
  MONTH TO DATE 1252                      1115    137     1398
  SINCE MAR 1   1252                      1115    137     1398
  SINCE JUL 1   7993                      7836    157     8052

 COOLING
  YESTERDAY        0                         0      0        0
  MONTH TO DATE    0                         0      0        0
  SINCE MAR 1      0                         0      0        0
  SINCE JAN 1      0                         0      0        0
..................................................................


WIND (MPH)
  HIGHEST WIND SPEED    14   HIGHEST WIND DIRECTION     N (350)
  HIGHEST GUST SPEED    18   HIGHEST GUST DIRECTION     N (350)
  AVERAGE WIND SPEED     7.4


SKY COVER
  POSSIBLE SUNSHINE  MM
  AVERAGE SKY COVER 0.6


WEATHER CONDITIONS
 THE FOLLOWING WEATHER WAS RECORDED YESTERDAY.
  LIGHT SNOW
  HAZE


RELATIVE HUMIDITY (PERCENT)
 HIGHEST    85           400 AM
 LOWEST     48           400 PM
 AVERAGE    67

..........................................................


THE CARIBOU ME CLIMATE NORMALS FOR TODAY
                         NORMAL    RECORD    YEAR
 MAXIMUM TEMPERATURE (F)   38        64      1993
 MINIMUM TEMPERATURE (F)   21        -7      1974


SUNRISE AND SUNSET
MARCH 28 2015.........SUNRISE   620 AM EDT   SUNSET   655 PM EDT
MARCH 29 2015.........SUNRISE   618 AM EDT   SUNSET   657 PM EDT


-  INDICATES NEGATIVE NUMBERS.
R  INDICATES RECORD WAS SET OR TIED.
MM INDICATES DATA IS MISSING.
T  INDICATES TRACE AMOUNT.




$$
