000
CDUS41 KCAR 130529
CLICAR


CLIMATE REPORT
NATIONAL WEATHER SERVICE CARIBOU, ME
1229 AM EST WED DEC 13 2017


...................................

...THE CARIBOU ME CLIMATE SUMMARY FOR DECEMBER 12 2017...

CLIMATE NORMAL PERIOD 1981 TO 2010
CLIMATE RECORD PERIOD 1939 TO 2017


WEATHER ITEM   OBSERVED TIME   RECORD YEAR NORMAL DEPARTURE LAST
                VALUE   (LST)  VALUE       VALUE  FROM      YEAR
                                                  NORMAL
..................................................................
TEMPERATURE (F)
 YESTERDAY
  MAXIMUM         31   1159 PM  58    1950  27      4       16
  MINIMUM         -9    131 AM -16    1965  12    -21       -2
  AVERAGE         11                        20     -9        7

PRECIPITATION (IN)
  YESTERDAY        0.54          1.46 1967   0.12   0.42     0.38
  MONTH TO DATE    1.90                      1.39   0.51     1.66
  SINCE DEC 1      1.90                      1.39   0.51     1.66
  SINCE JAN 1     40.79                     36.61   4.18    41.42

SNOWFALL (IN)
  YESTERDAY        4.4           7.6  1957   0.8    3.6      4.6
  MONTH TO DATE   15.0                       8.1    6.9     18.5
  SINCE DEC 1     15.0                       8.1    6.9     18.5
  SINCE JUL 1     18.9                      20.3   -1.4     38.7
  SNOW DEPTH       8

DEGREE DAYS
 HEATING
  YESTERDAY       54                        45      9       58
  MONTH TO DATE  470                       513    -43      565
  SINCE DEC 1    470                       513    -43      565
  SINCE JUL 1   2174                      2658   -484     2252

 COOLING
  YESTERDAY        0                         0      0        0
  MONTH TO DATE    0                         0      0        0
  SINCE DEC 1      0                         0      0        0
  SINCE JAN 1    222                       180     42      275
..................................................................


WIND (MPH)
  HIGHEST WIND SPEED    16   HIGHEST WIND DIRECTION     E (70)
  HIGHEST GUST SPEED    23   HIGHEST GUST DIRECTION     E (80)
  AVERAGE WIND SPEED     6.3


SKY COVER
  POSSIBLE SUNSHINE  MM
  AVERAGE SKY COVER 0.8


WEATHER CONDITIONS
 THE FOLLOWING WEATHER WAS RECORDED YESTERDAY.
  HEAVY SNOW
  SNOW
  LIGHT SNOW
  FOG
  FOG W/VISIBILITY <= 1/4 MILE


RELATIVE HUMIDITY (PERCENT)
 HIGHEST    92          1100 PM
 LOWEST     73          1100 AM
 AVERAGE    83

..........................................................


THE CARIBOU ME CLIMATE NORMALS FOR TODAY
                         NORMAL    RECORD    YEAR
 MAXIMUM TEMPERATURE (F)   27        57      2010
 MINIMUM TEMPERATURE (F)   12       -20      1977


SUNRISE AND SUNSET
DECEMBER 13 2017......SUNRISE   709 AM EST   SUNSET   344 PM EST
DECEMBER 14 2017......SUNRISE   710 AM EST   SUNSET   344 PM EST


-  INDICATES NEGATIVE NUMBERS.
R  INDICATES RECORD WAS SET OR TIED.
MM INDICATES DATA IS MISSING.
T  INDICATES TRACE AMOUNT.




$$
