000
CXUS56 KMTR 011000
CF6CCR
PRELIMINARY LOCAL CLIMATOLOGICAL DATA (WS FORM: F-6)
STATION: CONCORD AIRPORT
MONTH: NOVEMBER
YEAR: 2023
LATITUDE: 37 58 N
LONGITUDE: 122 3 W
TEMPERATURE IN F: :PCPN: SNOW: WIND :SUNSHINE: SKY :PK WND
================================================================================
1 2 3 4 5 6A 6B 7 8 9 10 11 12 13 14 15 16 17 18
12Z AVG MX 2MIN
DY MAX MIN AVG DEP HDD CDD WTR SNW DPTH SPD SPD DIR MIN PSBL S-S WX SPD DR
================================================================================
1 76 41 59 -2 6 0 0.00 M M 3.6 10 50 M M 0 14 70
2 77 46 62 2 3 0 0.00 M M 2.3 8 40 M M 0 11 50
3 81 52 67 7 0 2 0.00 M M 3.2 10 360 M M 0 13 20
4 81 55 68 8 0 3 0.00 M M 5.9 17 250 M M 1 21 300
5 75 59 67 8 0 2 0.08 M M 7.4 15 210 M M 8 1 17 210
6 70 54 62 3 3 0 T M M 8.6 16 250 M M 4 22 220
7 67 47 57 -1 8 0 0.00 M M 4.6 12 310 M M 1 15 290
8 72 42 57 -1 8 0 0.00 M M 3.6 12 360 M M 0 16 350
9 69 40 55 -3 10 0 0.00 M M 2.3 7 340 M M 0 9 340
10 70 44 57 0 8 0 0.00 M M 3.0 9 360 M M 1 15 360
11 73 45 59 2 6 0 0.00 M M 2.1 8 350 M M 0 11 350
12 71 42 57 0 8 0 0.00 M M 2.6 8 260 M M 0 8 11 360
13 69 48 59 3 6 0 0.00 M M 3.6 10 350 M M 0 13 340
14 70 50 60 4 5 0 T M M 4.0 13 60 M M 3 16 50
15 63 54 59 3 6 0 0.05 M M 5.7 12 50 M M 7 1 17 60
16 68 51 60 5 5 0 T M M 2.6 10 40 M M 6 1 16 40
17 68 50 59 4 6 0 0.10 M M 3.8 14 60 M M 4 1 18 100
18 65 54 60 5 5 0 0.24 M M 9.2 23 260 M M 8 1 33 280
19 64 45 55 1 10 0 0.00 M M 4.0 14 270 M M 0 16 280
20 66 41 54 0 11 0 T M M 5.7 18 50 M M 0 27 40
21 65 40 53 -1 12 0 0.00 M M 3.0 12 50 M M 0 15 50
22 69 39 54 1 11 0 0.00 M M 2.8 9 240 M M 0 11 10
23 72 44 58 5 7 0 0.00 M M 3.3 10 320 M M 0 14 300
24 62 38 50 -3 15 0 0.00 M M 3.5 13 40 M M 0 19 30
25 63 37 50 -3 15 0 0.00 M M 4.1 15 20 M M 0 19 30
26 61 35 48 -4 17 0 0.00 M M 4.2 10 50 M M 0 16 60
27 62 31 47 -5 18 0 0.00 M M 2.8 10 40 M M 0 14 30
28 62 34 48 -4 17 0 0.00 M M 3.0 9 60 M M 0 8 12 50
29 63 44 54 2 11 0 0.22 M M 3.3 9 30 M M 5 1 15 20
30 64 45 55 4 10 0 0.00 M M 8.9 21 270 M M 1 26 270
================================================================================
SM 2058 1347 247 7 0.69 M 126.7 M 49
================================================================================
AV 68.6 44.9 4.2 FASTST M M 2 MAX(MPH)
MISC ----> 23 260 33 280
================================================================================
NOTES:
# LAST OF SEVERAL OCCURRENCES
COLUMN 17 PEAK WIND IN M.P.H.
PRELIMINARY LOCAL CLIMATOLOGICAL DATA (WS FORM: F-6) , PAGE 2
STATION: CONCORD AIRPORT
MONTH: NOVEMBER
YEAR: 2023
LATITUDE: 37 58 N
LONGITUDE: 122 3 W
[TEMPERATURE DATA] [PRECIPITATION DATA] SYMBOLS USED IN COLUMN 16
AVERAGE MONTHLY: 56.8 TOTAL FOR MONTH: 0.69 1 = FOG OR MIST
DPTR FM NORMAL: 1.2 DPTR FM NORMAL: -0.92 2 = FOG REDUCING VISIBILITY
HIGHEST: 81 ON 4, 3 GRTST 24HR 0.34 ON 17-18 TO 1/4 MILE OR LESS
LOWEST: 31 ON 27 3 = THUNDER
SNOW, ICE PELLETS, HAIL 4 = ICE PELLETS
TOTAL MONTH: M 5 = HAIL
GRTST 24HR M ON M 6 = FREEZING RAIN OR DRIZZLE
GRTST DEPTH: M ON M 7 = DUSTSTORM OR SANDSTORM:
VSBY 1/2 MILE OR LESS
8 = SMOKE OR HAZE
[NO. OF DAYS WITH] [WEATHER - DAYS WITH] 9 = BLOWING SNOW
X = TORNADO
MAX 32 OR BELOW: 0 0.01 INCH OR MORE: 5
MAX 90 OR ABOVE: 0 0.10 INCH OR MORE: 3
MIN 32 OR BELOW: 1 0.50 INCH OR MORE: 0
MIN 0 OR BELOW: 0 1.00 INCH OR MORE: 0
[HDD (BASE 65) ]
TOTAL THIS MO. 247 CLEAR (SCALE 0-3) 23
DPTR FM NORMAL -35 PTCLDY (SCALE 4-7) 6
TOTAL FM JUL 1 306 CLOUDY (SCALE 8-10) 1
DPTR FM NORMAL -47
[CDD (BASE 65) ]
TOTAL THIS MO. 7
DPTR FM NORMAL 5 [PRESSURE DATA]
TOTAL FM JAN 1 1015 HIGHEST SLP M ON M
DPTR FM NORMAL -62 LOWEST SLP 29.71 ON 15
[REMARKS]
#FINAL-11-23#