000
CXUS53 KARX 011737
CF6CCY
PRELIMINARY LOCAL CLIMATOLOGICAL DATA (WS FORM: F-6)
STATION: CHARLES_CITY IA
MONTH: SEPTEMBER
YEAR: 2020
LATITUDE: 43 4 N
LONGITUDE: 92 37 W
TEMPERATURE IN F: :PCPN: SNOW: WIND :SUNSHINE: SKY :PK WND
================================================================================
1 2 3 4 5 6A 6B 7 8 9 10 11 12 13 14 15 16 17 18
12Z AVG MX 2MIN
DY MAX MIN AVG DEP HDD CDD WTR SNW DPTH SPD SPD DIR MIN PSBL S-S WX SPD DR
================================================================================
1 72 48 60 -7 5 0 0.00 0.0 0 5.4 14 180 M M 5 22 120
2 81 54 68 1 0 3 0.00 0.0 0 8.2 16 310 M M 0 1 28 310
3 72 50 61 -6 4 0 0.00 0.0 0 13.2 25 310 M M 0 33 310
4 79 45 62 -4 3 0 0.00 0.0 0 7.4 16 270 M M 1 25 270
5 81 55 68 2 0 3 0.00 0.0 0 6.1 12 140 M M 1 13 0
6 86 63 75 9 0 10 0.96 0.0 0 17.0 28 150 M M 4 3 38 150
7 64 52 58 -8 7 0 0.00 0.0 0 11.7 17 20 M M 3 25 30
8 50 45 48 -17 17 0 M 0.0 0 12.9 23 40 M M 9 29 40
9 48 45 47 -18 18 0 M 0.0 0 10.3 14 30 M M 9 1 24 30
10 54 45 50 -14 15 0 0.10 0.0 0 8.0 10 30 M M 9 1 14 30
11 59 50 55 -9 10 0 0.40 0.0 0 9.7 15 100 M M 10 1 20 100
12 64 52 58 -6 7 0 0.07 0.0 0 4.7 10 260 M M 9 12 13 99
13 75 48 62 -1 3 0 0.00 0.0 0 5.0 9 300 M M 3 12 M M
14 77 52 65 2 0 0 0.00 0.0 0 7.4 15 190 M M 0 17 190
15 81 55 68 6 0 3 0.00 0.0 0 10.4 16 200 M M 0 27 220
16 73 50 62 0 3 0 0.00 0.0 0 9.7 16 340 M M 1 22 330
17 66 45 56 -6 9 0 0.00 0.0 0 7.8 12 30 M M 2 8 14 20
18 64 39 52 -9 13 0 0.00 0.0 0 7.4 12 60 M M 1 15 70
19 68 45 57 -4 8 0 0.00 0.0 0 10.7 17 160 M M 0 21 180
20 72 48 60 0 5 0 0.00 0.0 0 12.9 21 160 M M 1 28 160
21 77 48 63 3 2 0 0.00 0.0 0 11.4 17 190 M M 3 27 190
22 81 54 68 9 0 3 0.00 0.0 0 6.7 10 200 M M 2 16 200
23 81 52 67 8 0 2 0.00 0.0 0 7.0 14 180 M M 1 20 200
24 77 57 67 9 0 2 M 0.0 0 6.1 12 130 M M 6 17 160
25 84 59 72 14 0 7 0.00 0.0 0 12.2 22 180 M M 0 31 180
26 79 61 70 12 0 5 0.00 0.0 0 9.6 20 180 M M 3 29 180
27 66 52 59 2 6 0 0.00 0.0 0 8.4 15 300 M M 4 22 300
28 59 45 52 -5 13 0 0.00 0.0 0 11.4 22 320 M M 8 28 290
29 63 43 53 -3 12 0 0.00 0.0 0 8.5 14 270 M M 4 21 250
30 64 41 53 -3 12 0 0.00 0.0 0 16.4 29 300 M M 5 43 290
================================================================================
SM 2117 1498 172 38 1.53 0.0 283.6 M 104
================================================================================
AV 70.6 49.9 9.5 FASTST M M 3 MAX(MPH)
MISC ----> # 29 300 # 43 290
================================================================================
NOTES:
# LAST OF SEVERAL OCCURRENCES
COLUMN 17 PEAK WIND IN M.P.H.
PRELIMINARY LOCAL CLIMATOLOGICAL DATA (WS FORM: F-6) , PAGE 2
STATION: CHARLES_CITY IA
MONTH: SEPTEMBER
YEAR: 2020
LATITUDE: 43 4 N
LONGITUDE: 92 37 W
[TEMPERATURE DATA] [PRECIPITATION DATA] SYMBOLS USED IN COLUMN 16
AVERAGE MONTHLY: 60.3 TOTAL FOR MONTH: 1.53 1 = FOG OR MIST
DPTR FM NORMAL: -1.7 DPTR FM NORMAL: -1.68 2 = FOG REDUCING VISIBILITY
HIGHEST: 86 ON 6 GRTST 24HR 0.96 ON 6- 6 TO 1/4 MILE OR LESS
LOWEST: 39 ON 18 3 = THUNDER
SNOW, ICE PELLETS, HAIL 4 = ICE PELLETS
TOTAL MONTH: 0.0 INCH 5 = HAIL
GRTST 24HR 0.0 6 = FREEZING RAIN OR DRIZZLE
GRTST DEPTH: 0 7 = DUSTSTORM OR SANDSTORM:
VSBY 1/2 MILE OR LESS
8 = SMOKE OR HAZE
[NO. OF DAYS WITH] [WEATHER - DAYS WITH] 9 = BLOWING SNOW
X = TORNADO
MAX 32 OR BELOW: 0 0.01 INCH OR MORE: 4
MAX 90 OR ABOVE: 0 0.10 INCH OR MORE: 3
MIN 32 OR BELOW: 0 0.50 INCH OR MORE: 1
MIN 0 OR BELOW: 0 1.00 INCH OR MORE: 0
[HDD (BASE 65) ]
TOTAL THIS MO. 172 CLEAR (SCALE 0-3) 17
DPTR FM NORMAL 19 PTCLDY (SCALE 4-7) 7
TOTAL FM JUL 1 192 CLOUDY (SCALE 8-10) 6
DPTR FM NORMAL 11
[CDD (BASE 65) ]
TOTAL THIS MO. 38
DPTR FM NORMAL -24 [PRESSURE DATA]
TOTAL FM JAN 1 721 HIGHEST SLP M ON M
DPTR FM NORMAL 61 LOWEST SLP M ON M
[REMARKS]
#FINAL-09-20#