000
CXUS53 KEAX 010736
CF6CDJ
PRELIMINARY LOCAL CLIMATOLOGICAL DATA (WS FORM: F-6)
STATION: CHILLICOTHE
MONTH: MAY
YEAR: 2021
LATITUDE: 39 49 N
LONGITUDE: 93 35 W
TEMPERATURE IN F: :PCPN: SNOW: WIND :SUNSHINE: SKY :PK WND
================================================================================
1 2 3 4 5 6A 6B 7 8 9 10 11 12 13 14 15 16 17 18
12Z AVG MX 2MIN
DY MAX MIN AVG DEP HDD CDD WTR SNW DPTH SPD SPD DIR MIN PSBL S-S WX SPD DR
================================================================================
1 82 56 69 10 0 4 0.00 M M 9.9 21 190 M M 0 35 230
2 80 61 71 11 0 6 0.00 M M 9.0 18 200 M M 0 29 180
3 69 56 63 3 2 0 0.01 M M 5.3 14 310 M M 0 23 310
4 66 43 55 -5 10 0 0.00 M M 6.4 13 350 M M 0 25 10
5 72 36 54 -6 11 0 0.00 M M 1.6 13 200 M M 0 18 190
6 66 42 54 -7 11 0 0.00 M M 4.7 14 310 M M 0 25 300
7 72 39 56 -5 9 0 0.00 M M 3.7 15 290 M M 0 26 300
8 62 50 56 -5 9 0 0.01 M M 9.9 18 110 M M 0 38 100
9 56 41 49 -13 16 0 0.76 M M 6.9 22 70 M M 0 13 36 70
10 66 36 51 -11 14 0 0.00 M M 1.5 7 230 M M 0 12 190
11 62 44 53 -9 12 0 0.00 M M 5.6 14 40 M M 0 22 60
12 65 42 54 -9 11 0 0.00 M M 4.7 13 70 M M 0 21 120
13 68 37 53 -10 12 0 0.00 M M 2.1 10 200 M M 0 16 120
14 73 47 60 -3 5 0 0.02 M M 4.5 13 180 M M 0 20 150
15 65 54 60 -4 5 0 0.02 M M 6.0 15 180 M M 0 22 180
16 62 50 56 -8 9 0 0.87 M M 3.8 14 120 M M 0 13 21 130
17 68 61 65 1 0 0 0.12 M M 5.5 12 60 M M 0 18 50
18 78 62 70 5 0 5 0.19 M M 5.8 14 120 M M 0 13 23 120
19 76 66 71 6 0 6 0.20 M M 6.6 14 140 M M 0 1 23 100
20 76 66 71 5 0 6 0.21 M M 7.9 16 140 M M 0 1 26 160
21 76 67 72 6 0 7 0.07 M M 8.0 18 180 M M 0 1 30 170
22 72 66 69 3 0 4 0.54 M M 4.8 13 190 M M 0 21 200
23 80 63 72 6 0 7 0.00 M M 2.4 9 190 M M 0 14 210
24 82 67 75 8 0 10 0.14 M M 2.4 14 200 M M 0 21 160
25 79 68 74 7 0 9 0.00 M M 8.2 17 180 M M 0 24 210
26 88 64 76 8 0 11 0.00 M M 2.3 8 120 M M 0 13 110
27 74 62 68 0 0 3 0.74 M M 4.8 21 200 M M 0 13 33 200
28 62 48 55 -13 10 0 0.00 M M 6.1 13 360 M M 0 25 10
29 68 45 57 -12 8 0 0.00 M M 4.2 13 40 M M 0 19 30
30 68 44 56 -13 9 0 0.00 M M 2.3 9 130 M M 0 13 150
31 63 54 59 -10 6 0 0.36 M M 1.2 6 90 M M 0 9 100
================================================================================
SM 2196 1637 169 78 4.26 M 158.1 M 0
================================================================================
AV 70.8 52.8 5.1 FASTST M M 0 MAX(MPH)
MISC ----> 22 70 38 100
================================================================================
NOTES:
# LAST OF SEVERAL OCCURRENCES
COLUMN 17 PEAK WIND IN M.P.H.
PRELIMINARY LOCAL CLIMATOLOGICAL DATA (WS FORM: F-6) , PAGE 2
STATION: CHILLICOTHE
MONTH: MAY
YEAR: 2021
LATITUDE: 39 49 N
LONGITUDE: 93 35 W
[TEMPERATURE DATA] [PRECIPITATION DATA] SYMBOLS USED IN COLUMN 16
AVERAGE MONTHLY: 61.8 TOTAL FOR MONTH: 4.26 1 = FOG OR MIST
DPTR FM NORMAL: -2.3 DPTR FM NORMAL: -1.16 2 = FOG REDUCING VISIBILITY
HIGHEST: 88 ON 26 GRTST 24HR 0.90 ON 16-17 TO 1/4 MILE OR LESS
LOWEST: 36 ON 10, 5 3 = THUNDER
SNOW, ICE PELLETS, HAIL 4 = ICE PELLETS
TOTAL MONTH: M 5 = HAIL
GRTST 24HR M ON M 6 = FREEZING RAIN OR DRIZZLE
GRTST DEPTH: M ON M 7 = DUSTSTORM OR SANDSTORM:
VSBY 1/2 MILE OR LESS
8 = SMOKE OR HAZE
[NO. OF DAYS WITH] [WEATHER - DAYS WITH] 9 = BLOWING SNOW
X = TORNADO
MAX 32 OR BELOW: 0 0.01 INCH OR MORE: 15
MAX 90 OR ABOVE: 0 0.10 INCH OR MORE: 10
MIN 32 OR BELOW: 0 0.50 INCH OR MORE: 4
MIN 0 OR BELOW: 0 1.00 INCH OR MORE: 0
[HDD (BASE 65) ]
TOTAL THIS MO. 169 CLEAR (SCALE 0-3) 31
DPTR FM NORMAL 54 PTCLDY (SCALE 4-7) 0
TOTAL FM JUL 1 5279 CLOUDY (SCALE 8-10) 0
DPTR FM NORMAL -8
[CDD (BASE 65) ]
TOTAL THIS MO. 78
DPTR FM NORMAL -11 [PRESSURE DATA]
TOTAL FM JAN 1 100 HIGHEST SLP M ON M
DPTR FM NORMAL -6 LOWEST SLP 29.49 ON 3
[REMARKS]
#FINAL-05-21#