000
CXUS56 KEKA 012231
CF6CEC
PRELIMINARY LOCAL CLIMATOLOGICAL DATA (WS FORM: F-6)
STATION: CRESCENT CITY CA
MONTH: APRIL
YEAR: 2022
LATITUDE: 41 46 N
LONGITUDE: 124 14 W
TEMPERATURE IN F: :PCPN: SNOW: WIND :SUNSHINE: SKY :PK WND
================================================================================
1 2 3 4 5 6A 6B 7 8 9 10 11 12 13 14 15 16 17 18
12Z AVG MX 2MIN
DY MAX MIN AVG DEP HDD CDD WTR SNW DPTH SPD SPD DIR MIN PSBL S-S WX SPD DR
================================================================================
1 53 38 46 -4 19 0 0.00 M M 9.7 18 320 M M 1 18 29 340
2 55 39 47 -3 18 0 0.00 M M 9.7 23 330 M M 0 18 38 340
3 54 42 48 -2 17 0 0.03 M M 6.0 16 160 M M 5 18 23 160
4 53 42 48 -2 17 0 1.37 M M 10.0 26 160 M M 10 1 38 170
5 53 38 46 -4 19 0 0.01 M M 8.5 23 330 M M 4 18 33 330
6 56 38 47 -3 18 0 0.00 M M 5.4 13 330 M M 0 18 19 350
7 63 42 53 3 12 0 0.00 M M 4.5 16 330 M M 0 18 22 330
8 54 46 50 0 15 0 0.00 M M 17.8 31 320 M M 2 18 45 320
9 53 45 49 -1 16 0 0.00 M M 20.0 32 330 M M 0 8 51 320
10 53 43 48 -2 17 0 0.48 M M 10.8 28 150 M M 5 18 39 150
11 50 40 45 -5 20 0 0.49 M M 15.4 32 180 M M 9 18 45 340
12 49 39 44 -7 21 0 0.52 M M 10.8 20 250 M M 8 18 30 170
13 47 41 44 -7 21 0 0.84 M M 13.2 29 170 M M 10 18 41 160
14 51 36 44 -7 21 0 0.01 M M 5.4 16 320 M M 4 18 21 330
15 49 35 42 -9 23 0 0.14 M M 5.4 10 320 M M 3 18 14 340
16 51 38 45 -6 20 0 0.13 M M 4.5 13 200 M M 5 18 18 180
17 51 40 46 -5 19 0 0.00 M M 8.3 14 150 M M 0 18 20 150
18 57 45 51 0 14 0 0.65 M M 15.9 32 220 M M 8 18 48 170
19 55 45 50 -1 15 0 0.46 M M 13.4 31 190 M M 6 138 46 170
20 54 46 50 -1 15 0 0.63 M M 21.2 35 150 M M 9 138 51 150
21 57 47 52 1 13 0 0.15 M M 13.0 23 190 M M 7 18 33 180
22 56 43 50 -1 15 0 T M M 4.6 12 240 M M 3 18 16 200
23 55 41 48 -3 17 0 0.00 M M 5.7 14 310 M M 7 18 18 310
24 55 46 51 0 14 0 0.00 M M 4.1 12 320 M M 6 18 18 310
25 57 47 52 1 13 0 0.02 M M 5.8 14 330 M M 8 18 20 330
26 56 39 48 -4 17 0 0.00 M M 9.0 17 330 M M 0 18 25 320
27 56 39 48 -4 17 0 0.00 M M 8.1 17 320 M M 0 18 26 320
28 56 42 49 -3 16 0 0.01 M M 5.3 12 230 M M 5 18 16 220
29 56 43 50 -2 15 0 0.35 M M 7.2 15 160 M M 7 1 20 150
30 56 47 52 0 13 0 0.33 M M 7.5 18 180 M M 10 18 24 180
================================================================================
SM 1621 1252 507 0 6.62 M 286.2 M 142
================================================================================
AV 54.0 41.7 9.5 FASTST M M 5 MAX(MPH)
MISC ----> 35 150 # 51 320
================================================================================
NOTES:
# LAST OF SEVERAL OCCURRENCES
COLUMN 17 PEAK WIND IN M.P.H.
PRELIMINARY LOCAL CLIMATOLOGICAL DATA (WS FORM: F-6) , PAGE 2
STATION: CRESCENT CITY CA
MONTH: APRIL
YEAR: 2022
LATITUDE: 41 46 N
LONGITUDE: 124 14 W
[TEMPERATURE DATA] [PRECIPITATION DATA] SYMBOLS USED IN COLUMN 16
AVERAGE MONTHLY: 47.9 TOTAL FOR MONTH: 6.62 1 = FOG OR MIST
DPTR FM NORMAL: -2.9 DPTR FM NORMAL: 1.50 2 = FOG REDUCING VISIBILITY
HIGHEST: 63 ON 7 GRTST 24HR 1.40 ON 3- 4 TO 1/4 MILE OR LESS
LOWEST: 35 ON 15 3 = THUNDER
SNOW, ICE PELLETS, HAIL 4 = ICE PELLETS
TOTAL MONTH: M 5 = HAIL
GRTST 24HR M ON M 6 = FREEZING RAIN OR DRIZZLE
GRTST DEPTH: M ON M 7 = DUSTSTORM OR SANDSTORM:
VSBY 1/2 MILE OR LESS
8 = SMOKE OR HAZE
[NO. OF DAYS WITH] [WEATHER - DAYS WITH] 9 = BLOWING SNOW
X = TORNADO
MAX 32 OR BELOW: 0 0.01 INCH OR MORE: 18
MAX 90 OR ABOVE: 0 0.10 INCH OR MORE: 13
MIN 32 OR BELOW: 0 0.50 INCH OR MORE: 5
MIN 0 OR BELOW: 0 1.00 INCH OR MORE: 1
[HDD (BASE 65) ]
TOTAL THIS MO. 507 CLEAR (SCALE 0-3) 9
DPTR FM NORMAL 81 PTCLDY (SCALE 4-7) 15
TOTAL FM JUL 1 4033 CLOUDY (SCALE 8-10) 6
DPTR FM NORMAL 261
[CDD (BASE 65) ]
TOTAL THIS MO. 0
DPTR FM NORMAL 0 [PRESSURE DATA]
TOTAL FM JAN 1 0 HIGHEST SLP 30.41 ON 5
DPTR FM NORMAL 0 LOWEST SLP 29.64 ON 20
[REMARKS]
#FINAL-04-22#