000
CXUS56 KEKA 040340
CF6CEC
PRELIMINARY LOCAL CLIMATOLOGICAL DATA (WS FORM: F-6)
STATION: CRESCENT CITY CA
MONTH: JUNE
YEAR: 2020
LATITUDE: 41 46 N
LONGITUDE: 124 14 W
TEMPERATURE IN F: :PCPN: SNOW: WIND :SUNSHINE: SKY :PK WND
================================================================================
1 2 3 4 5 6A 6B 7 8 9 10 11 12 13 14 15 16 17 18
12Z AVG MX 2MIN
DY MAX MIN AVG DEP HDD CDD WTR SNW DPTH SPD SPD DIR MIN PSBL S-S WX SPD DR
================================================================================
1 60 50 55 1 10 0 0.00 0.0 0 9.0 18 340 M M 1 1 25 360
2 60 47 54 0 11 0 0.00 0.0 0 9.2 22 340 M M 1 18 29 350
3 59 49 54 0 11 0 0.00 0.0 M 8.4 21 330 M M 1 1 26 330
4 61 48 55 1 10 0 0.00 0.0 0 9.2 23 190 M M 4 18 27 180
5 60 53 57 3 8 0 0.00 0.0 0 5.9 20 160 M M 10 18 26 160
6 60 50 55 1 10 0 0.04 0.0 0 7.6 18 190 M M 8 1 22 190
7 60 50 55 1 10 0 0.10 0.0 0 6.1 13 310 M M 4 16 290
8 64 45 55 1 10 0 0.00 0.0 0 3.8 9 330 M M 2 8 12 290
9 68 52 60 6 5 0 0.00 0.0 0 4.5 12 200 M M 5 8 18 170
10 73 57 65 11 0 0 0.00 0.0 0 6.1 12 350 M M 4 28 14 350
11 71 59 65 11 0 0 0.00 0.0 0 5.3 13 320 M M 6 8 16 330
12 66 55 61 7 4 0 T 0.0 0 7.4 16 320 M M 9 8 21 320
13 66 55 61 6 4 0 0.00 0.0 0 5.5 15 180 M M 6 8 18 180
14 67 51 59 4 6 0 0.00 0.0 0 5.8 12 320 M M 5 8 14 320
15 61 56 59 4 6 0 0.42 0.0 0 5.6 14 160 M M 10 18 17 150
16 65 54 60 5 5 0 0.09 0.0 0 6.8 14 340 M M 3 18 24 330
17 64 52 58 3 7 0 0.00 0.0 0 14.2 26 340 M M 0 18 38 340
18 64 52 58 3 7 0 0.00 0.0 0 10.3 28 340 M M 0 18 36 340
19 62 48 55 0 10 0 0.00 0.0 0 4.8 14 330 M M 5 28 16 330
20 67 54 61 6 4 0 0.00 0.0 0 5.2 9 300 M M 9 28 12 310
21 62 54 58 3 7 0 0.00 0.0 0 9.5 17 340 M M 6 28 25 340
22 65 49 57 2 8 0 0.00 0.0 0 6.1 14 350 M M 2 128 19 350
23 64 51 58 3 7 0 0.00 0.0 0 7.0 20 160 M M 2 18 24 170
24 62 53 58 3 7 0 0.00 0.0 0 7.7 17 180 M M 7 128 24 340
25 62 51 57 2 8 0 0.00 0.0 0 8.0 22 340 M M 4 128 29 340
26 64 50 57 2 8 0 0.00 0.0 0 6.8 17 340 M M 4 128 22 340
27 62 52 57 2 8 0 0.00 0.0 0 13.9 26 350 M M 2 128 39 350
28 60 49 55 0 10 0 0.00 0.0 0 18.3 31 330 M M 0 18 41 330
29 61 50 56 1 9 0 0.00 0.0 0 14.2 23 340 M M 0 18 34 330
30 59 49 54 -2 11 0 0.00 0.0 0 11.4 25 330 M M 1 18 36 330
================================================================================
SM 1899 1545 221 0 0.65 0.0 243.6 M 121
================================================================================
AV 63.3 51.5 8.1 FASTST M M 4 MAX(MPH)
MISC ----> # 31 330 # 41 330
================================================================================
NOTES:
# LAST OF SEVERAL OCCURRENCES
COLUMN 17 PEAK WIND IN M.P.H.
PRELIMINARY LOCAL CLIMATOLOGICAL DATA (WS FORM: F-6) , PAGE 2
STATION: CRESCENT CITY CA
MONTH: JUNE
YEAR: 2020
LATITUDE: 41 46 N
LONGITUDE: 124 14 W
[TEMPERATURE DATA] [PRECIPITATION DATA] SYMBOLS USED IN COLUMN 16
AVERAGE MONTHLY: 57.4 TOTAL FOR MONTH: 0.65 1 = FOG OR MIST
DPTR FM NORMAL: 2.7 DPTR FM NORMAL: -1.08 2 = FOG REDUCING VISIBILITY
HIGHEST: 73 ON 10 GRTST 24HR 0.43 ON 15-16 TO 1/4 MILE OR LESS
LOWEST: 45 ON 8 3 = THUNDER
SNOW, ICE PELLETS, HAIL 4 = ICE PELLETS
TOTAL MONTH: 0.0 INCH 5 = HAIL
GRTST 24HR 0.0 6 = FREEZING RAIN OR DRIZZLE
GRTST DEPTH: 0 7 = DUSTSTORM OR SANDSTORM:
VSBY 1/2 MILE OR LESS
8 = SMOKE OR HAZE
[NO. OF DAYS WITH] [WEATHER - DAYS WITH] 9 = BLOWING SNOW
X = TORNADO
MAX 32 OR BELOW: 0 0.01 INCH OR MORE: 4
MAX 90 OR ABOVE: 0 0.10 INCH OR MORE: 2
MIN 32 OR BELOW: 0 0.50 INCH OR MORE: 0
MIN 0 OR BELOW: 0 1.00 INCH OR MORE: 0
[HDD (BASE 65) ]
TOTAL THIS MO. 221 CLEAR (SCALE 0-3) 13
DPTR FM NORMAL -88 PTCLDY (SCALE 4-7) 13
TOTAL FM JUL 1 4485 CLOUDY (SCALE 8-10) 4
DPTR FM NORMAL -375
[CDD (BASE 65) ]
TOTAL THIS MO. 0
DPTR FM NORMAL 0 [PRESSURE DATA]
TOTAL FM JAN 1 0 HIGHEST SLP 30.33 ON 8
DPTR FM NORMAL 0 LOWEST SLP 29.79 ON 5
[REMARKS]
#FINAL-06-20#