000
CDUS42 KCHS 270603
CLICHS


CLIMATE REPORT
NATIONAL WEATHER SERVICE CHARLESTON SC
203 AM EDT MON JUN 27 2016


...................................

...THE NORTH CHARLESTON SC CLIMATE SUMMARY FOR JUNE 26 2016...

CLIMATE NORMAL PERIOD 1981 TO 2010
CLIMATE RECORD PERIOD 1938 TO 2016


WEATHER ITEM   OBSERVED TIME   RECORD YEAR NORMAL DEPARTURE LAST
                VALUE   (LST)  VALUE       VALUE  FROM      YEAR
                                                  NORMAL
..................................................................
TEMPERATURE (F)
 YESTERDAY
  MAXIMUM         90    113 PM 101    1952  90      0       94
  MINIMUM         76   1159 PM  62    1946  72      4       75
  AVERAGE         83                        81      2       85

PRECIPITATION (IN)
  YESTERDAY        0.00          2.33 1964   0.21  -0.21     0.00
  MONTH TO DATE    2.80                      4.79  -1.99     7.47
  SINCE JUN 1      2.80                      4.79  -1.99     7.47
  SINCE JAN 1     23.55                     21.10   2.45    22.69

DEGREE DAYS
 HEATING
  YESTERDAY        0                         0      0        0
  MONTH TO DATE    0                         0      0        0
  SINCE JUN 1      0                         0      0        0
  SINCE JUL 1   1357                      1975   -618     1947

 COOLING
  YESTERDAY       18                        16      2       20
  MONTH TO DATE  457                       357    100      458
  SINCE JUN 1    457                       357    100      458
  SINCE JAN 1    952                       719    233      891
..................................................................


WIND (MPH)
  HIGHEST WIND SPEED    16   HIGHEST WIND DIRECTION    SE (130)
  HIGHEST GUST SPEED    21   HIGHEST GUST DIRECTION    SE (120)
  AVERAGE WIND SPEED     8.1


SKY COVER
  POSSIBLE SUNSHINE  MM
  AVERAGE SKY COVER 0.5


WEATHER CONDITIONS
 THE FOLLOWING WEATHER WAS RECORDED YESTERDAY.
  NO SIGNIFICANT WEATHER WAS OBSERVED.


RELATIVE HUMIDITY (PERCENT)
 HIGHEST    94           200 AM
 LOWEST     56           100 PM
 AVERAGE    75

..........................................................


THE NORTH CHARLESTON SC CLIMATE NORMALS FOR TODAY
                         NORMAL    RECORD    YEAR
 MAXIMUM TEMPERATURE (F)   90       101      1954
 MINIMUM TEMPERATURE (F)   72        62      2012


SUNRISE AND SUNSET
JUNE 27 2016..........SUNRISE   614 AM EDT   SUNSET   832 PM EDT
JUNE 28 2016..........SUNRISE   614 AM EDT   SUNSET   833 PM EDT


-  INDICATES NEGATIVE NUMBERS.
R  INDICATES RECORD WAS SET OR TIED.
MM INDICATES DATA IS MISSING.
T  INDICATES TRACE AMOUNT.




$$
