000
CDUS42 KCHS 070942
CLICHS


CLIMATE REPORT
NATIONAL WEATHER SERVICE CHARLESTON SC
542 AM EDT TUE JUL 7 2015


...................................

...THE NORTH CHARLESTON SC CLIMATE SUMMARY FOR JULY 6 2015...

CLIMATE NORMAL PERIOD 1981 TO 2010
CLIMATE RECORD PERIOD 1938 TO 2015


WEATHER ITEM   OBSERVED TIME   RECORD YEAR NORMAL DEPARTURE LAST
                VALUE   (LST)  VALUE       VALUE  FROM      YEAR
                                                  NORMAL
..................................................................
TEMPERATURE (F)
 YESTERDAY
  MAXIMUM         88    404 PM 100    1990  91     -3       85
  MINIMUM         71    637 AM  60    1947  73     -2       73
  AVERAGE         80                        82     -2       79

PRECIPITATION (IN)
  YESTERDAY        0.00          2.60 1976   0.20  -0.20      T
  MONTH TO DATE    1.90                      1.24   0.66     0.16
  SINCE JUN 1      9.59                      6.89   2.70     3.75
  SINCE JAN 1     24.81                     23.20   1.61    21.00

DEGREE DAYS
 HEATING
  YESTERDAY        0                         0      0        0
  MONTH TO DATE    0                         0      0        0
  SINCE JUN 1      0                         1     -1        0
  SINCE JUL 1      0                         0      0        0

 COOLING
  YESTERDAY       15                        17     -2       14
  MONTH TO DATE   93                        99     -6      105
  SINCE JUN 1    621                       520    101      623
  SINCE JAN 1   1054                       882    172     1133
..................................................................


WIND (MPH)
  HIGHEST WIND SPEED    13   HIGHEST WIND DIRECTION     S (200)
  HIGHEST GUST SPEED    16   HIGHEST GUST DIRECTION     S (180)
  AVERAGE WIND SPEED     5.7


SKY COVER
  POSSIBLE SUNSHINE  MM
  AVERAGE SKY COVER 0.4


WEATHER CONDITIONS
 THE FOLLOWING WEATHER WAS RECORDED YESTERDAY.
  NO SIGNIFICANT WEATHER WAS OBSERVED.


RELATIVE HUMIDITY (PERCENT)
 HIGHEST    93           500 AM
 LOWEST     55           200 PM
 AVERAGE    74

..........................................................


THE NORTH CHARLESTON SC CLIMATE NORMALS FOR TODAY
                         NORMAL    RECORD    YEAR
 MAXIMUM TEMPERATURE (F)   91        99      1954
 MINIMUM TEMPERATURE (F)   73        59      1938


SUNRISE AND SUNSET
JULY  7 2015..........SUNRISE   618 AM EDT   SUNSET   832 PM EDT
JULY  8 2015..........SUNRISE   619 AM EDT   SUNSET   832 PM EDT


-  INDICATES NEGATIVE NUMBERS.
R  INDICATES RECORD WAS SET OR TIED.
MM INDICATES DATA IS MISSING.
T  INDICATES TRACE AMOUNT.




$$
