999
CDUS42 KCHS 230608
CLICHS


CLIMATE REPORT
NATIONAL WEATHER SERVICE CHARLESTON SC
108 AM EST THU NOV 23 2017


...................................

...THE NORTH CHARLESTON SC CLIMATE SUMMARY FOR NOVEMBER 22 2017...

CLIMATE NORMAL PERIOD 1981 TO 2010
CLIMATE RECORD PERIOD 1938 TO 2017


WEATHER ITEM   OBSERVED TIME   RECORD YEAR NORMAL DEPARTURE LAST
                VALUE   (LST)  VALUE       VALUE  FROM      YEAR
                                                  NORMAL
..................................................................
TEMPERATURE (F)
 YESTERDAY
  MAXIMUM         69    309 PM  83    1942  68      1       66
  MINIMUM         54   1159 PM  24    2000  46      8       33
  AVERAGE         62                        57      5       50

PRECIPITATION (IN)
  YESTERDAY        0.01          3.15 1985   0.08  -0.07     0.00
  MONTH TO DATE    1.34                      1.79  -0.45     0.11
  SINCE SEP 1     11.66                     11.64   0.02    22.86
  SINCE JAN 1     50.10                     47.28   2.82    54.85

SNOWFALL (IN)
  YESTERDAY        0.0                       0.0    0.0
  SINCE SEP 1      0.0                       0.0    0.0
  SINCE JUL 1      T                         0.0    0.0

DEGREE DAYS
 HEATING
  YESTERDAY        3                         9     -6       15
  MONTH TO DATE  149                       144      5      162
  SINCE SEP 1    207                       213     -6      178
  SINCE JUL 1    207                       213     -6      178

 COOLING
  YESTERDAY        0                         1     -1        0
  MONTH TO DATE   32                        27      5       22
  SINCE SEP 1    637                       486    151      658
  SINCE JAN 1   2679                      2291    388     2933
..................................................................


WIND (MPH)
  HIGHEST WIND SPEED    15   HIGHEST WIND DIRECTION    NW (310)
  HIGHEST GUST SPEED    19   HIGHEST GUST DIRECTION    NW (310)
  AVERAGE WIND SPEED     6.6


SKY COVER
  POSSIBLE SUNSHINE  MM
  AVERAGE SKY COVER 0.8


WEATHER CONDITIONS
 THE FOLLOWING WEATHER WAS RECORDED YESTERDAY.
  LIGHT RAIN
  FOG


RELATIVE HUMIDITY (PERCENT)
 HIGHEST   100          1200 AM
 LOWEST     63           300 PM
 AVERAGE    82

..........................................................


THE NORTH CHARLESTON SC CLIMATE NORMALS FOR TODAY
                         NORMAL    RECORD    YEAR
 MAXIMUM TEMPERATURE (F)   68        83      1941
 MINIMUM TEMPERATURE (F)   46        25      1976


SUNRISE AND SUNSET
NOVEMBER 23 2017......SUNRISE   658 AM EST   SUNSET   515 PM EST
NOVEMBER 24 2017......SUNRISE   659 AM EST   SUNSET   515 PM EST


-  INDICATES NEGATIVE NUMBERS.
R  INDICATES RECORD WAS SET OR TIED.
MM INDICATES DATA IS MISSING.
T  INDICATES TRACE AMOUNT.




$$
