000
CDUS42 KCHS 030606
CLICHS


CLIMATE REPORT
NATIONAL WEATHER SERVICE CHARLESTON SC
206 AM EDT MON AUG 3 2015


...................................

...THE NORTH CHARLESTON SC CLIMATE SUMMARY FOR AUGUST 2 2015...

CLIMATE NORMAL PERIOD 1981 TO 2010
CLIMATE RECORD PERIOD 1938 TO 2015


WEATHER ITEM   OBSERVED TIME   RECORD YEAR NORMAL DEPARTURE LAST
                VALUE   (LST)  VALUE       VALUE  FROM      YEAR
                                                  NORMAL
..................................................................
TEMPERATURE (F)
 YESTERDAY
  MAXIMUM         89   1117 AM  99    1954  91     -2       80
  MINIMUM         74   1104 PM  63    1966  73      1       75
  AVERAGE         82                        82      0       78

PRECIPITATION (IN)
  YESTERDAY        0.92          2.27 1948   0.21   0.71     0.02
  MONTH TO DATE    0.92                      0.42   0.50     0.02
  SINCE JUN 1     16.33                     12.60   3.73    11.02
  SINCE JAN 1     31.55                     28.91   2.64    28.27

DEGREE DAYS
 HEATING
  YESTERDAY        0                         0      0        0
  MONTH TO DATE    0                         0      0        0
  SINCE JUN 1      0                         1     -1        0
  SINCE JUL 1      0                         0      0        0

 COOLING
  YESTERDAY       17                        17      0       13
  MONTH TO DATE   34                        34      0       30
  SINCE JUN 1   1136                       984    152     1114
  SINCE JAN 1   1569                      1346    223     1624
..................................................................


WIND (MPH)
  HIGHEST WIND SPEED    21   HIGHEST WIND DIRECTION     E (100)
  HIGHEST GUST SPEED    27   HIGHEST GUST DIRECTION     E (100)
  AVERAGE WIND SPEED     5.7


SKY COVER
  POSSIBLE SUNSHINE  MM
  AVERAGE SKY COVER 0.5


WEATHER CONDITIONS
 THE FOLLOWING WEATHER WAS RECORDED YESTERDAY.
  THUNDERSTORM
  HEAVY RAIN
  RAIN
  LIGHT RAIN
  FOG


RELATIVE HUMIDITY (PERCENT)
 HIGHEST    94           200 AM
 LOWEST     59          1100 AM
 AVERAGE    77

..........................................................


THE NORTH CHARLESTON SC CLIMATE NORMALS FOR TODAY
                         NORMAL    RECORD    YEAR
 MAXIMUM TEMPERATURE (F)   91        97      2006
                                             1979
                                             1964
 MINIMUM TEMPERATURE (F)   73        60      1965


SUNRISE AND SUNSET
AUGUST  3 2015........SUNRISE   635 AM EDT   SUNSET   817 PM EDT
AUGUST  4 2015........SUNRISE   636 AM EDT   SUNSET   816 PM EDT


-  INDICATES NEGATIVE NUMBERS.
R  INDICATES RECORD WAS SET OR TIED.
MM INDICATES DATA IS MISSING.
T  INDICATES TRACE AMOUNT.




$$
