000
CDUS42 KCHS 290519
CLICHS


CLIMATE REPORT
NATIONAL WEATHER SERVICE CHARLESTON SC
118 AM EDT SUN MAR 29 2015


...................................

...THE NORTH CHARLESTON SC CLIMATE SUMMARY FOR MARCH 28 2015...

CLIMATE NORMAL PERIOD 1981 TO 2010
CLIMATE RECORD PERIOD 1938 TO 2015


WEATHER ITEM   OBSERVED TIME   RECORD YEAR NORMAL DEPARTURE LAST
                VALUE   (LST)  VALUE       VALUE  FROM      YEAR
                                                  NORMAL
..................................................................
TEMPERATURE (F)
 YESTERDAY
  MAXIMUM         60    253 PM  85    2007  72    -12       75
  MINIMUM         39   1141 PM  32    1969  49    -10       49
  AVERAGE         50                        61    -11       62

PRECIPITATION (IN)
  YESTERDAY        0.00          1.62 1996   0.13  -0.13     0.44
  MONTH TO DATE    2.26                      3.35  -1.09     3.90
  SINCE MAR 1      2.26                      3.35  -1.09     3.90
  SINCE JAN 1     10.19                     10.02   0.17     8.75

SNOWFALL (IN)
  YESTERDAY        0.0                       0.0    0.0
  SINCE MAR 1      0.0                       0.0    0.0
  SINCE JUL 1      T                         0.5   -0.5

DEGREE DAYS
 HEATING
  YESTERDAY       15                         5     10        3
  MONTH TO DATE  154                       225    -71      302
  SINCE MAR 1    154                       225    -71      302
  SINCE JUL 1   1891                      1861     30     1825

 COOLING
  YESTERDAY        0                         1     -1        0
  MONTH TO DATE   33                        26      7        2
  SINCE MAR 1     33                        26      7        2
  SINCE JAN 1     37                        33      4       12
..................................................................


WIND (MPH)
  HIGHEST WIND SPEED    18   HIGHEST WIND DIRECTION    NW (330)
  HIGHEST GUST SPEED    25   HIGHEST GUST DIRECTION     N (340)
  AVERAGE WIND SPEED     8.0


SKY COVER
  POSSIBLE SUNSHINE  MM
  AVERAGE SKY COVER 0.2


WEATHER CONDITIONS
 THE FOLLOWING WEATHER WAS RECORDED YESTERDAY.
  NO SIGNIFICANT WEATHER WAS OBSERVED.


RELATIVE HUMIDITY (PERCENT)
 HIGHEST    96           600 AM
 LOWEST     25           400 PM
 AVERAGE    61

..........................................................


THE NORTH CHARLESTON SC CLIMATE NORMALS FOR TODAY
                         NORMAL    RECORD    YEAR
 MAXIMUM TEMPERATURE (F)   73        87      2012
                                             1985
 MINIMUM TEMPERATURE (F)   50        30      1966


SUNRISE AND SUNSET
MARCH 29 2015.........SUNRISE   712 AM EDT   SUNSET   738 PM EDT
MARCH 30 2015.........SUNRISE   711 AM EDT   SUNSET   739 PM EDT


-  INDICATES NEGATIVE NUMBERS.
R  INDICATES RECORD WAS SET OR TIED.
MM INDICATES DATA IS MISSING.
T  INDICATES TRACE AMOUNT.

$$
