000
CDUS42 KCHS 210631
CLICHS


CLIMATE REPORT
NATIONAL WEATHER SERVICE CHARLESTON SC
131 AM EST TUE FEB 21 2017


...................................

...THE NORTH CHARLESTON SC CLIMATE SUMMARY FOR FEBRUARY 20 2017...

CLIMATE NORMAL PERIOD 1981 TO 2010
CLIMATE RECORD PERIOD 1938 TO 2017


WEATHER ITEM   OBSERVED TIME   RECORD YEAR NORMAL DEPARTURE LAST
                VALUE   (LST)  VALUE       VALUE  FROM      YEAR
                                                  NORMAL
..................................................................
TEMPERATURE (F)
 YESTERDAY
  MAXIMUM         77    220 PM  82    1991  64     13       72
  MINIMUM         47    513 AM  18    2015  42      5       41
  AVERAGE         62                        53      9       57

PRECIPITATION (IN)
  YESTERDAY        0.00          1.62 1945   0.10  -0.10     0.00
  MONTH TO DATE    0.40                      2.11  -1.71     4.51
  SINCE DEC 1      8.96                      8.93   0.03    11.05
  SINCE JAN 1      4.18                      5.82  -1.64     7.91

SNOWFALL (IN)
  YESTERDAY        0.0                       0.0    0.0
  SINCE DEC 1      T                         0.4   -0.4
  SINCE JUL 1      T                         0.4   -0.4

DEGREE DAYS
 HEATING
  YESTERDAY        3                        13    -10        8
  MONTH TO DATE  150                       285   -135      306
  SINCE DEC 1    730                      1252   -522      964
  SINCE JUL 1    948                      1544   -596     1110

 COOLING
  YESTERDAY        0                         0      0        0
  MONTH TO DATE    4                         0      4        2
  SINCE DEC 1     26                         9     17       99
  SINCE JAN 1     19                         2     17        2
..................................................................


WIND (MPH)
  HIGHEST WIND SPEED    14   HIGHEST WIND DIRECTION    SE (150)
  HIGHEST GUST SPEED    16   HIGHEST GUST DIRECTION    SE (150)
  AVERAGE WIND SPEED     4.6


SKY COVER
  POSSIBLE SUNSHINE  MM
  AVERAGE SKY COVER 0.3


WEATHER CONDITIONS
 THE FOLLOWING WEATHER WAS RECORDED YESTERDAY.
  NO SIGNIFICANT WEATHER WAS OBSERVED.


RELATIVE HUMIDITY (PERCENT)
 HIGHEST    93           400 AM
 LOWEST     36           100 PM
 AVERAGE    65

..........................................................


THE NORTH CHARLESTON SC CLIMATE NORMALS FOR TODAY
                         NORMAL    RECORD    YEAR
 MAXIMUM TEMPERATURE (F)   64        82      1991
 MINIMUM TEMPERATURE (F)   42        22      1958
                                             1942


SUNRISE AND SUNSET
FEBRUARY 21 2017......SUNRISE   657 AM EST   SUNSET   611 PM EST
FEBRUARY 22 2017......SUNRISE   656 AM EST   SUNSET   612 PM EST


-  INDICATES NEGATIVE NUMBERS.
R  INDICATES RECORD WAS SET OR TIED.
MM INDICATES DATA IS MISSING.
T  INDICATES TRACE AMOUNT.




$$
