000
CDUS42 KCHS 190530
CLICHS


CLIMATE REPORT
NATIONAL WEATHER SERVICE CHARLESTON SC
130 AM EDT FRI SEP 19 2014


...................................

...THE NORTH CHARLESTON SC CLIMATE SUMMARY FOR SEPTEMBER 18 2014...

CLIMATE NORMAL PERIOD 1981 TO 2010
CLIMATE RECORD PERIOD 1938 TO 2014


WEATHER ITEM   OBSERVED TIME   RECORD YEAR NORMAL DEPARTURE LAST
                VALUE   (LST)  VALUE       VALUE  FROM      YEAR
                                                  NORMAL
..................................................................
TEMPERATURE (F)
 YESTERDAY
  MAXIMUM         89    102 PM  96    1942  84      5       81
  MINIMUM         70    627 AM  55    2001  67      3       62
  AVERAGE         80                        76      4       72

PRECIPITATION (IN)
  YESTERDAY        0.03          1.31 2000   0.20  -0.17     0.00
  MONTH TO DATE    5.95                      4.02   1.93     2.70
  SINCE SEP 1      5.95                      4.02   1.93     2.70
  SINCE JAN 1     41.28                     39.66   1.62    48.76

DEGREE DAYS
 HEATING
  YESTERDAY        0                         0      0        0
  MONTH TO DATE    0                         0      0        0
  SINCE SEP 1      0                         0      0        0
  SINCE JUL 1      0                         0      0        0

 COOLING
  YESTERDAY       15                        11      4        7
  MONTH TO DATE  305                       227     78      280
  SINCE SEP 1    305                       227     78      280
  SINCE JAN 1   2467                      2032    435     2135
..................................................................


WIND (MPH)
  HIGHEST WIND SPEED    13   HIGHEST WIND DIRECTION    SE (140)
  HIGHEST GUST SPEED    15   HIGHEST GUST DIRECTION    SE (150)
  AVERAGE WIND SPEED     3.1


SKY COVER
  POSSIBLE SUNSHINE  MM
  AVERAGE SKY COVER 0.5


WEATHER CONDITIONS
 THE FOLLOWING WEATHER WAS RECORDED YESTERDAY.
  LIGHT RAIN


RELATIVE HUMIDITY (PERCENT)
 HIGHEST    93           200 AM
 LOWEST     55          1200 PM
 AVERAGE    74

..........................................................


THE NORTH CHARLESTON SC CLIMATE NORMALS FOR TODAY
                         NORMAL    RECORD    YEAR
 MAXIMUM TEMPERATURE (F)   84        98      1942
 MINIMUM TEMPERATURE (F)   67        51      1981


SUNRISE AND SUNSET
SEPTEMBER 19 2014.....SUNRISE   706 AM EDT   SUNSET   721 PM EDT
SEPTEMBER 20 2014.....SUNRISE   707 AM EDT   SUNSET   720 PM EDT


-  INDICATES NEGATIVE NUMBERS.
R  INDICATES RECORD WAS SET OR TIED.
MM INDICATES DATA IS MISSING.
T  INDICATES TRACE AMOUNT.




$$
