000
CDUS42 KCHS 250603
CLICHS


CLIMATE REPORT
NATIONAL WEATHER SERVICE CHARLESTON SC
103 AM EST SUN FEB 25 2018


...................................

...THE NORTH CHARLESTON SC CLIMATE SUMMARY FOR FEBRUARY 24 2018...

CLIMATE NORMAL PERIOD 1981 TO 2010
CLIMATE RECORD PERIOD 1938 TO 2018


WEATHER ITEM   OBSERVED TIME   RECORD YEAR NORMAL DEPARTURE LAST
                VALUE   (LST)  VALUE       VALUE  FROM      YEAR
                                                  NORMAL
..................................................................
TEMPERATURE (F)
 YESTERDAY
  MAXIMUM         83R   120 PM  81    2017  65     18       81
                                      2012
                                      1996
  MINIMUM         61    720 AM  21    1939  42     19       55
  AVERAGE         72                        54     18       68

PRECIPITATION (IN)
  YESTERDAY        0.00          2.25 1963   0.11  -0.11     0.00
  MONTH TO DATE    1.26                      2.54  -1.28     0.40
  SINCE DEC 1      6.53                      9.36  -2.83     8.96
  SINCE JAN 1      4.02                      6.25  -2.23     4.18

SNOWFALL (IN)
  YESTERDAY        0.0                       0.0    0.0
  SINCE DEC 1      5.3                       0.5    4.8
  SINCE JUL 1      5.3                       0.5    4.8

DEGREE DAYS
 HEATING
  YESTERDAY        0                        12    -12        0
  MONTH TO DATE  123                       333   -210      154
  SINCE DEC 1   1147                      1300   -153      734
  SINCE JUL 1   1433                      1592   -159      952

 COOLING
  YESTERDAY        7                         0      7        3
  MONTH TO DATE   48                         0     48       13
  SINCE DEC 1     54                         9     45       35
  SINCE JAN 1     51                         2     49       28
..................................................................


WIND (MPH)
  HIGHEST WIND SPEED    21   HIGHEST WIND DIRECTION     S (200)
  HIGHEST GUST SPEED    25   HIGHEST GUST DIRECTION     S (200)
  AVERAGE WIND SPEED     8.6


SKY COVER
  POSSIBLE SUNSHINE  MM
  AVERAGE SKY COVER 0.2


WEATHER CONDITIONS
 THE FOLLOWING WEATHER WAS RECORDED YESTERDAY.
  FOG
  FOG W/VISIBILITY <= 1/4 MILE


RELATIVE HUMIDITY (PERCENT)
 HIGHEST   100          1200 AM
 LOWEST     51           100 PM
 AVERAGE    76

..........................................................


THE NORTH CHARLESTON SC CLIMATE NORMALS FOR TODAY
                         NORMAL    RECORD    YEAR
 MAXIMUM TEMPERATURE (F)   65        81      2017
 MINIMUM TEMPERATURE (F)   43        18      1967


SUNRISE AND SUNSET
FEBRUARY 25 2018......SUNRISE   653 AM EST   SUNSET   614 PM EST
FEBRUARY 26 2018......SUNRISE   652 AM EST   SUNSET   615 PM EST


-  INDICATES NEGATIVE NUMBERS.
R  INDICATES RECORD WAS SET OR TIED.
MM INDICATES DATA IS MISSING.
T  INDICATES TRACE AMOUNT.




$$
