000
CDUS42 KCHS 050606
CLICHS


CLIMATE REPORT
NATIONAL WEATHER SERVICE CHARLESTON SC
206 AM EDT SAT SEP 5 2015


...................................

...THE NORTH CHARLESTON SC CLIMATE SUMMARY FOR SEPTEMBER 4 2015...

CLIMATE NORMAL PERIOD 1981 TO 2010
CLIMATE RECORD PERIOD 1938 TO 2015


WEATHER ITEM   OBSERVED TIME   RECORD YEAR NORMAL DEPARTURE LAST
                VALUE   (LST)  VALUE       VALUE  FROM      YEAR
                                                  NORMAL
..................................................................
TEMPERATURE (F)
 YESTERDAY
  MAXIMUM         94    113 PM  99    1944  87      7       92
  MINIMUM         73   1057 PM  60    1997  70      3       76
  AVERAGE         84                        79      5       84

PRECIPITATION (IN)
  YESTERDAY        T             6.06 1979   0.23  -0.23      T
  MONTH TO DATE    0.01                      0.94  -0.93      T
  SINCE SEP 1      0.01                      0.94  -0.93      T
  SINCE JAN 1     41.86                     36.58   5.28    35.33

DEGREE DAYS
 HEATING
  YESTERDAY        0                         0      0        0
  MONTH TO DATE    0                         0      0        0
  SINCE SEP 1      0                         0      0        0
  SINCE JUL 1      0                         0      0        0

 COOLING
  YESTERDAY       19                        14      5       19
  MONTH TO DATE   68                        56     12       80
  SINCE SEP 1     68                        56     12       80
  SINCE JAN 1   2115                      1861    254     2242
..................................................................


WIND (MPH)
  HIGHEST WIND SPEED    24   HIGHEST WIND DIRECTION    SE (130)
  HIGHEST GUST SPEED    33   HIGHEST GUST DIRECTION    SE (130)
  AVERAGE WIND SPEED     3.1


SKY COVER
  POSSIBLE SUNSHINE  MM
  AVERAGE SKY COVER 0.4


WEATHER CONDITIONS
 THE FOLLOWING WEATHER WAS RECORDED YESTERDAY.
  THUNDERSTORM
  LIGHT RAIN


RELATIVE HUMIDITY (PERCENT)
 HIGHEST    94           500 AM
 LOWEST     44           100 PM
 AVERAGE    69

..........................................................


THE NORTH CHARLESTON SC CLIMATE NORMALS FOR TODAY
                         NORMAL    RECORD    YEAR
 MAXIMUM TEMPERATURE (F)   87        99      1944
 MINIMUM TEMPERATURE (F)   70        52      1997


SUNRISE AND SUNSET
SEPTEMBER  5 2015.....SUNRISE   657 AM EDT   SUNSET   740 PM EDT
SEPTEMBER  6 2015.....SUNRISE   658 AM EDT   SUNSET   739 PM EDT


-  INDICATES NEGATIVE NUMBERS.
R  INDICATES RECORD WAS SET OR TIED.
MM INDICATES DATA IS MISSING.
T  INDICATES TRACE AMOUNT.




$$
