000
CDUS42 KCHS 250602
CLICHS


CLIMATE REPORT
NATIONAL WEATHER SERVICE CHARLESTON SC
202 AM EDT TUE APR 25 2017


...................................

...THE NORTH CHARLESTON SC CLIMATE SUMMARY FOR APRIL 24 2017...

CLIMATE NORMAL PERIOD 1981 TO 2010
CLIMATE RECORD PERIOD 1938 TO 2017


WEATHER ITEM   OBSERVED TIME   RECORD YEAR NORMAL DEPARTURE LAST
                VALUE   (LST)  VALUE       VALUE  FROM      YEAR
                                                  NORMAL
..................................................................
TEMPERATURE (F)
 YESTERDAY
  MAXIMUM         79   1138 AM  91    1958  78      1       77
  MINIMUM         59   1125 PM  35    1982  55      4       55
  AVERAGE         69                        67      2       66

PRECIPITATION (IN)
  YESTERDAY        1.82R         0.81 1943   0.10   1.72     0.00
  MONTH TO DATE    6.22                      2.35   3.87     1.14
  SINCE MAR 1      7.24                      6.06   1.18     4.33
  SINCE JAN 1     11.42                     12.73  -1.31    12.62

SNOWFALL (IN)
  YESTERDAY        0.0                       0.0    0.0
  SINCE MAR 1      T                         0.0    0.0
  SINCE JUL 1      T                         0.5   -0.5

DEGREE DAYS
 HEATING
  YESTERDAY        0                         2     -2        0
  MONTH TO DATE   23                        80    -57       68
  SINCE MAR 1    257                       319    -62      176
  SINCE JUL 1   1225                      1955   -730     1353

 COOLING
  YESTERDAY        4                         4      0        1
  MONTH TO DATE  119                        60     59       48
  SINCE MAR 1    178                        87     91      144
  SINCE JAN 1    213                        94    119      152
..................................................................


WIND (MPH)
  HIGHEST WIND SPEED    26   HIGHEST WIND DIRECTION     S (170)
  HIGHEST GUST SPEED    33   HIGHEST GUST DIRECTION     S (160)
  AVERAGE WIND SPEED     8.1


SKY COVER
  POSSIBLE SUNSHINE  MM
  AVERAGE SKY COVER 0.7


WEATHER CONDITIONS
 THE FOLLOWING WEATHER WAS RECORDED YESTERDAY.
  THUNDERSTORM
  HEAVY RAIN
  RAIN
  LIGHT RAIN
  FOG
  HAZE


RELATIVE HUMIDITY (PERCENT)
 HIGHEST    93           800 PM
 LOWEST     58          1200 PM
 AVERAGE    76

..........................................................


THE NORTH CHARLESTON SC CLIMATE NORMALS FOR TODAY
                         NORMAL    RECORD    YEAR
 MAXIMUM TEMPERATURE (F)   79        92      1958
 MINIMUM TEMPERATURE (F)   56        37      1974


SUNRISE AND SUNSET
APRIL 25 2017.........SUNRISE   639 AM EDT   SUNSET   758 PM EDT
APRIL 26 2017.........SUNRISE   638 AM EDT   SUNSET   759 PM EDT


-  INDICATES NEGATIVE NUMBERS.
R  INDICATES RECORD WAS SET OR TIED.
MM INDICATES DATA IS MISSING.
T  INDICATES TRACE AMOUNT.




$$
