910
CDUS42 KCHS 220613
CLICHS


CLIMATE REPORT
NATIONAL WEATHER SERVICE CHARLESTON SC
212 AM EDT SAT JUL 22 2017


...................................

...THE NORTH CHARLESTON SC CLIMATE SUMMARY FOR JULY 21 2017...

CLIMATE NORMAL PERIOD 1981 TO 2010
CLIMATE RECORD PERIOD 1938 TO 2017


WEATHER ITEM   OBSERVED TIME   RECORD YEAR NORMAL DEPARTURE LAST
                VALUE   (LST)  VALUE       VALUE  FROM      YEAR
                                                  NORMAL
..................................................................
TEMPERATURE (F)
 YESTERDAY
  MAXIMUM         91    328 PM 101    1986  91      0       91
                                      1977
  MINIMUM         72    602 AM  64    1957  73     -1       75
  AVERAGE         82                        82      0       83

PRECIPITATION (IN)
  YESTERDAY        0.00          2.07 1969   0.21  -0.21     0.36
  MONTH TO DATE    5.81                      4.46   1.35     2.40
  SINCE JUN 1     12.28                     10.11   2.17     5.54
  SINCE JAN 1     27.44                     26.42   1.02    26.29

DEGREE DAYS
 HEATING
  YESTERDAY        0                         0      0        0
  MONTH TO DATE    0                         0      0        0
  SINCE JUN 1      0                         1     -1        0
  SINCE JUL 1      0                         0      0        0

 COOLING
  YESTERDAY       17                        17      0       18
  MONTH TO DATE  377                       354     23      444
  SINCE JUN 1    787                       775     12      969
  SINCE JAN 1   1362                      1137    225     1464
..................................................................


WIND (MPH)
  HIGHEST WIND SPEED    16   HIGHEST WIND DIRECTION     S (200)
  HIGHEST GUST SPEED    20   HIGHEST GUST DIRECTION    SW (210)
  AVERAGE WIND SPEED     7.5


SKY COVER
  POSSIBLE SUNSHINE  MM
  AVERAGE SKY COVER 0.2


WEATHER CONDITIONS
 THE FOLLOWING WEATHER WAS RECORDED YESTERDAY.
  NO SIGNIFICANT WEATHER WAS OBSERVED.


RELATIVE HUMIDITY (PERCENT)
 HIGHEST    94           200 AM
 LOWEST     56          1100 AM
 AVERAGE    75

..........................................................


THE NORTH CHARLESTON SC CLIMATE NORMALS FOR TODAY
                         NORMAL    RECORD    YEAR
 MAXIMUM TEMPERATURE (F)   91       101      1977
 MINIMUM TEMPERATURE (F)   73        64      1974
                                             1965


SUNRISE AND SUNSET
JULY 22 2017..........SUNRISE   627 AM EDT   SUNSET   826 PM EDT
JULY 23 2017..........SUNRISE   628 AM EDT   SUNSET   825 PM EDT


-  INDICATES NEGATIVE NUMBERS.
R  INDICATES RECORD WAS SET OR TIED.
MM INDICATES DATA IS MISSING.
T  INDICATES TRACE AMOUNT.




$$
