000
CDUS42 KCHS 310528
CLICHS


CLIMATE REPORT
NATIONAL WEATHER SERVICE CHARLESTON SC
126 AM EDT FRI OCT 31 2014


...................................

...THE NORTH CHARLESTON SC CLIMATE SUMMARY FOR OCTOBER 30 2014...

CLIMATE NORMAL PERIOD 1981 TO 2010
CLIMATE RECORD PERIOD 1938 TO 2014


WEATHER ITEM   OBSERVED TIME   RECORD YEAR NORMAL DEPARTURE LAST
                VALUE   (LST)  VALUE       VALUE  FROM      YEAR
                                                  NORMAL
..................................................................
TEMPERATURE (F)
 YESTERDAY
  MAXIMUM         74    156 PM  85    1949  74      0       80
  MINIMUM         56   1028 PM  27    1952  52      4       53
  AVERAGE         65                        63      2       67

PRECIPITATION (IN)
  YESTERDAY        0.00          1.48 1993   0.09  -0.09     0.00
  MONTH TO DATE    0.86                      3.66  -2.80     1.37
  SINCE SEP 1      9.52                      9.76  -0.24     6.38
  SINCE JAN 1     44.85                     45.40  -0.55    52.44

SNOWFALL (IN)
  YESTERDAY        0.0                       0.0    0.0
  SINCE SEP 1      0.0                       0.0    0.0
  SINCE JUL 1      0.0                       0.0    0.0

DEGREE DAYS
 HEATING
  YESTERDAY        0                         4     -4        0
  MONTH TO DATE   20                        62    -42       42
  SINCE SEP 1     20                        65    -45       42
  SINCE JUL 1     20                        65    -45       42

 COOLING
  YESTERDAY        0                         2     -2        2
  MONTH TO DATE  183                       124     59      163
  SINCE SEP 1    589                       457    132      536
  SINCE JAN 1   2751                      2262    489     2391
..................................................................


WIND (MPH)
  HIGHEST WIND SPEED    15   HIGHEST WIND DIRECTION    NE (30)
  HIGHEST GUST SPEED    20   HIGHEST GUST DIRECTION    NE (40)
  AVERAGE WIND SPEED     7.3


SKY COVER
  POSSIBLE SUNSHINE  MM
  AVERAGE SKY COVER 0.4


WEATHER CONDITIONS
 THE FOLLOWING WEATHER WAS RECORDED YESTERDAY.
  NO SIGNIFICANT WEATHER WAS OBSERVED.


RELATIVE HUMIDITY (PERCENT)
 HIGHEST    90          1200 AM
 LOWEST     53          1200 PM
 AVERAGE    72

..........................................................


THE NORTH CHARLESTON SC CLIMATE NORMALS FOR TODAY
                         NORMAL    RECORD    YEAR
 MAXIMUM TEMPERATURE (F)   74        87      1961
 MINIMUM TEMPERATURE (F)   52        35      1952


SUNRISE AND SUNSET
OCTOBER 31 2014.......SUNRISE   737 AM EDT   SUNSET   630 PM EDT
NOVEMBER  1 2014......SUNRISE   738 AM EDT   SUNSET   629 PM EDT


-  INDICATES NEGATIVE NUMBERS.
R  INDICATES RECORD WAS SET OR TIED.
MM INDICATES DATA IS MISSING.
T  INDICATES TRACE AMOUNT.




$$
