000
CDUS42 KCHS 260526
CLICHS


CLIMATE REPORT
NATIONAL WEATHER SERVICE CHARLESTON SC
126 AM EDT SUN OCT 26 2014


...................................

...THE NORTH CHARLESTON SC CLIMATE SUMMARY FOR OCTOBER 25 2014...

CLIMATE NORMAL PERIOD 1981 TO 2010
CLIMATE RECORD PERIOD 1938 TO 2014


WEATHER ITEM   OBSERVED TIME   RECORD YEAR NORMAL DEPARTURE LAST
                VALUE   (LST)  VALUE       VALUE  FROM      YEAR
                                                  NORMAL
..................................................................
TEMPERATURE (F)
 YESTERDAY
  MAXIMUM         78    301 PM  88    2001  75      3       64
  MINIMUM         48    443 AM  34    1965  54     -6       44
                                      1962
  AVERAGE         63                        64     -1       54

PRECIPITATION (IN)
  YESTERDAY        0.00          1.84 1963   0.10  -0.10     0.00
  MONTH TO DATE    0.86                      3.21  -2.35     1.37
  SINCE SEP 1      9.52                      9.31   0.21     6.38
  SINCE JAN 1     44.85                     44.95  -0.10    52.44

SNOWFALL (IN)
  YESTERDAY        0.0                       0.0    0.0
  SINCE SEP 1      0.0                       0.0    0.0
  SINCE JUL 1      0.0                       0.0    0.0

DEGREE DAYS
 HEATING
  YESTERDAY        2                         3     -1       11
  MONTH TO DATE   20                        43    -23       24
  SINCE SEP 1     20                        46    -26       24
  SINCE JUL 1     20                        46    -26       24

 COOLING
  YESTERDAY        0                         3     -3        0
  MONTH TO DATE  155                       114     41      160
  SINCE SEP 1    561                       447    114      533
  SINCE JAN 1   2723                      2252    471     2388
..................................................................


WIND (MPH)
  HIGHEST WIND SPEED    10   HIGHEST WIND DIRECTION    NW (330)
  HIGHEST GUST SPEED    16   HIGHEST GUST DIRECTION    NE (40)
  AVERAGE WIND SPEED     2.6


SKY COVER
  POSSIBLE SUNSHINE  MM
  AVERAGE SKY COVER 0.0


WEATHER CONDITIONS
 THE FOLLOWING WEATHER WAS RECORDED YESTERDAY.
  NO SIGNIFICANT WEATHER WAS OBSERVED.


RELATIVE HUMIDITY (PERCENT)
 HIGHEST    93           500 AM
 LOWEST     29           300 PM
 AVERAGE    61

..........................................................


THE NORTH CHARLESTON SC CLIMATE NORMALS FOR TODAY
                         NORMAL    RECORD    YEAR
 MAXIMUM TEMPERATURE (F)   75        87      1939
 MINIMUM TEMPERATURE (F)   53        33      1962


SUNRISE AND SUNSET
OCTOBER 26 2014.......SUNRISE   733 AM EDT   SUNSET   635 PM EDT
OCTOBER 27 2014.......SUNRISE   734 AM EDT   SUNSET   634 PM EDT


-  INDICATES NEGATIVE NUMBERS.
R  INDICATES RECORD WAS SET OR TIED.
MM INDICATES DATA IS MISSING.
T  INDICATES TRACE AMOUNT.




$$
