000
CDUS42 KCHS 280620
CLICHS


CLIMATE REPORT
NATIONAL WEATHER SERVICE CHARLESTON SC
120 AM EST FRI NOV 28 2014


...................................

...THE NORTH CHARLESTON SC CLIMATE SUMMARY FOR NOVEMBER 27 2014...

CLIMATE NORMAL PERIOD 1981 TO 2010
CLIMATE RECORD PERIOD 1938 TO 2014


WEATHER ITEM   OBSERVED TIME   RECORD YEAR NORMAL DEPARTURE LAST
                VALUE   (LST)  VALUE       VALUE  FROM      YEAR
                                                  NORMAL
..................................................................
TEMPERATURE (F)
 YESTERDAY
  MAXIMUM         57    253 PM  86    1973  67    -10       70
  MINIMUM         40   1109 PM  26    1939  44     -4       37
  AVERAGE         49                        56     -7       54

PRECIPITATION (IN)
  YESTERDAY        0.00          1.46 1946   0.08  -0.08     0.09
  MONTH TO DATE    4.66                      2.18   2.48     3.52
  SINCE SEP 1     14.27                     12.03   2.24     9.90
  SINCE JAN 1     49.60                     47.67   1.93    55.96

SNOWFALL (IN)
  YESTERDAY        0.0                       0.0    0.0
  SINCE SEP 1      0.0                       0.0    0.0
  SINCE JUL 1      0.0                       0.0    0.0

DEGREE DAYS
 HEATING
  YESTERDAY       16                        10      6       11
  MONTH TO DATE  263                       191     72      202
  SINCE SEP 1    285                       260     25      244
  SINCE JUL 1    285                       260     25      244

 COOLING
  YESTERDAY        0                         1     -1        0
  MONTH TO DATE   18                        32    -14       34
  SINCE SEP 1    607                       491    116      574
  SINCE JAN 1   2769                      2296    473     2429
..................................................................


WIND (MPH)
  HIGHEST WIND SPEED    22   HIGHEST WIND DIRECTION    NW (330)
  HIGHEST GUST SPEED    32   HIGHEST GUST DIRECTION     W (290)
  AVERAGE WIND SPEED    11.0


SKY COVER
  POSSIBLE SUNSHINE  MM
  AVERAGE SKY COVER 0.1


WEATHER CONDITIONS
 THE FOLLOWING WEATHER WAS RECORDED YESTERDAY.
  NO SIGNIFICANT WEATHER WAS OBSERVED.


RELATIVE HUMIDITY (PERCENT)
 HIGHEST    86           200 AM
 LOWEST     35           200 PM
 AVERAGE    61

..........................................................


THE NORTH CHARLESTON SC CLIMATE NORMALS FOR TODAY
                         NORMAL    RECORD    YEAR
 MAXIMUM TEMPERATURE (F)   66        81      1990
 MINIMUM TEMPERATURE (F)   44        21      1938


SUNRISE AND SUNSET
NOVEMBER 28 2014......SUNRISE   702 AM EST   SUNSET   514 PM EST
NOVEMBER 29 2014......SUNRISE   703 AM EST   SUNSET   514 PM EST


-  INDICATES NEGATIVE NUMBERS.
R  INDICATES RECORD WAS SET OR TIED.
MM INDICATES DATA IS MISSING.
T  INDICATES TRACE AMOUNT.




$$
