000
CXUS52 KCHS 011422
CLMCHS

CLIMATE REPORT
NATIONAL WEATHER SERVICE CHARLESTON SC
903 AM EST SUN MAR 1 2015

...................................

...THE NORTH CHARLESTON SC CLIMATE SUMMARY FOR THE MONTH OF FEBRUARY 2015...

CLIMATE NORMAL PERIOD 1981 TO 2010
CLIMATE RECORD PERIOD 1938 TO 2015

WEATHER         OBSERVED          NORMAL  DEPART  LAST YEAR`S
                 VALUE   DATE(S)  VALUE   FROM    VALUE  DATE(S)
                                          NORMAL
................................................................
TEMPERATURE (F)
RECORD
 HIGH              87   02/16/1989
 LOW               12   02/12/1973
HIGHEST            76   02/22                         83  02/19
LOWEST             18   02/20                         32  02/28
                                                          02/12
AVG. MAXIMUM     56.7              62.8    -6.1     64.6
AVG. MINIMUM     34.3              40.6    -6.3     42.3
MEAN             45.5              51.7    -6.2     53.4
DAYS MAX >= 90      0               0.0     0.0        0
DAYS MAX <= 32      0               0.0     0.0        0
DAYS MIN <= 32     13               4.7     8.3        2
DAYS MIN <= 0       0               0.0     0.0        0

PRECIPITATION (INCHES)
RECORD
 MAXIMUM        10.47   2013
 MINIMUM         0.36   1947
TOTALS           4.40              2.96    1.44     2.18
DAYS >= .01         9               8.6     0.4       10
DAYS >= .10         8               5.2     2.8        4
DAYS >= .50         2               2.0     0.0        2
DAYS >= 1.00        1               0.7     0.3        0
GREATEST
 24 HR. TOTAL    2.48   02/25 TO 02/26

SNOWFALL (INCHES)
TOTALS            0.0               0.2    -0.2
SINCE 7/1           T               0.5    -0.5

DEGREE_DAYS
HEATING TOTAL     540               377     163      325
 SINCE 7/1       1737              1636     101     1523
COOLING TOTAL       0                 5      -5        8
 SINCE 1/1          4                 7      -3       10
.................................................................

WIND (MPH)
AVERAGE WIND SPEED              9.1
HIGHEST WIND SPEED/DIRECTION    33/210
HIGHEST GUST SPEED/DIRECTION    44/290


WEATHER CONDITIONS. NUMBER OF DAYS WITH
THUNDERSTORM              1     MIXED PRECIP               0
HEAVY RAIN                3     RAIN                       5
LIGHT RAIN               14     FREEZING RAIN              0
LT FREEZING RAIN          1     HAIL                       0
HEAVY SNOW                0     SNOW                       0
LIGHT SNOW                0     SLEET                      0
FOG                      13     FOG W/VIS <= 1/4 MILE      0
HAZE                      2

-  INDICATES NEGATIVE NUMBERS.
R  INDICATES RECORD WAS SET OR TIED.
MM INDICATES DATA IS MISSING.
T  INDICATES TRACE AMOUNT.

&&

RECORDS ESTABLISHED DURING THE MONTH:

*FEB 19 - RECORD LOW MAXIMUM TEMPERATURE OF 36 DEGREES
*FEB 20 - RECORD LOW TEMPERATURE OF 18 DEGREES
*FEB 20 - RECORD LOW MAXIMUM TEMPERATURE OF 39 DEGREES

$$
