000
CXUS52 KCHS 011723
CLMCHS

CLIMATE REPORT
NATIONAL WEATHER SERVICE CHARLESTON SC
123 AM EDT FRI AUG 1 2014

...................................

...THE NORTH CHARLESTON SC CLIMATE SUMMARY FOR THE MONTH OF JULY 2014...

CLIMATE NORMAL PERIOD 1981 TO 2010
CLIMATE RECORD PERIOD 1938 TO 2014

WEATHER         OBSERVED          NORMAL  DEPART  LAST YEAR`S
                 VALUE   DATE(S)  VALUE   FROM    VALUE  DATE(S)
                                          NORMAL
................................................................
TEMPERATURE (F)
RECORD
 HIGH             104   07/20/1986
                        07/19/1986
 LOW               54   07/13/2010
HIGHEST            97   07/09                         96  07/17
LOWEST             71   07/07                         72  07/18
                                                          07/08
AVG. MAXIMUM     91.2              91.1     0.1     89.1
AVG. MINIMUM     74.9              73.0     1.9     74.6
MEAN             83.0              82.1     0.9     81.9
DAYS MAX >= 90     17              19.4    -2.4       12
DAYS MAX <= 32      0               0.0     0.0        0
DAYS MIN <= 32      0               0.0     0.0        0
DAYS MIN <= 0       0               0.0     0.0        0

PRECIPITATION (INCHES)
RECORD
 MAXIMUM        18.46   1964
 MINIMUM         1.76   1972
TOTALS           7.41              6.53    0.88     5.35
DAYS >= .01        12              13.0    -1.0       15
DAYS >= .10        11               8.9     2.1       11
DAYS >= .50         4               4.2    -0.2        4
DAYS >= 1.00        3               1.9     1.1        1
GREATEST
 24 HR. TOTAL    2.05   07/31 TO 07/31

DEGREE_DAYS
HEATING TOTAL       0                 0       0        0
 SINCE 7/1          0                 0       0        0
COOLING TOTAL     566               529      37      529
 SINCE 1/1       1594              1312     282     1340
.................................................................

WIND (MPH)
AVERAGE WIND SPEED              6.6
HIGHEST WIND SPEED/DIRECTION    32/250
HIGHEST GUST SPEED/DIRECTION    45/250


WEATHER CONDITIONS. NUMBER OF DAYS WITH
THUNDERSTORM             13     MIXED PRECIP               0
HEAVY RAIN               10     RAIN                       6
LIGHT RAIN               18     FREEZING RAIN              0
LT FREEZING RAIN          0     HAIL                       0
HEAVY SNOW                0     SNOW                       0
LIGHT SNOW                0     SLEET                      0
FOG                      13     FOG W/VIS <= 1/4 MILE      1
HAZE                      2

-  INDICATES NEGATIVE NUMBERS.
R  INDICATES RECORD WAS SET OR TIED.
MM INDICATES DATA IS MISSING.
T  INDICATES TRACE AMOUNT.

$$
