000
CXUS52 KCHS 012110
CLMCHS

CLIMATE REPORT
NATIONAL WEATHER SERVICE CHARLESTON SC
507 PM EDT WED NOV 1 2017

...................................

...THE NORTH CHARLESTON SC CLIMATE SUMMARY FOR THE MONTH OF OCTOBER
2017...

CLIMATE NORMAL PERIOD 1981 TO 2010
CLIMATE RECORD PERIOD 1938 TO 2017

WEATHER         OBSERVED          NORMAL  DEPART  LAST YEAR`S
                 VALUE   DATE(S)  VALUE   FROM    VALUE  DATE(S)
                                          NORMAL
................................................................
TEMPERATURE (F)
RECORD
 HIGH              94   10/05/1986
                        10/05/1954
 LOW               27   10/29/1976
                        10/30/1952
HIGHEST            89   10/07                         87  10/19
                                                          10/18
                                                          10/03
LOWEST             34   10/30                         43  10/23
AVG. MAXIMUM     79.8              77.1     2.7     80.8
AVG. MINIMUM     59.8              56.8     3.0     59.6
MEAN             69.8              66.9     2.9     70.2
DAYS MAX >= 90      0               0.3    -0.3        0
DAYS MAX <= 32      0               0.0     0.0        0
DAYS MIN <= 32      0               0.0     0.0        0
DAYS MIN <= 0       0               0.0     0.0        0

PRECIPITATION (INCHES)
RECORD
 MAXIMUM        18.91   2015
 MINIMUM            T   2000
TOTALS           3.57              3.75   -0.18    10.48
DAYS >= .01         8               7.3     0.7        3
DAYS >= .10         5               4.7     0.3        2
DAYS >= .50         2               2.3    -0.3        2
DAYS >= 1.00        2               1.0     1.0        2
GREATEST
 24 HR. TOTAL    1.37   10/23

SNOWFALL (INCHES)
TOTALS            0.0               0.0     0.0
SINCE 7/1           T               0.0     0.0

DEGREE_DAYS
HEATING TOTAL      58                66      -8       16
 SINCE 7/1         58                69     -11       16
COOLING TOTAL     216               126      90      185
 SINCE 1/1       2647              2264     383     2911
.................................................................

WIND (MPH)
AVERAGE WIND SPEED              8.0
HIGHEST WIND SPEED/DIRECTION    28/290
HIGHEST GUST SPEED/DIRECTION    39/310


WEATHER CONDITIONS. NUMBER OF DAYS WITH
THUNDERSTORM              2     MIXED PRECIP               0
HEAVY RAIN                5     RAIN                       5
LIGHT RAIN                8     FREEZING RAIN              0
LT FREEZING RAIN          0     HAIL                       0
HEAVY SNOW                0     SNOW                       0
LIGHT SNOW                0     SLEET                      0
FOG                      16     FOG W/VIS <= 1/4 MILE      1
HAZE                      1

-  INDICATES NEGATIVE NUMBERS.
R  INDICATES RECORD WAS SET OR TIED.
MM INDICATES DATA IS MISSING.
T  INDICATES TRACE AMOUNT.

&&

RECORDS ESTABLISHED AT THE CHARLESTON INTERNATIONAL AIRPORT DURING
THE MONTH:

*OCT  7 - RECORD HIGH MINIMUM TEMPERATURE OF 74 DEGREES
*OCT  8 - RECORD HIGH MINIMUM TEMPERATURE OF 77 DEGREES
*OCT  9 - RECORD HIGH MINIMUM TEMPERATURE OF 76 DEGREES
*OCT 10 - RECORD HIGH MINIMUM TEMPERATURE OF 75 DEGREES
*OCT 12 - RECORD HIGH TEMPERATURE OF 87 DEGREES

$$
