000
CXUS52 KCHS 011357
CLMCHS

CLIMATE REPORT
NATIONAL WEATHER SERVICE CHARLESTON SC
946 AM EDT SAT NOV 1 2014

...................................

...THE NORTH CHARLESTON SC CLIMATE SUMMARY FOR THE MONTH OF OCTOBER 2014...

CLIMATE NORMAL PERIOD 1981 TO 2010
CLIMATE RECORD PERIOD 1938 TO 2014

WEATHER         OBSERVED          NORMAL  DEPART  LAST YEAR`S
                 VALUE   DATE(S)  VALUE   FROM    VALUE  DATE(S)
                                          NORMAL
................................................................
TEMPERATURE (F)
RECORD
 HIGH              94   10/05/1954
 LOW               27   10/29/1976
                        10/30/1952
HIGHEST            91   10/11                         88  10/05
                                                          10/04
LOWEST             45   10/23                         38  10/26
AVG. MAXIMUM     81.2              77.1     4.1     78.8
AVG. MINIMUM     58.5              56.8     1.7     58.8
MEAN             69.9              66.9     3.0     68.8
DAYS MAX >= 90      1               0.3     0.7        0
DAYS MAX <= 32      0               0.0     0.0        0
DAYS MIN <= 32      0               0.0     0.0        0
DAYS MIN <= 0       0               0.0     0.0        0

PRECIPITATION (INCHES)
RECORD
 MAXIMUM        12.11   1994
 MINIMUM            T   2000
TOTALS           0.95              3.75   -2.80     1.37
DAYS >= .01         4               7.3    -3.3        4
DAYS >= .10         2               4.7    -2.7        2
DAYS >= .50         1               2.3    -1.3        1
DAYS >= 1.00        0               1.0    -1.0        1
GREATEST
 24 HR. TOTAL    0.85   10/14 TO 10/15

SNOWFALL (INCHES)
RECORDS
 TOTAL            0.0
TOTALS            0.0               0.0     0.0
SINCE 7/1         0.0               0.0     0.0

DEGREE_DAYS
HEATING TOTAL      22                66     -44       42
 SINCE 7/1         22                69     -47       42
COOLING TOTAL     183               126      57      167
 SINCE 1/1       2751              2264     487     2395
.................................................................

WIND (MPH)
AVERAGE WIND SPEED              5.7
HIGHEST WIND SPEED/DIRECTION    23/180
HIGHEST GUST SPEED/DIRECTION    29/170


WEATHER CONDITIONS. NUMBER OF DAYS WITH
THUNDERSTORM              2     MIXED PRECIP               0
HEAVY RAIN                2     RAIN                       1
LIGHT RAIN                4     FREEZING RAIN              0
LT FREEZING RAIN          0     HAIL                       0
HEAVY SNOW                0     SNOW                       0
LIGHT SNOW                0     SLEET                      0
FOG                      14     FOG W/VIS <= 1/4 MILE      3
HAZE                      3

-  INDICATES NEGATIVE NUMBERS.
R  INDICATES RECORD WAS SET OR TIED.
MM INDICATES DATA IS MISSING.
T  INDICATES TRACE AMOUNT.

&&

RECORDS ESTABLISHED DURING THE MONTH:

*OCT 11 - RECORD HIGH TEMPERATURE OF 91 DEGREES
*OCT 12 - RECORD HIGH TEMPERATURE OF 87 DEGREES
*OCT 13 - RECORD HIGH TEMPERATURE OF 89 DEGREES
*OCT 13 - RECORD HIGH MINIMUM TEMPERATURE OF 72 DEGREES
*OCT 14 - RECORD HIGH MINIMUM TEMPERATURE OF 71 DEGREES

$$
