000
CXUS52 KCHS 012201 CCA
CLMCHS

CLIMATE REPORT...UPDATED
NATIONAL WEATHER SERVICE CHARLESTON SC
311 PM EDT WED OCT 1 2014

...................................

...THE NORTH CHARLESTON SC CLIMATE SUMMARY FOR THE MONTH OF SEPTEMBER 2014...

CLIMATE NORMAL PERIOD 1981 TO 2010
CLIMATE RECORD PERIOD 1938 TO 2014

WEATHER         OBSERVED          NORMAL  DEPART  LAST YEAR`S
                 VALUE   DATE(S)  VALUE   FROM    VALUE  DATE(S)
                                          NORMAL
................................................................
TEMPERATURE (F)
RECORD
 HIGH             100   09/05/1944
                        09/04/1944
 LOW               42   09/30/1967
HIGHEST            95   09/01                         94  09/04
                                                          09/02
LOWEST             60   09/24                         56  09/30
AVG. MAXIMUM     85.3              84.8     0.5     86.6
AVG. MINIMUM     71.2              67.2     4.0     67.8
MEAN             78.3              76.0     2.3     77.2
DAYS MAX >= 90      7               4.5     2.5       10
DAYS MAX <= 32      0               0.0     0.0        0
DAYS MIN <= 32      0               0.0     0.0        0
DAYS MIN <= 0       0               0.0     0.0        0

PRECIPITATION (INCHES)
RECORD
 MAXIMUM        16.24   1945
 MINIMUM         0.18   1990
TOTALS           8.66              6.10    2.56     5.01
DAYS >= .01        18              10.0     8.0        6
DAYS >= .10        13               6.8     6.2        4
DAYS >= .50         7               3.5     3.5        3
DAYS >= 1.00        3               2.0     1.0        2
GREATEST
 24 HR. TOTAL    1.64   09/15 TO 09/16
                        09/16 TO 09/17

SNOWFALL (INCHES)
RECORDS
 TOTAL            0.0   0
                        0
                        0
TOTALS            0.0               0.0     0.0
SINCE 7/1         0.0               0.0     0.0

DEGREE_DAYS
HEATING TOTAL       0                 3      -3        0
 SINCE 7/1          0                 3      -3        0
COOLING TOTAL     406               333      73      373
 SINCE 1/1       2568              2138     430     2228
.................................................................

WIND (MPH)
AVERAGE WIND SPEED              6.5
HIGHEST WIND SPEED/DIRECTION    24/310
HIGHEST GUST SPEED/DIRECTION    31/310


WEATHER CONDITIONS. NUMBER OF DAYS WITH
THUNDERSTORM             10     MIXED PRECIP               0
HEAVY RAIN                7     RAIN                       9
LIGHT RAIN               24     FREEZING RAIN              0
LT FREEZING RAIN          0     HAIL                       0
HEAVY SNOW                0     SNOW                       0
LIGHT SNOW                0     SLEET                      0
FOG                      18     FOG W/VIS <= 1/4 MILE      0
HAZE                      6

-  INDICATES NEGATIVE NUMBERS.
R  INDICATES RECORD WAS SET OR TIED.
MM INDICATES DATA IS MISSING.
T  INDICATES TRACE AMOUNT.

&&

RECORDS ESTABLISHED DURING THE MONTH:

*SEP 1  - RECORD HIGH TEMPERATURE OF 95 DEGREES
*SEP 1  - RECORD HIGH MINIMUM TEMPERATURE OF 77 DEGREES
*SEP 2  - RECORD HIGH MINIMUM TEMPERATURE OF 78 DEGREES
*SEP 4  - RECORD HIGH MINIMUM TEMPERATURE OF 76 DEGREES
*SEP 5  - RECORD HIGH MINIMUM TEMPERATURE OF 77 DEGREES
*SEP 8  - RECORD RAINFALL OF 1.35 INCHES
*SEP 12 - RECORD HIGH TEMPERATURE OF 94 DEGREES
*SEP 12 - RECORD HIGH MINIMUM TEMPERATURE OF 77 DEGREES

$$
