000
CXUS55 KDVN 011000
CF6CID
PRELIMINARY LOCAL CLIMATOLOGICAL DATA (WS FORM: F-6)
STATION: CEDAR RAPIDS IA
MONTH: OCTOBER
YEAR: 2022
LATITUDE: 41 52 N
LONGITUDE: 91 42 W
TEMPERATURE IN F: :PCPN: SNOW: WIND :SUNSHINE: SKY :PK WND
================================================================================
1 2 3 4 5 6A 6B 7 8 9 10 11 12 13 14 15 16 17 18
12Z AVG MX 2MIN
DY MAX MIN AVG DEP HDD CDD WTR SNW DPTH SPD SPD DIR MIN PSBL S-S WX SPD DR
================================================================================
1 74 43 59 2 6 0 0.00 M M 5.9 13 100 M M 0 17 110
2 75 47 61 4 4 0 0.00 M M 5.8 13 130 M M 0 17 140
3 74 45 60 4 5 0 0.00 M M 5.6 12 130 M M 0 8 16 90
4 76 39 58 2 7 0 0.00 M M 5.7 14 200 M M 0 8 20 150
5 72 44 58 2 7 0 0.01 M M 3.6 13 50 M M 4 1 16 190
6 69 41 55 0 10 0 0.00 M M 10.9 24 360 M M 2 12 33 340
7 56 31 44 -11 21 0 0.00 M M 8.5 16 350 M M 2 21 40
8 61 27 44 -10 21 0 0.00 M M 7.6 21 260 M M 0 8 32 250
9 73 33 53 -1 12 0 0.00 M M 7.3 20 240 M M 1 26 240
10 76 39 58 5 7 0 0.00 M M 5.4 13 180 M M 0 18 17 160
11 68 48 58 5 7 0 T M M 12.0 22 190 M M 4 18 30 200
12 68 37 53 1 12 0 0.65 M M 14.7 37 310 M M 5 13 54 310
13 50 29 40 -12 25 0 0.00 M M 12.1 30 300 M M 4 46 310
14 58 27 43 -9 22 0 0.01 M M 10.4 36 300 M M 5 47 300
15 60 26 43 -8 22 0 0.00 M M 9.8 22 200 M M 1 8 29 200
16 55 32 44 -7 21 0 0.00 M M 14.7 30 300 M M 5 39 300
17 43 26 35 -15 30 0 0.00 M M 16.8 28 330 M M 3 39 340
18 47 22 35 -15 30 0 0.00 M M 14.6 25 310 M M 0 34 290
19 49 16 33 -16 32 0 0.00 M M 9.4 20 290 M M 1 1 26 280
20 68 27 48 -1 17 0 0.00 M M 6.1 16 290 M M 0 8 24 270
21 83 37 60 12 5 0 0.00 M M 9.1 20 210 M M 0 8 27 200
22 84 50 67 19 0 2 0.00 M M 14.0 25 160 M M 0 37 170
23 77 59 68 20 0 3 0.04 M M 18.1 29 150 M M 1 3 43 140
24 74 45 60 13 5 0 1.19 M M 14.7 24 280 M M 6 1 34 290
25 46 38 42 -5 23 0 0.00 M M 11.8 23 360 M M 3 30 10
26 55 31 43 -3 22 0 0.00 M M 5.8 14 310 M M 0 18 19 280
27 58 35 47 1 18 0 0.00 M M 9.2 18 110 M M 1 24 120
28 61 32 47 2 18 0 0.00 M M 3.8 9 110 M M 0 18 12 150
29 65 32 49 4 16 0 0.00 M M 4.0 9 180 M M 0 18 13 170
30 62 41 52 8 13 0 0.00 M M 4.7 10 360 M M 0 18 13 360
31 66 39 53 9 12 0 0.00 M M 6.2 12 270 M M 0 18 19 290
================================================================================
SM 2003 1118 450 5 1.90 M 288.3 M 48
================================================================================
AV 64.6 36.1 9.3 FASTST M M 2 MAX(MPH)
MISC ----> 37 310 54 310
================================================================================
NOTES:
# LAST OF SEVERAL OCCURRENCES
COLUMN 17 PEAK WIND IN M.P.H.
PRELIMINARY LOCAL CLIMATOLOGICAL DATA (WS FORM: F-6) , PAGE 2
STATION: CEDAR RAPIDS IA
MONTH: OCTOBER
YEAR: 2022
LATITUDE: 41 52 N
LONGITUDE: 91 42 W
[TEMPERATURE DATA] [PRECIPITATION DATA] SYMBOLS USED IN COLUMN 16
AVERAGE MONTHLY: 50.3 TOTAL FOR MONTH: 1.90 1 = FOG OR MIST
DPTR FM NORMAL: -0.4 DPTR FM NORMAL: -1.01 2 = FOG REDUCING VISIBILITY
HIGHEST: 84 ON 22 GRTST 24HR 1.19 ON 24-24 TO 1/4 MILE OR LESS
LOWEST: 16 ON 19 3 = THUNDER
SNOW, ICE PELLETS, HAIL 4 = ICE PELLETS
TOTAL MONTH: M 5 = HAIL
GRTST 24HR M ON M 6 = FREEZING RAIN OR DRIZZLE
GRTST DEPTH: M ON M 7 = DUSTSTORM OR SANDSTORM:
VSBY 1/2 MILE OR LESS
8 = SMOKE OR HAZE
[NO. OF DAYS WITH] [WEATHER - DAYS WITH] 9 = BLOWING SNOW
X = TORNADO
MAX 32 OR BELOW: 0 0.01 INCH OR MORE: 5
MAX 90 OR ABOVE: 0 0.10 INCH OR MORE: 2
MIN 32 OR BELOW: 13 0.50 INCH OR MORE: 2
MIN 0 OR BELOW: 0 1.00 INCH OR MORE: 1
[HDD (BASE 65) ]
TOTAL THIS MO. 450 CLEAR (SCALE 0-3) 24
DPTR FM NORMAL -3 PTCLDY (SCALE 4-7) 7
TOTAL FM JUL 1 543 CLOUDY (SCALE 8-10) 0
DPTR FM NORMAL -56
[CDD (BASE 65) ]
TOTAL THIS MO. 5
DPTR FM NORMAL -5 [PRESSURE DATA]
TOTAL FM JAN 1 910 HIGHEST SLP 30.51 ON 7
DPTR FM NORMAL 154 LOWEST SLP 29.54 ON 14
[REMARKS]
#FINAL-10-22#