000
CXUS55 KDVN 011100
CF6CID
PRELIMINARY LOCAL CLIMATOLOGICAL DATA (WS FORM: F-6)
STATION: CEDAR RAPIDS IA
MONTH: NOVEMBER
YEAR: 2023
LATITUDE: 41 52 N
LONGITUDE: 91 42 W
TEMPERATURE IN F: :PCPN: SNOW: WIND :SUNSHINE: SKY :PK WND
================================================================================
1 2 3 4 5 6A 6B 7 8 9 10 11 12 13 14 15 16 17 18
12Z AVG MX 2MIN
DY MAX MIN AVG DEP HDD CDD WTR SNW DPTH SPD SPD DIR MIN PSBL S-S WX SPD DR
================================================================================
1 44 17 31 -13 34 0 0.00 M M 8.9 21 180 M M 1 27 180
2 58 24 41 -2 24 0 0.00 M M 7.8 14 190 M M 0 23 210
3 56 36 46 3 19 0 0.00 M M 8.9 18 190 M M 2 24 190
4 59 32 46 4 19 0 0.00 M M 5.0 10 340 M M 1 18 22 30
5 65 29 47 5 18 0 0.00 M M 9.5 21 190 M M 2 18 30 160
6 68 46 57 16 8 0 0.00 M M 13.7 25 190 M M 0 37 200
7 57 36 47 6 18 0 0.00 M M 12.1 22 110 M M 2 1 31 100
8 54 42 48 8 17 0 T M M 10.5 28 330 M M 7 18 41 340
9 58 30 44 4 21 0 0.00 M M 13.3 25 300 M M 2 34 300
10 42 25 34 -5 31 0 0.00 M M 8.2 20 310 M M 5 28 290
11 51 26 39 0 26 0 0.00 M M 8.5 18 160 M M 7 1 27 140
12 65 37 51 13 14 0 0.00 M M 13.2 29 190 M M 3 36 190
13 63 31 47 9 18 0 0.00 M M 6.2 16 330 M M 0 8 20 320
14 65 31 48 10 17 0 0.00 M M 11.8 29 180 M M 0 41 190
15 65 38 52 15 13 0 0.00 M M 5.6 13 180 M M 2 8 19 200
16 66 43 55 18 10 0 0.00 M M 15.0 26 190 M M 2 37 190
17 49 28 39 3 26 0 0.00 M M 8.6 20 350 M M 1 8 26 340
18 58 22 40 4 25 0 0.00 M M 6.2 15 250 M M 0 8 20 270
19 59 31 45 10 20 0 0.00 M M 7.5 21 90 M M 0 29 100
20 50 38 44 9 21 0 0.12 M M 14.2 22 70 M M 10 1 29 80
21 48 33 41 7 24 0 0.01 M M 15.0 24 320 M M 9 1 33 330
22 44 21 33 -1 32 0 0.00 M M 9.4 16 190 M M 0 21 180
23 43 26 35 1 30 0 0.00 M M 12.4 20 360 M M 0 27 360
24 31 21 26 -7 39 0 0.00 M M 9.8 18 10 M M 1 24 360
25 32 23 28 -5 37 0 0.03 M M 4.9 10 80 M M 10 1 13 70
26 32 24 28 -4 37 0 0.38 M M 13.2 26 290 M M 9 1 33 300
27 27 8 18 -14 47 0 0.00 M M 14.6 25 300 M M 3 31 300
28 23 -1 11 -20 54 0 0.00 M M 8.3 14 180 M M 0 20 180
29 42 17 30 -1 35 0 0.00 M M 6.2 14 200 M M 0 18 210
30 45 30 38 7 27 0 0.00 M M 8.5 15 30 M M 2 19 20
================================================================================
SM 1519 844 761 0 0.54 M 297.0 M 81
================================================================================
AV 50.6 28.1 9.9 FASTST M M 3 MAX(MPH)
MISC ----> # 29 190 # 41 340
================================================================================
NOTES:
# LAST OF SEVERAL OCCURRENCES
COLUMN 17 PEAK WIND IN M.P.H.
PRELIMINARY LOCAL CLIMATOLOGICAL DATA (WS FORM: F-6) , PAGE 2
STATION: CEDAR RAPIDS IA
MONTH: NOVEMBER
YEAR: 2023
LATITUDE: 41 52 N
LONGITUDE: 91 42 W
[TEMPERATURE DATA] [PRECIPITATION DATA] SYMBOLS USED IN COLUMN 16
AVERAGE MONTHLY: 39.4 TOTAL FOR MONTH: 0.54 1 = FOG OR MIST
DPTR FM NORMAL: 2.4 DPTR FM NORMAL: -1.46 2 = FOG REDUCING VISIBILITY
HIGHEST: 68 ON 6 GRTST 24HR 0.38 ON 26-26 TO 1/4 MILE OR LESS
LOWEST: -1 ON 28 3 = THUNDER
SNOW, ICE PELLETS, HAIL 4 = ICE PELLETS
TOTAL MONTH: M 5 = HAIL
GRTST 24HR M ON M 6 = FREEZING RAIN OR DRIZZLE
GRTST DEPTH: M ON M 7 = DUSTSTORM OR SANDSTORM:
VSBY 1/2 MILE OR LESS
8 = SMOKE OR HAZE
[NO. OF DAYS WITH] [WEATHER - DAYS WITH] 9 = BLOWING SNOW
X = TORNADO
MAX 32 OR BELOW: 5 0.01 INCH OR MORE: 4
MAX 90 OR ABOVE: 0 0.10 INCH OR MORE: 2
MIN 32 OR BELOW: 21 0.50 INCH OR MORE: 0
MIN 0 OR BELOW: 1 1.00 INCH OR MORE: 0
[HDD (BASE 65) ]
TOTAL THIS MO. 761 CLEAR (SCALE 0-3) 22
DPTR FM NORMAL -81 PTCLDY (SCALE 4-7) 4
TOTAL FM JUL 1 1173 CLOUDY (SCALE 8-10) 4
DPTR FM NORMAL -268
[CDD (BASE 65) ]
TOTAL THIS MO. 0
DPTR FM NORMAL 0 [PRESSURE DATA]
TOTAL FM JAN 1 974 HIGHEST SLP 30.59 ON 24
DPTR FM NORMAL 218 LOWEST SLP 29.65 ON 6
[REMARKS]
#FINAL-11-23#