000
CXUS55 KOHX 011110
CF6CKV
PRELIMINARY LOCAL CLIMATOLOGICAL DATA (WS FORM: F-6)
STATION: CLARKSVILLE
MONTH: AUGUST
YEAR: 2021
LATITUDE: 36 37 N
LONGITUDE: 87 25 W
TEMPERATURE IN F: :PCPN: SNOW: WIND :SUNSHINE: SKY :PK WND
================================================================================
1 2 3 4 5 6A 6B 7 8 9 10 11 12 13 14 15 16 17 18
12Z AVG MX 2MIN
DY MAX MIN AVG DEP HDD CDD WTR SNW DPTH SPD SPD DIR MIN PSBL S-S WX SPD DR
================================================================================
1 83 69 76 -2 0 11 0.00 M M 6.5 14 360 M M 5 18 18 360
2 84 63 74 -4 0 9 0.00 M M 6.3 15 30 M M 0 18 21 360
3 84 58 71 -7 0 6 0.00 M M 5.4 17 10 M M 1 1 22 10
4 85 60 73 -5 0 8 0.00 M M 5.3 15 20 M M 1 20 40
5 86 57 72 -6 0 7 0.00 M M 1.5 9 210 M M 0 1 14 200
6 87 63 75 -3 0 10 0.00 M M 2.3 9 280 M M 1 1 13 210
7 88 69 79 1 0 14 0.00 M M 2.7 10 210 M M 1 1 14 220
8 90 68 79 1 0 14 0.02 M M 7.3 29 300 M M 2 1 39 330
9 92 68 80 2 0 15 0.04 M M 8.4 16 230 M M 2 1 22 200
10 93 75 84 6 0 19 0.00 M M 8.2 17 210 M M 2 24 220
11 94 74 84 6 0 19 0.00 M M 8.1 15 210 M M 1 23 240
12 94 73 84 6 0 19 0.00 M M 7.7 14 220 M M 1 21 260
13 92 73 83 5 0 18 0.00 M M 6.9 18 150 M M 2 3 27 140
14 87 71 79 1 0 14 0.88 M M 4.5 20 30 M M 1 13 29 10
15 80 71 76 -2 0 11 0.00 M M 3.3 9 30 M M 8 1 11 40
16 84 67 76 -2 0 11 0.00 M M 2.1 8 130 M M 6 12 12 130
17 89 68 79 1 0 14 0.00 M M 1.2 8 50 M M 3 12 10 60
18 86 69 78 0 0 13 0.38 M M 3.6 18 200 M M 4 123 22 190
19 84 73 79 2 0 14 T M M 1.2 7 180 M M 7 1 10 320
20 88 72 80 3 0 15 0.00 M M 3.5 13 220 M M 8 1 19 240
21 82 73 78 1 0 13 2.70 M M 3.7 9 200 M M 8 13 13 190
22 88 72 80 3 0 15 0.00 M M 3.6 9 360 M M 6 1 12 10
23 94 70 82 5 0 17 0.00 M M 1.2 7 190 M M 2 12 12 240
24 93 72 83 6 0 18 0.00 M M 1.2 8 150 M M 2 12 13 190
25 95 70 83 7 0 18 0.00 M M 1.4 7 70 M M 0 18 10 220
26 95 72 84 8 0 19 0.00 M M 3.1 8 80 M M 1 138 12 160
27 90 72 81 5 0 16 0.35 M M 3.6 13 190 M M 2 13 21 190
28 91 71 81 5 0 16 0.00 M M 4.6 20 100 M M 1 1 27 100
29 91 70 81 5 0 16 0.00 M M 4.5 13 180 M M 1 1 19 200
30 84 70 77 1 0 12 0.34 M M 4.2 15 220 M M 3 13 21 220
31 73 69 71 -4 0 6 2.20 M M 12.5 20 40 M M 9 1 31 30
================================================================================
SM 2726 2142 0 427 6.91 M 139.6 M 91
================================================================================
AV 87.9 69.1 4.5 FASTST M M 3 MAX(MPH)
MISC ----> 29 300 39 330
================================================================================
NOTES:
# LAST OF SEVERAL OCCURRENCES
COLUMN 17 PEAK WIND IN M.P.H.
PRELIMINARY LOCAL CLIMATOLOGICAL DATA (WS FORM: F-6) , PAGE 2
STATION: CLARKSVILLE
MONTH: AUGUST
YEAR: 2021
LATITUDE: 36 37 N
LONGITUDE: 87 25 W
[TEMPERATURE DATA] [PRECIPITATION DATA] SYMBOLS USED IN COLUMN 16
AVERAGE MONTHLY: 78.5 TOTAL FOR MONTH: 6.91 1 = FOG OR MIST
DPTR FM NORMAL: 1.1 DPTR FM NORMAL: 4.01 2 = FOG REDUCING VISIBILITY
HIGHEST: 95 ON 26,25 GRTST 24HR 2.70 ON 21-21 TO 1/4 MILE OR LESS
LOWEST: 57 ON 5 3 = THUNDER
SNOW, ICE PELLETS, HAIL 4 = ICE PELLETS
TOTAL MONTH: M 5 = HAIL
GRTST 24HR M ON M 6 = FREEZING RAIN OR DRIZZLE
GRTST DEPTH: M ON M 7 = DUSTSTORM OR SANDSTORM:
VSBY 1/2 MILE OR LESS
8 = SMOKE OR HAZE
[NO. OF DAYS WITH] [WEATHER - DAYS WITH] 9 = BLOWING SNOW
X = TORNADO
MAX 32 OR BELOW: 0 0.01 INCH OR MORE: 8
MAX 90 OR ABOVE: 13 0.10 INCH OR MORE: 6
MIN 32 OR BELOW: 0 0.50 INCH OR MORE: 3
MIN 0 OR BELOW: 0 1.00 INCH OR MORE: 2
[HDD (BASE 65) ]
TOTAL THIS MO. 0 CLEAR (SCALE 0-3) 21
DPTR FM NORMAL 0 PTCLDY (SCALE 4-7) 9
TOTAL FM JUL 1 0 CLOUDY (SCALE 8-10) 1
DPTR FM NORMAL 0
[CDD (BASE 65) ]
TOTAL THIS MO. 427
DPTR FM NORMAL 41 [PRESSURE DATA]
TOTAL FM JAN 1 1287 HIGHEST SLP 30.17 ON 28
DPTR FM NORMAL 15 LOWEST SLP 29.61 ON 31
[REMARKS]
#FINAL-08-21#