000
CXUS54 KHGX 030046
CF6CLL
PRELIMINARY LOCAL CLIMATOLOGICAL DATA (WS FORM: F-6)
STATION: COLLEGE STATION
MONTH: MARCH
YEAR: 2024
LATITUDE: 30 34 N
LONGITUDE: 96 22 W
TEMPERATURE IN F: :PCPN: SNOW: WIND :SUNSHINE: SKY :PK WND
================================================================================
1 2 3 4 5 6A 6B 7 8 9 10 11 12 13 14 15 16 17 18
12Z AVG MX 2MIN
DY MAX MIN AVG DEP HDD CDD WTR SNW DPTH SPD SPD DIR MIN PSBL S-S WX SPD DR
================================================================================
1 70 46 58 0 7 0 T 0.0 0 3.4 10 190 M M 5 1 14 330
2 77 48 63 4 2 0 0.00 0.0 0 6.9 18 140 M M 1 1 24 160
3 82 59 71 12 0 6 0.00 0.0 0 10.0 21 180 M M 6 1 32 160
4 85 67 76 17 0 11 0.00 0.0 0 8.1 16 150 M M 5 1 28 180
5 90 68 79 20 0 14 0.00 0.0 0 5.8 13 160 M M 3 18 21 220
6 82 66 74 14 0 9 0.00 0.0 0 7.6 14 130 M M 5 1 23 110
7 78 64 71 11 0 6 0.00 0.0 0 10.2 20 150 M M 7 26 170
8 80 57 69 9 0 4 T 0.0 0 9.0 28 330 M M 7 1 39 330
9 62 47 55 -5 10 0 0.00 0.0 0 14.2 24 340 M M 6 32 320
10 69 41 55 -6 10 0 0.00 0.0 0 4.5 13 20 M M 0 19 10
11 73 55 64 3 1 0 0.00 0.0 0 6.0 16 180 M M 4 22 170
12 78 54 66 5 0 1 0.00 0.0 0 10.2 20 160 M M 4 26 180
13 83 65 74 13 0 9 T 0.0 0 12.7 22 150 M M 9 1 29 160
14 85 72 79 17 0 14 T 0.0 0 14.5 25 160 M M 8 33 160
15 83 65 74 12 0 9 T 0.0 0 10.1 23 360 M M 6 3 31 350
16 76 65 71 9 0 6 T 0.0 0 8.3 15 160 M M 9 18 20 90
17 70 60 65 3 0 0 0.39 0.0 0 8.6 21 30 M M 9 13 29 300
18 69 50 60 -3 5 0 0.00 0.0 0 12.7 22 10 M M 3 32 70
19 67 41 54 -9 11 0 0.00 0.0 0 5.7 12 150 M M 1 17 170
20 68 49 59 -4 6 0 0.00 0.0 0 5.9 13 150 M M 8 22 170
21 66 58 62 -1 3 0 0.97 0.0 0 6.7 25 330 M M 10 13 36 330
22 70 50 60 -4 5 0 T 0.0 0 7.8 20 310 M M 6 12 28 320
23 76 51 64 0 1 0 0.00 0.0 0 4.1 13 40 M M 1 1 17 40
24 73 59 66 2 0 1 0.00 0.0 0 14.5 28 160 M M 6 40 150
25 76 56 66 2 0 1 0.26 0.0 0 8.2 25 160 M M 6 1 35 160
26 67 47 57 -7 8 0 0.00 0.0 0 8.2 16 360 M M 0 23 350
27 68 51 60 -5 5 0 T 0.0 0 5.0 12 360 M M 2 16 210
28 76 45 61 -4 4 0 0.00 0.0 0 6.7 17 160 M M 0 25 170
29 78 55 67 2 0 2 0.00 0.0 0 13.2 26 150 M M 1 35 140
30 78 59 69 4 0 4 0.00 0.0 0 10.5 20 170 M M 4 27 150
31 82 62 72 6 0 7 0.00 0.0 0 12.0 23 170 M M 8 33 170
================================================================================
SM 2337 1732 78 104 1.62 0.0 271.3 M 150
================================================================================
AV 75.4 55.9 8.8 FASTST M M 5 MAX(MPH)
MISC ----> # 28 330 40 150
================================================================================
NOTES:
# LAST OF SEVERAL OCCURRENCES
COLUMN 17 PEAK WIND IN M.P.H.
PRELIMINARY LOCAL CLIMATOLOGICAL DATA (WS FORM: F-6) , PAGE 2
STATION: COLLEGE STATION
MONTH: MARCH
YEAR: 2024
LATITUDE: 30 34 N
LONGITUDE: 96 22 W
[TEMPERATURE DATA] [PRECIPITATION DATA] SYMBOLS USED IN COLUMN 16
AVERAGE MONTHLY: 65.6 TOTAL FOR MONTH: 1.62 1 = FOG OR MIST
DPTR FM NORMAL: 3.5 DPTR FM NORMAL: -1.79 2 = FOG REDUCING VISIBILITY
HIGHEST: 90 ON 5 GRTST 24HR 0.97 ON 21-21 TO 1/4 MILE OR LESS
LOWEST: 41 ON 19,10 3 = THUNDER
SNOW, ICE PELLETS, HAIL 4 = ICE PELLETS
TOTAL MONTH: 0.0 INCH 5 = HAIL
GRTST 24HR 0.0 6 = FREEZING RAIN OR DRIZZLE
GRTST DEPTH: 0 7 = DUSTSTORM OR SANDSTORM:
VSBY 1/2 MILE OR LESS
8 = SMOKE OR HAZE
[NO. OF DAYS WITH] [WEATHER - DAYS WITH] 9 = BLOWING SNOW
X = TORNADO
MAX 32 OR BELOW: 0 0.01 INCH OR MORE: 3
MAX 90 OR ABOVE: 1 0.10 INCH OR MORE: 3
MIN 32 OR BELOW: 0 0.50 INCH OR MORE: 1
MIN 0 OR BELOW: 0 1.00 INCH OR MORE: 0
[HDD (BASE 65) ]
TOTAL THIS MO. 78 CLEAR (SCALE 0-3) 9
DPTR FM NORMAL -79 PTCLDY (SCALE 4-7) 17
TOTAL FM JUL 1 1253 CLOUDY (SCALE 8-10) 5
DPTR FM NORMAL -245
[CDD (BASE 65) ]
TOTAL THIS MO. 104
DPTR FM NORMAL 37 [PRESSURE DATA]
TOTAL FM JAN 1 144 HIGHEST SLP 30.32 ON 10
DPTR FM NORMAL 44 LOWEST SLP 29.47 ON 25
[REMARKS]
#FINAL-03-24#