000
CXUS52 KGSP 011713
CF6CLT
PRELIMINARY LOCAL CLIMATOLOGICAL DATA (WS FORM: F-6)
STATION: CHARLOTTE NC
MONTH: NOVEMBER
YEAR: 2022
LATITUDE: 35 12 N
LONGITUDE: 80 57 W
TEMPERATURE IN F: :PCPN: SNOW: WIND :SUNSHINE: SKY :PK WND
================================================================================
1 2 3 4 5 6A 6B 7 8 9 10 11 12 13 14 15 16 17 18
12Z AVG MX 2MIN
DY MAX MIN AVG DEP HDD CDD WTR SNW DPTH SPD SPD DIR MIN PSBL S-S WX SPD DR
================================================================================
1 76 57 67 11 0 2 0.00 0.0 0 4.5 12 350 M M 7 1 15 10
2 71 53 62 7 3 0 T 0.0 0 6.6 15 60 M M 8 24 40
3 75 50 63 8 2 0 0.00 0.0 0 6.9 13 30 M M 2 23 60
4 78 50 64 9 1 0 T 0.0 0 7.2 12 120 M M 4 19 90
5 80 66 73 19 0 8 0.47 0.0 0 10.3 21 170 M M 9 1 26 160
6 76 67 72 18 0 7 0.93 0.0 0 6.9 17 190 M M 8 1 27 150
7 82 63 73 19 0 8 0.00 0.0 0 4.6 13 10 M M 6 1 19 50
8 74 53 64 11 1 0 0.00 0.0 0 11.2 21 40 M M 1 30 50
9 67 45 56 3 9 0 0.00 0.0 0 10.8 18 30 M M 5 25 50
10 64 54 59 6 6 0 0.22 0.0 0 11.8 18 50 M M 10 1 27 50
11 74 63 69 17 0 4 0.54 0.0 0 14.0 28 170 M M 9 1 35 160
12 74 60 67 15 0 2 T 0.0 0 8.2 17 220 M M 8 24 240
13 60 34 47 -5 18 0 0.00 0.0 0 11.1 21 350 M M 3 26 10
14 52 29 41 -11 24 0 0.00 0.0 0 6.9 14 60 M M 4 22 70
15 46 42 44 -7 21 0 0.35 0.0 0 7.5 15 340 M M 10 1 23 50
16 58 38 48 -3 17 0 0.00 0.0 0 5.1 14 350 M M 8 12 18 330
17 51 29 40 -11 25 0 0.00 0.0 0 4.2 13 360 M M 1 17 350
18 53 25 39 -11 26 0 0.00 0.0 0 3.7 12 210 M M 2 16 200
19 56 31 44 -6 21 0 0.00 0.0 0 5.1 15 230 M M 5 19 230
20 48 30 39 -11 26 0 0.00 0.0 0 4.9 12 340 M M 8 14 70
21 55 23 39 -11 26 0 0.00 0.0 0 2.7 8 330 M M 4 12 100
22 62 31 47 -3 18 0 T 0.0 0 1.6 8 60 M M 8 15 60
23 69 38 54 5 11 0 0.00 0.0 0 4.6 9 50 M M 3 16 60
24 66 36 51 2 14 0 0.03 0.0 0 5.4 12 70 M M 7 21 70
25 68 47 58 9 7 0 0.59 0.0 0 6.2 15 10 M M 9 1 20 20
26 65 37 51 3 14 0 0.00 0.0 0 5.9 15 80 M M 5 18 80
27 73 49 61 13 4 0 1.36 0.0 0 10.6 26 230 M M 6 1 34 220
28 66 44 55 7 10 0 0.00 0.0 0 4.7 12 360 M M 1 19 40
29 64 39 52 4 13 0 0.00 0.0 0 4.3 13 140 M M 3 16 140
30 62 42 52 4 13 0 1.33 0.0 0 8.5 17 310 M M 7 1 28 320
================================================================================
SM 1965 1325 330 31 5.82 0.0 206.0 M 171
================================================================================
AV 65.5 44.2 6.9 FASTST M M 6 MAX(MPH)
MISC ----> 28 170 35 160
================================================================================
NOTES:
# LAST OF SEVERAL OCCURRENCES
COLUMN 17 PEAK WIND IN M.P.H.
PRELIMINARY LOCAL CLIMATOLOGICAL DATA (WS FORM: F-6) , PAGE 2
STATION: CHARLOTTE NC
MONTH: NOVEMBER
YEAR: 2022
LATITUDE: 35 12 N
LONGITUDE: 80 57 W
[TEMPERATURE DATA] [PRECIPITATION DATA] SYMBOLS USED IN COLUMN 16
AVERAGE MONTHLY: 54.8 TOTAL FOR MONTH: 5.82 1 = FOG OR MIST
DPTR FM NORMAL: 3.4 DPTR FM NORMAL: 2.51 2 = FOG REDUCING VISIBILITY
HIGHEST: 82 ON 7 GRTST 24HR 1.36 ON 27-27 TO 1/4 MILE OR LESS
LOWEST: 23 ON 21 3 = THUNDER
SNOW, ICE PELLETS, HAIL 4 = ICE PELLETS
TOTAL MONTH: 0.0 INCH 5 = HAIL
GRTST 24HR 0.0 6 = FREEZING RAIN OR DRIZZLE
GRTST DEPTH: 0 7 = DUSTSTORM OR SANDSTORM:
VSBY 1/2 MILE OR LESS
8 = SMOKE OR HAZE
[NO. OF DAYS WITH] [WEATHER - DAYS WITH] 9 = BLOWING SNOW
X = TORNADO
MAX 32 OR BELOW: 0 0.01 INCH OR MORE: 9
MAX 90 OR ABOVE: 0 0.10 INCH OR MORE: 8
MIN 32 OR BELOW: 7 0.50 INCH OR MORE: 5
MIN 0 OR BELOW: 0 1.00 INCH OR MORE: 2
[HDD (BASE 65) ]
TOTAL THIS MO. 330 CLEAR (SCALE 0-3) 8
DPTR FM NORMAL -85 PTCLDY (SCALE 4-7) 16
TOTAL FM JUL 1 530 CLOUDY (SCALE 8-10) 6
DPTR FM NORMAL -50
[CDD (BASE 65) ]
TOTAL THIS MO. 31
DPTR FM NORMAL 25 [PRESSURE DATA]
TOTAL FM JAN 1 2004 HIGHEST SLP M ON M
DPTR FM NORMAL 237 LOWEST SLP M ON M
[REMARKS]
#FINAL-11-22#