000
CXUS52 KGSP 011436
CF6CLT
PRELIMINARY LOCAL CLIMATOLOGICAL DATA (WS FORM: F-6)
STATION: CHARLOTTE NC
MONTH: MARCH
YEAR: 2022
LATITUDE: 35 12 N
LONGITUDE: 80 57 W
TEMPERATURE IN F: :PCPN: SNOW: WIND :SUNSHINE: SKY :PK WND
================================================================================
1 2 3 4 5 6A 6B 7 8 9 10 11 12 13 14 15 16 17 18
12Z AVG MX 2MIN
DY MAX MIN AVG DEP HDD CDD WTR SNW DPTH SPD SPD DIR MIN PSBL S-S WX SPD DR
================================================================================
1 67 35 51 2 14 0 0.00 0.0 0 4.1 13 220 M M 3 17 210
2 78 37 58 9 7 0 0.00 0.0 0 4.4 14 240 M M 1 23 260
3 85 44 65 16 0 0 0.00 0.0 0 3.6 13 290 M M 1 17 60
4 64 48 56 6 9 0 0.00 0.0 0 8.9 18 70 M M 2 25 80
5 72 40 56 6 9 0 0.00 0.0 0 6.3 17 200 M M 7 18 21 210
6 80 58 69 19 0 4 0.00 0.0 0 9.5 20 220 M M 6 1 29 200
7 82 63 73 23 0 8 0.23 0.0 0 14.3 29 220 M M 8 1 39 220
8 64 51 58 7 7 0 1.31 0.0 0 7.9 16 80 M M 8 1 23 50
9 58 51 55 4 10 0 1.12 0.0 0 6.5 18 320 M M 10 13 29 60
10 52 45 49 -2 16 0 T 0.0 0 7.4 15 50 M M 10 8 23 70
11 65 36 51 0 14 0 0.07 0.0 0 5.0 16 170 M M 7 128 19 170
12 55 26 41 -11 24 0 1.17 0.0 0 12.8 28 320 M M 6 13 40 290
13 52 20 36 -16 29 0 0.00 0.0 0 5.5 17 190 M M 0 23 180
14 66 32 49 -3 16 0 0.00 0.0 0 6.0 15 170 M M 3 18 170
15 68 36 52 0 13 0 0.00 0.0 0 3.8 12 210 M M 6 15 200
16 62 50 56 3 9 0 0.80 0.0 0 6.6 16 10 M M 9 13 21 60
17 75 53 64 11 1 0 T 0.0 0 5.0 14 10 M M 7 1 16 360
18 74 48 61 8 4 0 T 0.0 0 6.7 25 140 M M 6 1 32 150
19 79 56 68 15 0 3 0.05 0.0 0 14.1 29 230 M M 6 1 41 220
20 69 42 56 2 9 0 0.00 0.0 0 7.4 20 340 M M 1 27 320
21 72 35 54 0 11 0 0.00 0.0 0 4.5 12 210 M M 3 17 230
22 75 49 62 8 3 0 0.00 0.0 0 8.3 18 170 M M 9 24 200
23 73 61 67 13 0 2 0.21 0.0 0 15.2 24 180 M M 9 1 31 170
24 69 54 62 7 3 0 0.00 0.0 0 9.6 18 210 M M 8 24 220
25 70 43 57 2 8 0 0.00 0.0 0 7.3 22 230 M M 4 31 230
26 65 40 53 -2 12 0 0.00 0.0 0 9.5 25 290 M M 1 36 270
27 64 34 49 -7 16 0 0.00 0.0 0 8.5 20 350 M M 1 30 350
28 66 28 47 -9 18 0 0.00 0.0 0 6.3 21 280 M M 3 30 290
29 60 43 52 -4 13 0 0.00 0.0 0 6.5 14 110 M M 7 23 110
30 76 47 62 6 3 0 T 0.0 0 9.2 29 170 M M 8 1 37 170
31 75 63 69 12 0 4 1.09 0.0 0 16.9 30 170 M M 7 1 38 160
================================================================================
SM 2132 1368 278 21 6.05 0.0 247.6 M 167
================================================================================
AV 68.8 44.1 8.0 FASTST M M 5 MAX(MPH)
MISC ----> 30 170 41 220
================================================================================
NOTES:
# LAST OF SEVERAL OCCURRENCES
COLUMN 17 PEAK WIND IN M.P.H.
PRELIMINARY LOCAL CLIMATOLOGICAL DATA (WS FORM: F-6) , PAGE 2
STATION: CHARLOTTE NC
MONTH: MARCH
YEAR: 2022
LATITUDE: 35 12 N
LONGITUDE: 80 57 W
[TEMPERATURE DATA] [PRECIPITATION DATA] SYMBOLS USED IN COLUMN 16
AVERAGE MONTHLY: 56.5 TOTAL FOR MONTH: 6.05 1 = FOG OR MIST
DPTR FM NORMAL: 3.8 DPTR FM NORMAL: 2.10 2 = FOG REDUCING VISIBILITY
HIGHEST: 85 ON 3 GRTST 24HR 2.43 ON 8- 9 TO 1/4 MILE OR LESS
LOWEST: 20 ON 13 3 = THUNDER
SNOW, ICE PELLETS, HAIL 4 = ICE PELLETS
TOTAL MONTH: 0.0 INCH 5 = HAIL
GRTST 24HR 0.0 6 = FREEZING RAIN OR DRIZZLE
GRTST DEPTH: 0 7 = DUSTSTORM OR SANDSTORM:
VSBY 1/2 MILE OR LESS
8 = SMOKE OR HAZE
[NO. OF DAYS WITH] [WEATHER - DAYS WITH] 9 = BLOWING SNOW
X = TORNADO
MAX 32 OR BELOW: 0 0.01 INCH OR MORE: 9
MAX 90 OR ABOVE: 0 0.10 INCH OR MORE: 7
MIN 32 OR BELOW: 4 0.50 INCH OR MORE: 5
MIN 0 OR BELOW: 0 1.00 INCH OR MORE: 4
[HDD (BASE 65) ]
TOTAL THIS MO. 278 CLEAR (SCALE 0-3) 10
DPTR FM NORMAL -114 PTCLDY (SCALE 4-7) 15
TOTAL FM JUL 1 2372 CLOUDY (SCALE 8-10) 6
DPTR FM NORMAL -483
[CDD (BASE 65) ]
TOTAL THIS MO. 21
DPTR FM NORMAL 11 [PRESSURE DATA]
TOTAL FM JAN 1 28 HIGHEST SLP M ON M
DPTR FM NORMAL 16 LOWEST SLP 29.41 ON 12
[REMARKS]
#FINAL-03-22#