000
CXUS51 KILN 022345
CF6CMH
PRELIMINARY LOCAL CLIMATOLOGICAL DATA (WS FORM: F-6)
STATION: COLUMBUS OH
MONTH: JANUARY
YEAR: 2021
LATITUDE: 40 0 N
LONGITUDE: 82 53 W
TEMPERATURE IN F: :PCPN: SNOW: WIND :SUNSHINE: SKY :PK WND
================================================================================
1 2 3 4 5 6A 6B 7 8 9 10 11 12 13 14 15 16 17 18
12Z AVG MX 2MIN
DY MAX MIN AVG DEP HDD CDD WTR SNW DPTH SPD SPD DIR MIN PSBL S-S WX SPD DR
================================================================================
1 51 27 39 9 26 0 1.04 T T 10.2 22 270 M M 9 146 30 270
2 47 37 42 12 23 0 T 0.0 0 6.4 24 250 M M 10 1 32 250
3 40 34 37 7 28 0 0.08 0.0 0 6.9 17 250 M M 10 12 20 230
4 36 29 33 3 32 0 0.00 0.0 0 3.5 9 230 M M 9 1 15 210
5 36 27 32 2 33 0 T T 0 5.8 16 310 M M 9 18 23 320
6 37 34 36 6 29 0 0.00 0.0 0 6.2 14 350 M M 10 18 20 330
7 37 32 35 5 30 0 0.00 0.0 0 7.8 15 50 M M 10 19 30
8 39 28 34 4 31 0 T T 0 10.6 18 340 M M 9 22 320
9 40 26 33 4 32 0 T T 0 5.8 13 40 M M 6 16 10
10 41 20 31 2 34 0 0.00 0.0 0 1.3 9 340 M M 2 18 11 340
11 32 24 28 -1 37 0 0.00 0.0 0 6.3 13 240 M M 9 18 16 220
12 29 23 26 -3 39 0 0.00 0.0 0 7.4 15 210 M M 8 18 19 220
13 45 22 34 5 31 0 0.00 0.0 0 6.9 17 190 M M 5 18 20 190
14 46 32 39 10 26 0 0.00 0.0 0 8.2 16 190 M M 8 20 190
15 43 30 37 8 28 0 0.24 0.2 0 8.0 22 240 M M 8 1 30 230
16 35 30 33 4 32 0 0.04 0.4 T 8.3 21 270 M M 10 1 23 260
17 35 31 33 4 32 0 0.07 0.6 0 9.1 16 270 M M 10 1 21 250
18 32 30 31 2 34 0 0.01 0.2 T 9.3 17 260 M M 10 1 22 270
19 39 24 32 3 33 0 T T T 8.8 21 260 M M 6 1 26 250
20 37 27 32 3 33 0 T T T 10.3 25 270 M M 8 18 35 280
21 48 28 38 9 27 0 0.00 0.0 0 12.5 25 280 M M 2 34 280
22 37 20 29 0 36 0 0.00 0.0 0 13.9 22 290 M M 6 30 290
23 31 16 24 -5 41 0 T T 0 6.5 18 330 M M 4 22 330
24 31 22 27 -3 38 0 0.01 T 0 6.9 16 110 M M 10 16 20 110
25 34 29 32 2 33 0 0.06 T T 5.9 14 60 M M 10 1 18 60
26 44 33 39 9 26 0 0.05 0.0 0 11.7 22 290 M M 10 12 30 260
27 34 25 30 0 35 0 T T 0 10.8 20 10 M M 10 8 23 10
28 25 19 22 -8 43 0 T T 0 11.5 20 350 M M 8 24 350
29 32 18 25 -5 40 0 T T 0 4.9 13 350 M M 5 15 310
30 35 20 28 -2 37 0 0.05 0.4 0 8.2 17 90 M M 8 1 22 90
31 36 28 32 2 33 0 0.60 2.3 3 10.3 20 110 M M 10 1 28 110
================================================================================
SM 1164 825 1012 0 2.25 4.1 250.2 M 249
================================================================================
AV 37.5 26.6 8.1 FASTST M M 8 MAX(MPH)
MISC ----> # 25 270 35 280
================================================================================
NOTES:
# LAST OF SEVERAL OCCURRENCES
COLUMN 17 PEAK WIND IN M.P.H.
PRELIMINARY LOCAL CLIMATOLOGICAL DATA (WS FORM: F-6) , PAGE 2
STATION: COLUMBUS OH
MONTH: JANUARY
YEAR: 2021
LATITUDE: 40 0 N
LONGITUDE: 82 53 W
[TEMPERATURE DATA] [PRECIPITATION DATA] SYMBOLS USED IN COLUMN 16
AVERAGE MONTHLY: 32.1 TOTAL FOR MONTH: 2.25 1 = FOG OR MIST
DPTR FM NORMAL: 2.5 DPTR FM NORMAL: -0.48 2 = FOG REDUCING VISIBILITY
HIGHEST: 51 ON 1 GRTST 24HR 1.04 ON 1- 1 TO 1/4 MILE OR LESS
LOWEST: 16 ON 23 3 = THUNDER
SNOW, ICE PELLETS, HAIL 4 = ICE PELLETS
TOTAL MONTH: 4.1 INCHES 5 = HAIL
GRTST 24HR 2.3 ON 31-31 6 = FREEZING RAIN OR DRIZZLE
GRTST DEPTH: 3 ON 31 7 = DUSTSTORM OR SANDSTORM:
VSBY 1/2 MILE OR LESS
8 = SMOKE OR HAZE
[NO. OF DAYS WITH] [WEATHER - DAYS WITH] 9 = BLOWING SNOW
X = TORNADO
MAX 32 OR BELOW: 7 0.01 INCH OR MORE: 11
MAX 90 OR ABOVE: 0 0.10 INCH OR MORE: 3
MIN 32 OR BELOW: 27 0.50 INCH OR MORE: 2
MIN 0 OR BELOW: 0 1.00 INCH OR MORE: 1
[HDD (BASE 65) ]
TOTAL THIS MO. 1012 CLEAR (SCALE 0-3) 2
DPTR FM NORMAL -89 PTCLDY (SCALE 4-7) 10
TOTAL FM JUL 1 2861 CLOUDY (SCALE 8-10) 19
DPTR FM NORMAL -231
[CDD (BASE 65) ]
TOTAL THIS MO. 0
DPTR FM NORMAL 0 [PRESSURE DATA]
TOTAL FM JAN 1 0 HIGHEST SLP 30.58 ON 28
DPTR FM NORMAL 0 LOWEST SLP 29.53 ON 15
[REMARKS]
#FINAL-01-21#