000
CXUS53 KTOP 010810
CF6CNK
PRELIMINARY LOCAL CLIMATOLOGICAL DATA (WS FORM: F-6)
STATION: CONCORDIA KS
MONTH: JUNE
YEAR: 2022
LATITUDE: 39 32 N
LONGITUDE: 97 39 W
TEMPERATURE IN F: :PCPN: SNOW: WIND :SUNSHINE: SKY :PK WND
================================================================================
1 2 3 4 5 6A 6B 7 8 9 10 11 12 13 14 15 16 17 18
12Z AVG MX 2MIN
DY MAX MIN AVG DEP HDD CDD WTR SNW DPTH SPD SPD DIR MIN PSBL S-S WX SPD DR
================================================================================
1 74 54 64 -6 1 0 0.00 M M 8.3 20 30 M M 6 3 28 30
2 81 47 64 -6 1 0 0.00 M M 5.5 12 210 M M 0 15 210
3 84 55 70 -1 0 5 0.00 M M 9.7 20 180 M M 0 33 210
4 82 63 73 2 0 8 0.71 M M 11.5 25 290 M M 5 13 31 280
5 84 64 74 3 0 9 0.63 M M 8.3 32 170 M M 3 13 41 160
6 88 64 76 4 0 11 T M M 4.6 20 150 M M 2 13 24 150
7 86 64 75 3 0 10 0.55 M M 7.8 47 300 M M 4 13 72 310
8 80 63 72 0 0 7 T M M 8.0 18 340 M M 3 3 26 350
9 80 62 71 -2 0 6 0.01 M M 9.2 28 190 M M 3 3 40 190
10 88 63 76 3 0 11 0.00 M M 5.5 23 180 M M 4 29 180
11 100 66 83 10 0 18 0.00 M M 11.9 31 70 M M 0 3 48 30
12 93 71 82 8 0 17 T M M 12.0 35 140 M M 1 3 49 140
13 105 79 92 18 0 27 0.00 M M 21.8 37 180 M M 0 49 180
14 97 80 89 15 0 24 0.00 M M 20.9 37 180 M M 1 52 180
15 85 67 76 1 0 11 0.00 M M 8.9 26 340 M M 1 18 36 350
16 98 64 81 6 0 16 0.00 M M 5.6 14 90 M M 1 1 20 90
17 101 74 88 13 0 23 0.00 M M 11.1 18 160 M M 0 25 160
18 99 76 88 13 0 23 0.00 M M 14.4 23 150 M M 0 31 170
19 98 73 86 10 0 21 0.00 M M 15.6 26 180 M M 0 36 180
20 99 79 89 13 0 24 0.00 M M 20.0 31 190 M M 1 42 180
21 97 71 84 8 0 19 0.04 M M 9.2 22 190 M M 0 3 30 170
22 84 70 77 1 0 12 T M M 5.6 13 140 M M 2 16 140
23 88 68 78 2 0 13 0.63 M M 12.9 31 150 M M 5 13 38 160
24 96 68 82 5 0 17 0.08 M M 12.4 25 180 M M 3 3 37 180
25 87 68 78 1 0 13 T M M 11.2 28 10 M M 3 3 37 10
26 80 60 70 -7 0 5 0.00 M M 8.7 17 360 M M 0 24 350
27 83 57 70 -7 0 5 0.00 M M 5.6 13 140 M M 2 17 130
28 90 59 75 -3 0 10 0.00 M M 11.8 20 200 M M 0 28 200
29 96 64 80 2 0 15 0.00 M M 15.5 28 180 M M 0 40 170
30 99 71 85 7 0 20 0.00 M M 14.0 28 180 M M 0 8 39 180
================================================================================
SM 2702 1984 2 400 2.65 M 327.5 M 50
================================================================================
AV 90.1 66.1 10.9 FASTST M M 2 MAX(MPH)
MISC ----> 47 300 72 310
================================================================================
NOTES:
# LAST OF SEVERAL OCCURRENCES
COLUMN 17 PEAK WIND IN M.P.H.
PRELIMINARY LOCAL CLIMATOLOGICAL DATA (WS FORM: F-6) , PAGE 2
STATION: CONCORDIA KS
MONTH: JUNE
YEAR: 2022
LATITUDE: 39 32 N
LONGITUDE: 97 39 W
[TEMPERATURE DATA] [PRECIPITATION DATA] SYMBOLS USED IN COLUMN 16
AVERAGE MONTHLY: 78.1 TOTAL FOR MONTH: 2.65 1 = FOG OR MIST
DPTR FM NORMAL: 3.7 DPTR FM NORMAL: -1.18 2 = FOG REDUCING VISIBILITY
HIGHEST: 105 ON 13 GRTST 24HR 1.29 ON 4- 5 TO 1/4 MILE OR LESS
LOWEST: 47 ON 2 3 = THUNDER
SNOW, ICE PELLETS, HAIL 4 = ICE PELLETS
TOTAL MONTH: M 5 = HAIL
GRTST 24HR M ON M 6 = FREEZING RAIN OR DRIZZLE
GRTST DEPTH: M ON M 7 = DUSTSTORM OR SANDSTORM:
VSBY 1/2 MILE OR LESS
8 = SMOKE OR HAZE
[NO. OF DAYS WITH] [WEATHER - DAYS WITH] 9 = BLOWING SNOW
X = TORNADO
MAX 32 OR BELOW: 0 0.01 INCH OR MORE: 7
MAX 90 OR ABOVE: 14 0.10 INCH OR MORE: 4
MIN 32 OR BELOW: 0 0.50 INCH OR MORE: 4
MIN 0 OR BELOW: 0 1.00 INCH OR MORE: 0
[HDD (BASE 65) ]
TOTAL THIS MO. 2 CLEAR (SCALE 0-3) 22
DPTR FM NORMAL -8 PTCLDY (SCALE 4-7) 8
TOTAL FM JUL 1 4585 CLOUDY (SCALE 8-10) 0
DPTR FM NORMAL -725
[CDD (BASE 65) ]
TOTAL THIS MO. 400
DPTR FM NORMAL 108 [PRESSURE DATA]
TOTAL FM JAN 1 605 HIGHEST SLP M ON M
DPTR FM NORMAL 212 LOWEST SLP 29.48 ON 11
[REMARKS]
#FINAL-06-22#