000
CXUS54 KMAF 011728
CF6CNM
PRELIMINARY LOCAL CLIMATOLOGICAL DATA (WS FORM: F-6)
STATION: CARLSBAD
MONTH: NOVEMBER
YEAR: 2023
LATITUDE: 32 20 N
LONGITUDE: 104 15 W
TEMPERATURE IN F: :PCPN: SNOW: WIND :SUNSHINE: SKY :PK WND
================================================================================
1 2 3 4 5 6A 6B 7 8 9 10 11 12 13 14 15 16 17 18
12Z AVG MX 2MIN
DY MAX MIN AVG DEP HDD CDD WTR SNW DPTH SPD SPD DIR MIN PSBL S-S WX SPD DR
================================================================================
1 61 29 45 -12 20 0 0.00 M M 7.9 15 130 M M 0 21 150
2 73 30 52 -4 13 0 0.00 M M 5.0 13 250 M M 0 16 150
3 82 35 59 3 6 0 0.00 M M 5.8 17 270 M M 0 21 280
4 81 38 60 4 5 0 0.00 M M 4.9 12 250 M M 0 13 140
5 81 47 64 9 1 0 0.00 M M 6.3 13 140 M M 0 16 350
6 87 47 67 12 0 2 0.00 M M 10.2 33 250 M M 0 42 260
7 88 52 70 16 0 5 0.00 M M 11.9 30 260 M M 0 39 270
8 86 59 73 19 0 8 T M M 15.0 36 260 M M 1 47 260
9 64 49 57 3 8 0 T M M 9.8 26 30 M M 9 36 20
10 49 40 45 -8 20 0 0.16 M M 8.8 18 350 M M 10 1 21 350
11 56 42 49 -4 16 0 0.00 M M 7.3 13 170 M M 5 17 170
12 60 36 48 -5 17 0 0.00 M M 4.4 13 130 M M 6 128 19 170
13 54 52 53 1 12 0 0.18 M M 4.7 12 160 M M 10 1 15 170
14 60 48 54 2 11 0 0.00 M M 8.6 14 160 M M 6 1 19 180
15 62 49 56 5 9 0 0.00 M M 5.3 12 170 M M 5 1 15 180
16 68 47 58 7 7 0 0.00 M M 4.2 23 270 M M 2 12 30 250
17 73 52 63 12 2 0 0.00 M M 5.5 17 360 M M 1 21 360
18 65 53 59 9 6 0 0.00 M M 10.5 18 170 M M 2 24 160
19 73 45 59 9 6 0 0.00 M M 14.7 36 270 M M 1 12 45 260
20 65 43 54 4 11 0 0.00 M M 12.3 29 330 M M 3 38 330
21 58 39 49 0 16 0 0.00 M M 12.3 24 360 M M 0 34 350
22 64 30 47 -2 18 0 0.00 M M 4.3 12 170 M M 0 18 140
23 65 30 48 -1 17 0 0.00 M M 4.8 13 140 M M 0 17 140
24 50 36 43 -5 22 0 0.00 M M 13.2 30 320 M M 1 38 320
25 58 38 48 0 17 0 0.00 M M 7.5 25 350 M M 6 33 350
26 48 32 40 -8 25 0 0.00 M M 5.9 17 330 M M 3 20 330
27 52 28 40 -7 25 0 0.00 M M 5.0 14 140 M M 1 8 20 170
28 57 28 43 -4 22 0 0.00 M M 4.7 12 140 M M 0 15 150
29 63 36 50 3 15 0 0.00 M M 5.5 13 150 M M 0 17 150
30 63 40 52 6 13 0 0.00 M M 16.7 49 260 M M 3 128 64 260
================================================================================
SM 1966 1230 360 15 0.34 M 243.0 M 75
================================================================================
AV 65.5 41.0 8.1 FASTST M M 3 MAX(MPH)
MISC ----> 49 260 64 260
================================================================================
NOTES:
# LAST OF SEVERAL OCCURRENCES
COLUMN 17 PEAK WIND IN M.P.H.
PRELIMINARY LOCAL CLIMATOLOGICAL DATA (WS FORM: F-6) , PAGE 2
STATION: CARLSBAD
MONTH: NOVEMBER
YEAR: 2023
LATITUDE: 32 20 N
LONGITUDE: 104 15 W
[TEMPERATURE DATA] [PRECIPITATION DATA] SYMBOLS USED IN COLUMN 16
AVERAGE MONTHLY: 53.3 TOTAL FOR MONTH: 0.34 1 = FOG OR MIST
DPTR FM NORMAL: 1.9 DPTR FM NORMAL: -0.19 2 = FOG REDUCING VISIBILITY
HIGHEST: 88 ON 7 GRTST 24HR 0.18 ON 13-13 TO 1/4 MILE OR LESS
LOWEST: 28 ON 28,27 3 = THUNDER
SNOW, ICE PELLETS, HAIL 4 = ICE PELLETS
TOTAL MONTH: M 5 = HAIL
GRTST 24HR M ON M 6 = FREEZING RAIN OR DRIZZLE
GRTST DEPTH: M ON M 7 = DUSTSTORM OR SANDSTORM:
VSBY 1/2 MILE OR LESS
8 = SMOKE OR HAZE
[NO. OF DAYS WITH] [WEATHER - DAYS WITH] 9 = BLOWING SNOW
X = TORNADO
MAX 32 OR BELOW: 0 0.01 INCH OR MORE: 2
MAX 90 OR ABOVE: 0 0.10 INCH OR MORE: 2
MIN 32 OR BELOW: 7 0.50 INCH OR MORE: 0
MIN 0 OR BELOW: 0 1.00 INCH OR MORE: 0
[HDD (BASE 65) ]
TOTAL THIS MO. 360 CLEAR (SCALE 0-3) 21
DPTR FM NORMAL -51 PTCLDY (SCALE 4-7) 6
TOTAL FM JUL 1 451 CLOUDY (SCALE 8-10) 3
DPTR FM NORMAL -87
[CDD (BASE 65) ]
TOTAL THIS MO. 15
DPTR FM NORMAL 12 [PRESSURE DATA]
TOTAL FM JAN 1 2756 HIGHEST SLP 30.48 ON 21
DPTR FM NORMAL 561 LOWEST SLP 29.58 ON 19
[REMARKS]
#FINAL-11-23#