000
CXUS53 KICT 082307
CF6CNU
PRELIMINARY LOCAL CLIMATOLOGICAL DATA (WS FORM: F-6)
STATION: CHANUTE KS
MONTH: DECEMBER
YEAR: 2021
LATITUDE: 37 40 N
LONGITUDE: 95 29 W
TEMPERATURE IN F: :PCPN: SNOW: WIND :SUNSHINE: SKY :PK WND
================================================================================
1 2 3 4 5 6A 6B 7 8 9 10 11 12 13 14 15 16 17 18
12Z AVG MX 2MIN
DY MAX MIN AVG DEP HDD CDD WTR SNW DPTH SPD SPD DIR MIN PSBL S-S WX SPD DR
================================================================================
1 69 37 53 12 12 0 0.00 M M 6.3 14 230 M M 0 19 240
2 78 43 61 20 4 0 0.00 M M 8.0 15 200 M M 0 19 230
3 74 45 60 20 5 0 0.00 M M 7.5 14 30 M M 0 21 40
4 59 44 52 12 13 0 0.00 M M 9.4 16 50 M M 3 24 80
5 72 47 60 20 5 0 0.00 M M 14.3 35 350 M M 5 18 47 350
6 47 27 37 -2 28 0 0.00 M M 13.2 33 350 M M 0 48 360
7 42 26 34 -5 31 0 0.00 M M 7.2 17 180 M M 3 24 140
8 57 27 42 3 23 0 0.00 M M 9.4 22 160 M M 0 30 160
9 70 37 54 16 11 0 0.00 M M 11.3 31 190 M M 0 44 190
10 71 36 54 16 11 0 0.11 M M 15.3 32 310 M M 3 12 51 310
11 50 31 41 3 24 0 0.00 M M 12.6 28 300 M M 2 40 300
12 55 30 43 5 22 0 0.00 M M 13.1 26 190 M M 0 36 180
13 64 38 51 13 14 0 0.00 M M 12.0 20 180 M M 0 28 190
14 68 48 58 21 7 0 0.00 M M 16.4 28 180 M M 4 35 190
15 77 54 66 29 0 1 0.41 M M 22.8 40 190 M M 8 138 61 210
16 54 35 45 8 20 0 0.00 M M 7.2 18 330 M M 1 8 28 330
17 53 36 45 9 20 0 0.03 M M 7.2 15 350 M M 8 1 20 10
18 45 29 37 1 28 0 0.00 M M 11.0 20 340 M M 7 25 340
19 40 27 34 -2 31 0 0.00 M M 7.3 14 190 M M 5 23 180
20 55 27 41 5 24 0 0.00 M M 8.0 18 200 M M 0 23 200
21 58 22 40 4 25 0 0.00 M M 3.5 16 350 M M 0 22 350
22 58 23 41 5 24 0 0.00 M M 8.6 18 210 M M 0 24 200
23 57 40 49 14 16 0 0.00 M M 10.3 16 180 M M 3 1 22 190
24 80 49 65 30 0 0 T M M 16.3 29 210 M M 1 38 210
25 69 40 55 20 10 0 0.00 M M 4.3 20 240 M M 0 34 240
26 75 40 58 23 7 0 0.00 M M 12.2 26 190 M M 1 38 190
27 65 42 54 19 11 0 0.00 M M 9.2 21 330 M M 0 31 360
28 65 34 50 15 15 0 1.34 M M 12.3 24 100 M M 4 13 31 100
29 38 29 34 0 31 0 0.00 M M 7.6 15 60 M M 7 18 22 40
30 45 32 39 5 26 0 0.00 M M 5.6 13 160 M M 6 1 16 160
31 66 38 52 18 13 0 0.00 M M 12.3 22 220 M M 0 1 29 220
================================================================================
SM 1876 1113 511 1 1.89 M 321.7 M 71
================================================================================
AV 60.5 35.9 10.4 FASTST M M 2 MAX(MPH)
MISC ----> 40 190 61 210
================================================================================
NOTES:
# LAST OF SEVERAL OCCURRENCES
COLUMN 17 PEAK WIND IN M.P.H.
PRELIMINARY LOCAL CLIMATOLOGICAL DATA (WS FORM: F-6) , PAGE 2
STATION: CHANUTE KS
MONTH: DECEMBER
YEAR: 2021
LATITUDE: 37 40 N
LONGITUDE: 95 29 W
[TEMPERATURE DATA] [PRECIPITATION DATA] SYMBOLS USED IN COLUMN 16
AVERAGE MONTHLY: 48.2 TOTAL FOR MONTH: 1.89 1 = FOG OR MIST
DPTR FM NORMAL: 11.1 DPTR FM NORMAL: 0.18 2 = FOG REDUCING VISIBILITY
HIGHEST: 80 ON 24 GRTST 24HR 1.34 ON 28-28 TO 1/4 MILE OR LESS
LOWEST: 22 ON 21 3 = THUNDER
SNOW, ICE PELLETS, HAIL 4 = ICE PELLETS
TOTAL MONTH: M 5 = HAIL
GRTST 24HR M ON M 6 = FREEZING RAIN OR DRIZZLE
GRTST DEPTH: M ON M 7 = DUSTSTORM OR SANDSTORM:
VSBY 1/2 MILE OR LESS
8 = SMOKE OR HAZE
[NO. OF DAYS WITH] [WEATHER - DAYS WITH] 9 = BLOWING SNOW
X = TORNADO
MAX 32 OR BELOW: 0 0.01 INCH OR MORE: 4
MAX 90 OR ABOVE: 0 0.10 INCH OR MORE: 3
MIN 32 OR BELOW: 12 0.50 INCH OR MORE: 1
MIN 0 OR BELOW: 0 1.00 INCH OR MORE: 1
[HDD (BASE 65) ]
TOTAL THIS MO. 511 CLEAR (SCALE 0-3) 20
DPTR FM NORMAL -355 PTCLDY (SCALE 4-7) 9
TOTAL FM JUL 1 1096 CLOUDY (SCALE 8-10) 2
DPTR FM NORMAL -567
[CDD (BASE 65) ]
TOTAL THIS MO. 1
DPTR FM NORMAL 1 [PRESSURE DATA]
TOTAL FM JAN 1 1929 HIGHEST SLP 30.43 ON 19
DPTR FM NORMAL 219 LOWEST SLP 29.37 ON 10
[REMARKS]
#FINAL-12-21#