000
CXUS55 KRIW 011010
CF6COD
PRELIMINARY LOCAL CLIMATOLOGICAL DATA (WS FORM: F-6)
STATION: CODY WY
MONTH: JUNE
YEAR: 2023
LATITUDE: 44 31 N
LONGITUDE: 109 1 W
TEMPERATURE IN F: :PCPN: SNOW: WIND :SUNSHINE: SKY :PK WND
================================================================================
1 2 3 4 5 6A 6B 7 8 9 10 11 12 13 14 15 16 17 18
12Z AVG MX 2MIN
DY MAX MIN AVG DEP HDD CDD WTR SNW DPTH SPD SPD DIR MIN PSBL S-S WX SPD DR
================================================================================
1 72 48 60 2 5 0 0.26 M M 6.3 18 310 M M 3 3 26 240
2 62 51 57 -1 8 0 0.21 M M 8.7 15 30 M M 8 20 30
3 65 51 58 -1 7 0 0.41 M M 3.1 8 60 M M 9 1 M M
4 70 54 62 3 3 0 0.40 M M 5.1 15 140 M M 9 1 21 130
5 75 52 64 5 1 0 0.01 M M 5.3 10 230 M M 1 17 130
6 78 56 67 8 0 2 0.01 M M 5.0 18 20 M M 2 3 29 20
7 76 53 65 5 0 0 0.01 M M 4.0 14 210 M M 2 3 20 290
8 71 53 62 2 3 0 T M M 3.8 16 230 M M 5 3 26 260
9 75 51 63 3 2 0 0.00 M M 5.2 13 360 M M 2 3 M M
10 64 53 59 -1 6 0 0.12 M M 5.3 26 20 M M 7 1 33 20
11 63 52 58 -3 7 0 0.68 M M 4.1 12 130 M M 8 13 16 220
12 66 53 60 -1 5 0 0.01 M M 4.7 13 10 M M 9 3 16 310
13 72 50 61 0 4 0 0.00 M M 5.8 20 230 M M 4 3 29 240
14 76 53 65 3 0 0 0.00 M M 8.6 16 10 M M 3 24 20
15 61 49 55 -7 10 0 T M M 10.2 17 10 M M 4 25 10
16 60 47 54 -8 11 0 0.33 M M 7.3 14 140 M M 7 1 20 130
17 69 42 56 -7 9 0 0.00 M M 7.1 16 230 M M 2 31 210
18 77 55 66 3 0 1 T M M 10.5 24 220 M M 2 40 210
19 65 53 59 -4 6 0 0.14 M M 6.8 16 230 M M 9 13 30 230
20 60 47 54 -10 11 0 0.09 M M 4.4 12 120 M M 6 M M
21 63 42 53 -11 12 0 0.16 M M 7.5 20 360 M M 5 13 27 360
22 66 43 55 -9 10 0 T M M 4.9 12 80 M M 6 M M
23 61 48 55 -10 10 0 0.21 M M 6.1 14 250 M M 6 13 27 270
24 65 47 56 -9 9 0 0.25 M M 7.9 16 210 M M 7 3 23 340
25 73 45 59 -6 6 0 T M M 4.6 9 80 M M 2 3 16 230
26 71 51 61 -5 4 0 T M M 7.2 17 320 M M 2 3 31 320
27 69 48 59 -7 6 0 T M M 6.6 17 230 M M 2 30 220
28 72 50 61 -5 4 0 T M M 6.0 15 350 M M 4 17 360
29 73 49 61 -5 4 0 0.00 M M 4.2 14 10 M M 0 M M
30 78 52 65 -2 0 0 0.00 M M 5.0 12 20 M M 0 17 230
================================================================================
SM 2068 1498 163 3 3.30 M 181.3 M 136
================================================================================
AV 68.9 49.9 6.0 FASTST M M 5 MAX(MPH)
MISC ----> 26 20 40 210
================================================================================
NOTES:
# LAST OF SEVERAL OCCURRENCES
COLUMN 17 PEAK WIND IN M.P.H.
PRELIMINARY LOCAL CLIMATOLOGICAL DATA (WS FORM: F-6) , PAGE 2
STATION: CODY WY
MONTH: JUNE
YEAR: 2023
LATITUDE: 44 31 N
LONGITUDE: 109 1 W
[TEMPERATURE DATA] [PRECIPITATION DATA] SYMBOLS USED IN COLUMN 16
AVERAGE MONTHLY: 59.4 TOTAL FOR MONTH: 3.30 1 = FOG OR MIST
DPTR FM NORMAL: -2.8 DPTR FM NORMAL: M 2 = FOG REDUCING VISIBILITY
HIGHEST: 78 ON 30, 6 GRTST 24HR 0.68 ON 11-11 TO 1/4 MILE OR LESS
LOWEST: 42 ON 21,17 3 = THUNDER
SNOW, ICE PELLETS, HAIL 4 = ICE PELLETS
TOTAL MONTH: M 5 = HAIL
GRTST 24HR M ON M 6 = FREEZING RAIN OR DRIZZLE
GRTST DEPTH: M ON M 7 = DUSTSTORM OR SANDSTORM:
VSBY 1/2 MILE OR LESS
8 = SMOKE OR HAZE
[NO. OF DAYS WITH] [WEATHER - DAYS WITH] 9 = BLOWING SNOW
X = TORNADO
MAX 32 OR BELOW: 0 0.01 INCH OR MORE: 16
MAX 90 OR ABOVE: 0 0.10 INCH OR MORE: 11
MIN 32 OR BELOW: 0 0.50 INCH OR MORE: 1
MIN 0 OR BELOW: 0 1.00 INCH OR MORE: 0
[HDD (BASE 65) ]
TOTAL THIS MO. 163 CLEAR (SCALE 0-3) 12
DPTR FM NORMAL 82 PTCLDY (SCALE 4-7) 12
TOTAL FM JUL 1 7690 CLOUDY (SCALE 8-10) 6
DPTR FM NORMAL 1059
[CDD (BASE 65) ]
TOTAL THIS MO. 3
DPTR FM NORMAL 3 [PRESSURE DATA]
TOTAL FM JAN 1 10 HIGHEST SLP M ON M
DPTR FM NORMAL 10 LOWEST SLP M ON M
[REMARKS]
#FINAL-06-23#