000
CXUS55 KRIW 011010
CF6COD
PRELIMINARY LOCAL CLIMATOLOGICAL DATA (WS FORM: F-6)
STATION: CODY WY
MONTH: AUGUST
YEAR: 2023
LATITUDE: 44 31 N
LONGITUDE: 109 1 W
TEMPERATURE IN F: :PCPN: SNOW: WIND :SUNSHINE: SKY :PK WND
================================================================================
1 2 3 4 5 6A 6B 7 8 9 10 11 12 13 14 15 16 17 18
12Z AVG MX 2MIN
DY MAX MIN AVG DEP HDD CDD WTR SNW DPTH SPD SPD DIR MIN PSBL S-S WX SPD DR
================================================================================
1 88 59 74 3 0 9 0.00 M M 7.1 18 180 M M 1 M M
2 79 62 71 0 0 6 0.00 M M 6.6 16 170 M M 3 18 160
3 68 58 63 -8 2 0 0.15 M M 5.5 12 30 M M 10 M M
4 74 59 67 -4 0 2 0.07 M M 7.9 18 10 M M 7 3 25 10
5 70 55 63 -8 2 0 0.00 M M 7.8 17 340 M M 5 24 10
6 75 51 63 -7 2 0 1.09 M M 4.7 29 120 M M 3 13 35 130
7 69 50 60 -10 5 0 0.11 M M 4.9 24 220 M M 5 3 29 220
8 72 54 63 -7 2 0 0.00 M M 5.5 14 240 M M 3 21 240
9 82 57 70 0 0 5 0.00 M M 8.7 16 200 M M 1 22 270
10 83 58 71 1 0 6 0.01 M M 7.3 17 250 M M 4 3 25 250
11 81 56 69 -1 0 4 0.02 M M 5.6 12 30 M M 0 M M
12 81 56 69 -1 0 4 0.00 M M 8.4 21 350 M M 3 40 360
13 70 53 62 -7 3 0 0.00 M M 10.5 17 30 M M 3 29 350
14 83 49 66 -3 0 1 0.00 M M 7.0 12 120 M M 0 16 110
15 93 54 74 5 0 9 0.00 M M 4.7 10 90 M M 0 M M
16 90 64 77 8 0 12 0.00 M M 8.1 16 290 M M 0 23 290
17 97 58 78 9 0 13 0.00 M M 6.6 10 260 M M 0 36 230
18 91 74 83 15 0 18 0.00 M M 12.3 20 250 M M 0 36 240
19 75 55 65 -3 0 0 0.01 M M 8.0 15 40 M M 4 23 350
20 72 51 62 -6 3 0 T M M 4.4 8 40 M M 6 M M
21 90 56 73 5 0 8 0.01 M M 6.0 22 270 M M 2 3 56 200
22 89 60 75 8 0 10 T M M 7.1 21 220 M M 2 8 44 260
23 85 62 74 7 0 9 0.00 M M 7.3 17 270 M M 1 8 25 270
24 87 58 73 6 0 8 0.00 M M 7.3 16 230 M M 2 22 260
25 81 56 69 2 0 4 0.00 M M 8.7 16 130 M M 0 24 110
26 83 59 71 5 0 6 0.16 M M 5.4 14 20 M M 1 38 21 310
27 80 59 70 4 0 5 0.01 M M 7.2 18 280 M M 2 27 310
28 82 57 70 4 0 5 0.00 M M 3.8 10 120 M M 1 M M
29 89 55 72 7 0 7 0.00 M M 8.5 16 170 M M 0 20 110
30 84 56 70 5 0 5 0.00 M M 9.2 18 270 M M 0 35 230
31 84 52 68 3 0 3 0.00 M M 6.9 14 250 M M 0 22 260
================================================================================
SM 2527 1763 19 159 1.64 M 219.0 M 69
================================================================================
AV 81.5 56.9 7.1 FASTST M M 2 MAX(MPH)
MISC ----> 29 120 56 200
================================================================================
NOTES:
# LAST OF SEVERAL OCCURRENCES
COLUMN 17 PEAK WIND IN M.P.H.
PRELIMINARY LOCAL CLIMATOLOGICAL DATA (WS FORM: F-6) , PAGE 2
STATION: CODY WY
MONTH: AUGUST
YEAR: 2023
LATITUDE: 44 31 N
LONGITUDE: 109 1 W
[TEMPERATURE DATA] [PRECIPITATION DATA] SYMBOLS USED IN COLUMN 16
AVERAGE MONTHLY: 69.2 TOTAL FOR MONTH: 1.64 1 = FOG OR MIST
DPTR FM NORMAL: 0.7 DPTR FM NORMAL: M 2 = FOG REDUCING VISIBILITY
HIGHEST: 97 ON 17 GRTST 24HR 1.09 ON 6- 6 TO 1/4 MILE OR LESS
LOWEST: 49 ON 14 3 = THUNDER
SNOW, ICE PELLETS, HAIL 4 = ICE PELLETS
TOTAL MONTH: M 5 = HAIL
GRTST 24HR M ON M 6 = FREEZING RAIN OR DRIZZLE
GRTST DEPTH: M ON M 7 = DUSTSTORM OR SANDSTORM:
VSBY 1/2 MILE OR LESS
8 = SMOKE OR HAZE
[NO. OF DAYS WITH] [WEATHER - DAYS WITH] 9 = BLOWING SNOW
X = TORNADO
MAX 32 OR BELOW: 0 0.01 INCH OR MORE: 10
MAX 90 OR ABOVE: 5 0.10 INCH OR MORE: 4
MIN 32 OR BELOW: 0 0.50 INCH OR MORE: 1
MIN 0 OR BELOW: 0 1.00 INCH OR MORE: 1
[HDD (BASE 65) ]
TOTAL THIS MO. 19 CLEAR (SCALE 0-3) 23
DPTR FM NORMAL 19 PTCLDY (SCALE 4-7) 7
TOTAL FM JUL 1 53 CLOUDY (SCALE 8-10) 1
DPTR FM NORMAL 53
[CDD (BASE 65) ]
TOTAL THIS MO. 159
DPTR FM NORMAL 52 [PRESSURE DATA]
TOTAL FM JAN 1 324 HIGHEST SLP M ON M
DPTR FM NORMAL 324 LOWEST SLP M ON M
[REMARKS]
#FINAL-08-23#