000
CXUS51 KGYX 030208
CF6CON
PRELIMINARY LOCAL CLIMATOLOGICAL DATA (WS FORM: F-6)
STATION: CONCORD NH
MONTH: DECEMBER
YEAR: 2022
LATITUDE: 43 12 N
LONGITUDE: 71 30 W
TEMPERATURE IN F: :PCPN: SNOW: WIND :SUNSHINE: SKY :PK WND
================================================================================
1 2 3 4 5 6A 6B 7 8 9 10 11 12 13 14 15 16 17 18
12Z AVG MX 2MIN
DY MAX MIN AVG DEP HDD CDD WTR SNW DPTH SPD SPD DIR MIN PSBL S-S WX SPD DR
================================================================================
1 40 28 34 1 31 0 T T 0 11.0 26 270 M M 5 37 270
2 43 20 32 -1 33 0 0.00 0.0 0 7.2 13 90 M M 1 14 90
3 54 34 44 12 21 0 0.24 0.0 0 10.2 26 260 M M 8 1 38 280
4 41 20 31 -1 34 0 0.00 0.0 0 10.9 22 300 M M 3 31 310
5 47 17 32 0 33 0 0.00 0.0 0 6.4 16 130 M M 0 23 110
6 52 31 42 11 23 0 0.10 0.0 0 6.5 13 150 M M 9 24 120
7 52 46 49 18 16 0 0.81 0.0 0 5.9 13 360 M M 10 12 30 100
8 49 31 40 9 25 0 0.00 0.0 0 13.8 28 340 M M 3 37 350
9 44 23 34 4 31 0 0.00 0.0 0 10.9 22 360 M M 0 30 350
10 37 22 30 0 35 0 0.00 0.0 0 7.2 14 20 M M 7 21 10
11 26 20 23 -7 42 0 0.12 1.1 0 7.0 13 20 M M 8 1 20 20
12 34 15 25 -4 40 0 0.04 0.4 1 7.8 17 10 M M 4 1 21 20
13 37 11 24 -5 41 0 0.00 0.0 1 11.6 24 350 M M 2 32 340
14 33 18 26 -3 39 0 T T 1 14.3 30 340 M M 2 8 46 330
15 43 23 33 5 32 0 0.01 0.0 1 6.3 15 70 M M 8 1 20 10
16 34 32 33 5 32 0 0.61 3.2 1 10.1 16 10 M M 10 12 24 30
17 38 32 35 7 30 0 0.23 0.4 3 10.6 20 340 M M 10 1 29 300
18 37 22 30 2 35 0 0.00 0.0 2 7.8 18 350 M M 5 1 24 330
19 37 20 29 2 36 0 0.00 0.0 2 11.5 24 340 M M 5 36 340
20 36 18 27 0 38 0 0.00 0.0 2 11.6 22 330 M M 1 33 330
21 36 15 26 -1 39 0 0.00 0.0 2 3.2 10 20 M M 1 18 20
22 38 17 28 2 37 0 0.36 0.0 2 5.5 14 70 M M 3 1 20 20
23 54 15 35 9 30 0 1.45 0.0 T 17.2 32 190 M M 9 138 51 180
24 17 9 13 -13 52 0 T T 0 13.1 28 260 M M 3 39 260
25 25 8 17 -9 48 0 0.00 0.0 0 8.6 21 260 M M 3 29 270
26 31 8 20 -5 45 0 0.00 0.0 0 6.3 16 270 M M 2 24 280
27 34 14 24 -1 41 0 T T 0 6.5 18 320 M M 5 29 270
28 32 13 23 -2 42 0 0.00 0.0 0 4.2 10 20 M M 5 18 280
29 44 18 31 6 34 0 0.00 0.0 0 3.2 12 110 M M 1 18 18 280
30 56 30 43 19 22 0 0.00 0.0 0 5.1 12 90 M M 7 15 10
31 51 30 41 17 24 0 0.05 0.0 0 5.4 13 20 M M 5 12 15 10
================================================================================
SM 1232 660 1061 0 4.02 5.1 266.9 M 145
================================================================================
AV 39.7 21.3 8.6 FASTST M M 5 MAX(MPH)
MISC ----> 32 190 51 180
================================================================================
NOTES:
# LAST OF SEVERAL OCCURRENCES
COLUMN 17 PEAK WIND IN M.P.H.
PRELIMINARY LOCAL CLIMATOLOGICAL DATA (WS FORM: F-6) , PAGE 2
STATION: CONCORD NH
MONTH: DECEMBER
YEAR: 2022
LATITUDE: 43 12 N
LONGITUDE: 71 30 W
[TEMPERATURE DATA] [PRECIPITATION DATA] SYMBOLS USED IN COLUMN 16
AVERAGE MONTHLY: 30.5 TOTAL FOR MONTH: 4.02 1 = FOG OR MIST
DPTR FM NORMAL: 2.2 DPTR FM NORMAL: 0.32 2 = FOG REDUCING VISIBILITY
HIGHEST: 56 ON 30 GRTST 24HR 1.45 ON 23-23 TO 1/4 MILE OR LESS
LOWEST: 8 ON 26,25 3 = THUNDER
SNOW, ICE PELLETS, HAIL 4 = ICE PELLETS
TOTAL MONTH: 5.1 INCHES 5 = HAIL
GRTST 24HR 3.2 ON 16-16 6 = FREEZING RAIN OR DRIZZLE
GRTST DEPTH: 3 ON 17 7 = DUSTSTORM OR SANDSTORM:
VSBY 1/2 MILE OR LESS
8 = SMOKE OR HAZE
[NO. OF DAYS WITH] [WEATHER - DAYS WITH] 9 = BLOWING SNOW
X = TORNADO
MAX 32 OR BELOW: 5 0.01 INCH OR MORE: 11
MAX 90 OR ABOVE: 0 0.10 INCH OR MORE: 8
MIN 32 OR BELOW: 29 0.50 INCH OR MORE: 3
MIN 0 OR BELOW: 0 1.00 INCH OR MORE: 1
[HDD (BASE 65) ]
TOTAL THIS MO. 1061 CLEAR (SCALE 0-3) 12
DPTR FM NORMAL -77 PTCLDY (SCALE 4-7) 11
TOTAL FM JUL 1 2355 CLOUDY (SCALE 8-10) 8
DPTR FM NORMAL -255
[CDD (BASE 65) ]
TOTAL THIS MO. 0
DPTR FM NORMAL 0 [PRESSURE DATA]
TOTAL FM JAN 1 650 HIGHEST SLP 30.55 ON 22
DPTR FM NORMAL 122 LOWEST SLP 28.79 ON 23
[REMARKS]
#FINAL-12-22#