534
CXUS53 KLSX 011400
CF6COU
PRELIMINARY LOCAL CLIMATOLOGICAL DATA (WS FORM: F-6)
STATION: COLUMBIA ASOS
MONTH: SEPTEMBER
YEAR: 2020
LATITUDE: 38 49 N
LONGITUDE: 92 13 W
TEMPERATURE IN F: :PCPN: SNOW: WIND :SUNSHINE: SKY :PK WND
================================================================================
1 2 3 4 5 6A 6B 7 8 9 10 11 12 13 14 15 16 17 18
12Z AVG MX 2MIN
DY MAX MIN AVG DEP HDD CDD WTR SNW DPTH SPD SPD DIR MIN PSBL S-S WX SPD DR
================================================================================
1 78 69 74 1 0 9 0.56 0.0 0 7.1 15 120 M M 7 13 20 120
2 83 67 75 2 0 10 0.00 0.0 0 5.4 12 60 M M 2 15 260
3 88 64 76 3 0 11 0.00 0.0 0 8.4 17 270 M M 2 12 23 320
4 81 56 69 -3 0 4 0.00 0.0 0 4.7 9 130 M M 0 12 110
5 88 60 74 2 0 9 0.00 0.0 0 5.0 9 170 M M 1 13 180
6 90 71 81 9 0 16 0.00 0.0 0 11.1 23 190 M M 1 33 190
7 90 71 81 10 0 16 0.00 0.0 0 8.9 16 170 M M 3 22 180
8 82 60 71 0 0 6 1.33 0.0 0 9.3 18 330 M M 6 13 24 320
9 76 59 68 -3 0 3 0.00 0.0 0 7.5 17 20 M M 10 12 23 360
10 77 61 69 -1 0 4 0.00 0.0 0 7.8 14 10 M M 10 12 17 360
11 79 67 73 3 0 8 0.17 0.0 0 5.3 10 300 M M 10 128 15 90
12 74 62 68 -1 0 3 2.09 0.0 0 5.5 9 320 M M 6 13 13 280
13 76 59 68 -1 0 3 0.00 0.0 0 6.1 13 360 M M 1 1 16 360
14 80 58 69 1 0 4 0.00 0.0 0 7.1 14 60 M M 0 22 80
15 78 58 68 0 0 3 0.00 0.0 0 4.6 9 120 M M 0 12 110
16 84 60 72 4 0 7 0.00 0.0 0 4.1 10 330 M M 0 1 13 320
17 76 59 68 1 0 3 0.00 0.0 0 9.6 16 360 M M 1 8 21 360
18 73 55 64 -3 1 0 0.00 0.0 0 8.5 15 30 M M 0 19 20
19 69 49 59 -7 6 0 0.00 0.0 0 6.9 12 100 M M 0 19 130
20 73 49 61 -5 4 0 0.00 0.0 0 7.2 13 130 M M 0 19 130
21 77 51 64 -1 1 0 0.00 0.0 0 6.2 9 140 M M 0 14 140
22 75 56 66 1 0 1 0.00 0.0 0 5.8 12 150 M M 2 14 140
23 77 59 68 4 0 3 0.00 0.0 0 5.4 13 160 M M 4 1 18 170
24 75 53 64 0 1 0 0.00 0.0 0 6.6 10 150 M M 1 1 14 150
25 81 56 69 6 0 4 0.00 0.0 0 8.0 15 150 M M 0 19 160
26 86 61 74 11 0 9 0.00 0.0 0 11.2 20 210 M M 0 27 180
27 74 53 64 1 1 0 0.67 0.0 0 9.6 20 350 M M 7 1 33 340
28 68 50 59 -3 6 0 0.00 0.0 0 11.2 22 300 M M 5 33 310
29 68 46 57 -5 8 0 0.00 0.0 0 8.7 17 290 M M 3 25 270
30 76 50 63 2 2 0 0.00 0.0 0 10.6 29 330 M M 0 37 340
================================================================================
SM 2352 1749 30 136 4.82 0.0 223.4 M 82
================================================================================
AV 78.4 58.3 7.4 FASTST M M 3 MAX(MPH)
MISC ----> 29 330 37 340
================================================================================
NOTES:
# LAST OF SEVERAL OCCURRENCES
COLUMN 17 PEAK WIND IN M.P.H.
PRELIMINARY LOCAL CLIMATOLOGICAL DATA (WS FORM: F-6) , PAGE 2
STATION: COLUMBIA ASOS
MONTH: SEPTEMBER
YEAR: 2020
LATITUDE: 38 49 N
LONGITUDE: 92 13 W
[TEMPERATURE DATA] [PRECIPITATION DATA] SYMBOLS USED IN COLUMN 16
AVERAGE MONTHLY: 68.4 TOTAL FOR MONTH: 4.82 1 = FOG OR MIST
DPTR FM NORMAL: 0.8 DPTR FM NORMAL: 0.95 2 = FOG REDUCING VISIBILITY
HIGHEST: 90 ON 7, 6 GRTST 24HR 2.26 ON 11-12 TO 1/4 MILE OR LESS
LOWEST: 46 ON 29 3 = THUNDER
SNOW, ICE PELLETS, HAIL 4 = ICE PELLETS
TOTAL MONTH: 0.0 INCH 5 = HAIL
GRTST 24HR 0.0 6 = FREEZING RAIN OR DRIZZLE
GRTST DEPTH: 0 7 = DUSTSTORM OR SANDSTORM:
VSBY 1/2 MILE OR LESS
8 = SMOKE OR HAZE
[NO. OF DAYS WITH] [WEATHER - DAYS WITH] 9 = BLOWING SNOW
X = TORNADO
MAX 32 OR BELOW: 0 0.01 INCH OR MORE: 5
MAX 90 OR ABOVE: 2 0.10 INCH OR MORE: 5
MIN 32 OR BELOW: 0 0.50 INCH OR MORE: 4
MIN 0 OR BELOW: 0 1.00 INCH OR MORE: 2
[HDD (BASE 65) ]
TOTAL THIS MO. 30 CLEAR (SCALE 0-3) 21
DPTR FM NORMAL -36 PTCLDY (SCALE 4-7) 6
TOTAL FM JUL 1 30 CLOUDY (SCALE 8-10) 3
DPTR FM NORMAL -37
[CDD (BASE 65) ]
TOTAL THIS MO. 136
DPTR FM NORMAL -8 [PRESSURE DATA]
TOTAL FM JAN 1 1362 HIGHEST SLP 30.35 ON 19
DPTR FM NORMAL 135 LOWEST SLP 29.71 ON 7
[REMARKS]
#FINAL-09-20#