000
CXUS52 KILM 031911
CF6CRE
PRELIMINARY LOCAL CLIMATOLOGICAL DATA (WS FORM: F-6)
STATION: N.MYRTLE BEACH SOUTH CAROLINA
MONTH: JANUARY
YEAR: 2024
LATITUDE: 33 49 N
LONGITUDE: 78 43 W
TEMPERATURE IN F: :PCPN: SNOW: WIND :SUNSHINE: SKY :PK WND
================================================================================
1 2 3 4 5 6A 6B 7 8 9 10 11 12 13 14 15 16 17 18
12Z AVG MX 2MIN
DY MAX MIN AVG DEP HDD CDD WTR SNW DPTH SPD SPD DIR MIN PSBL S-S WX SPD DR
================================================================================
1 59 38 49 2 16 0 0.00 M M 8.0 16 220 M M 2 25 340
2 51 32 42 -5 23 0 0.00 M M 5.6 16 10 M M 0 28 360
3 52 29 41 -6 24 0 0.04 M M 2.9 13 210 M M 3 15 240
4 53 33 43 -4 22 0 0.01 M M 5.3 16 350 M M 3 27 360
5 50 27 39 -8 26 0 0.00 M M 7.1 13 50 M M 0 17 120
6 65 45 55 8 10 0 0.24 M M 9.8 33 200 M M 6 1 43 210
7 59 43 51 5 14 0 0.00 M M 7.2 17 280 M M 2 28 290
8 51 37 44 -2 21 0 0.00 M M 8.6 18 60 M M 1 24 50
9 67 46 57 11 8 0 0.56 M M 16.1 41 220 M M 9 138 63 210
10 55 40 48 2 17 0 0.00 M M 11.0 28 250 M M 1 43 240
11 56 37 47 1 18 0 0.00 M M 4.3 12 200 M M 0 15 210
12 65 33 49 3 16 0 0.03 M M 8.6 25 220 M M 5 13 35 210
13 65 42 54 8 11 0 0.00 M M 10.8 24 220 M M 3 1 34 260
14 60 38 49 3 16 0 0.00 M M 7.9 20 230 M M 0 25 220
15 58 40 49 3 16 0 T M M 3.9 12 220 M M 2 15 220
16 59 38 49 3 16 0 0.06 M M 5.5 17 10 M M 9 12 25 10
17 42 26 34 -12 31 0 0.00 M M 5.4 15 360 M M 2 22 350
18 54 23 39 -7 26 0 T M M 3.1 9 110 M M 2 13 100
19 61 37 49 3 16 0 0.00 M M 9.4 21 280 M M 4 38 10
20 38 27 33 -13 32 0 0.00 M M 7.2 17 310 M M 0 27 310
21 42 20 31 -15 34 0 0.00 M M 6.7 16 10 M M 0 24 10
22 49 21 35 -11 30 0 0.00 M M 3.2 8 140 M M 0 14 120
23 63 38 51 5 14 0 0.00 M M 6.1 12 120 M M 6 20 120
24 68 60 64 18 1 0 T M M 6.9 12 150 M M 6 1 20 160
25 71 61 66 20 0 1 0.02 M M 7.6 14 180 M M 10 12 22 190
26 75 56 66 20 0 1 0.00 M M 9.2 18 190 M M 8 12 27 200
27 M 55 M M M M 0.00 M M 4.7 17 180 M M 7 128 27 190
28 M M M M M M 0.08 M M 12.8 25 250 M M 5 18 39 240
29 61 40 51 5 14 0 0.00 M M 6.0 17 360 M M 0 28 340
30 55 37 46 0 19 0 0.00 M M 7.2 14 110 M M 0 21 90
31 53 41 47 1 18 0 0.06 M M 5.9 17 20 M M 6 24 20
================================================================================
SM 1657 1140 509 2 1.10 M 224.0 M 102
================================================================================
AV 57.1 38.0 7.2 FASTST M M 3 MAX(MPH)
MISC ----> 41 220 63 210
================================================================================
NOTES:
# LAST OF SEVERAL OCCURRENCES
COLUMN 17 PEAK WIND IN M.P.H.
PRELIMINARY LOCAL CLIMATOLOGICAL DATA (WS FORM: F-6) , PAGE 2
STATION: N.MYRTLE BEACH SOUTH CAROLINA
MONTH: JANUARY
YEAR: 2024
LATITUDE: 33 49 N
LONGITUDE: 78 43 W
[TEMPERATURE DATA] [PRECIPITATION DATA] SYMBOLS USED IN COLUMN 16
AVERAGE MONTHLY: 47.6 TOTAL FOR MONTH: 1.10 1 = FOG OR MIST
DPTR FM NORMAL: 1.4 DPTR FM NORMAL: -1.91 2 = FOG REDUCING VISIBILITY
HIGHEST: 75 ON 26 GRTST 24HR 1.59 ON 9- 9 TO 1/4 MILE OR LESS
LOWEST: 20 ON 21 3 = THUNDER
SNOW, ICE PELLETS, HAIL 4 = ICE PELLETS
TOTAL MONTH: M 5 = HAIL
GRTST 24HR M ON M 6 = FREEZING RAIN OR DRIZZLE
GRTST DEPTH: M ON M 7 = DUSTSTORM OR SANDSTORM:
VSBY 1/2 MILE OR LESS
8 = SMOKE OR HAZE
[NO. OF DAYS WITH] [WEATHER - DAYS WITH] 9 = BLOWING SNOW
X = TORNADO
MAX 32 OR BELOW: 0 0.01 INCH OR MORE: 9
MAX 90 OR ABOVE: 0 0.10 INCH OR MORE: 2
MIN 32 OR BELOW: 8 0.50 INCH OR MORE: 1
MIN 0 OR BELOW: 0 1.00 INCH OR MORE: 0
[HDD (BASE 65) ]
TOTAL THIS MO. 509 CLEAR (SCALE 0-3) 19
DPTR FM NORMAL -74 PTCLDY (SCALE 4-7) 9
TOTAL FM JUL 1 1249 CLOUDY (SCALE 8-10) 3
DPTR FM NORMAL -180
[CDD (BASE 65) ]
TOTAL THIS MO. 2
DPTR FM NORMAL 2 [PRESSURE DATA]
TOTAL FM JAN 1 2 HIGHEST SLP 30.69 ON 22
DPTR FM NORMAL 2 LOWEST SLP 29.42 ON 9
[REMARKS]
#FINAL-01-24#
THE NORTH MYRTLE BEACH TEMPERATURE SENSOR WAS UNREPRESENTATIVE FROM THE MORNING OF FEB 27 UNTIL THE MORNING OF FEB 29. BACKUP DATA WAS NOT AVAILABLE.