000
CXUS52 KILM 011100
CF6CRE
PRELIMINARY LOCAL CLIMATOLOGICAL DATA (WS FORM: F-6)
STATION: N.MYRTLE BEACH SOUTH CAROLINA
MONTH: NOVEMBER
YEAR: 2020
LATITUDE: 33 49 N
LONGITUDE: 78 43 W
TEMPERATURE IN F: :PCPN: SNOW: WIND :SUNSHINE: SKY :PK WND
================================================================================
1 2 3 4 5 6A 6B 7 8 9 10 11 12 13 14 15 16 17 18
12Z AVG MX 2MIN
DY MAX MIN AVG DEP HDD CDD WTR SNW DPTH SPD SPD DIR MIN PSBL S-S WX SPD DR
================================================================================
1 77 56 67 7 0 2 0.46 M M 8.3 24 240 M M 5 1 30 240
2 59 38 49 -11 16 0 0.00 M M 8.7 20 360 M M 0 31 320
3 66 35 51 -9 14 0 0.00 M M 2.1 8 240 M M 0 11 20
4 69 39 54 -6 11 0 0.00 M M 3.2 10 90 M M 1 14 90
5 77 57 67 8 0 2 T M M 7.5 16 90 M M 8 1 22 110
6 75 62 69 10 0 4 0.10 M M 8.5 15 90 M M 5 1 21 90
7 80 63 72 13 0 7 0.00 M M 9.7 16 70 M M 1 23 90
8 80 65 73 15 0 8 T M M 12.2 20 60 M M 2 31 90
9 81 64 73 15 0 8 0.01 M M 9.5 17 90 M M 3 1 24 90
10 80 65 73 15 0 8 T M M 8.1 15 100 M M 5 21 100
11 76 73 75 17 0 10 1.10 M M 8.6 18 180 M M 10 13 25 190
12 76 64 70 12 0 5 3.26 M M 11.0 28 110 M M 10 1 35 110
13 70 55 63 6 2 0 0.00 M M 5.1 13 320 M M 8 12 17 340
14 70 56 63 6 2 0 0.00 M M 7.1 15 100 M M 4 1 20 90
15 76 59 68 11 0 3 0.07 M M 8.5 18 220 M M 5 1 23 210
16 70 45 58 2 7 0 0.00 M M 4.9 15 20 M M 0 1 20 350
17 68 44 56 0 9 0 0.00 M M 5.6 15 280 M M 0 1 20 350
18 53 37 45 -11 20 0 0.00 M M 7.4 22 30 M M 0 30 40
19 62 37 50 -6 15 0 0.00 M M 6.6 13 40 M M 0 16 50
20 72 47 60 5 5 0 0.00 M M 3.3 9 100 M M 2 1 12 90
21 73 46 60 5 5 0 0.00 M M 3.0 8 160 M M 1 1 11 50
22 74 55 65 10 0 0 0.00 M M 5.4 17 80 M M 4 30 170
23 69 47 58 4 7 0 0.00 M M 6.2 17 10 M M 2 12 23 10
24 59 41 50 -4 15 0 0.00 M M 7.4 17 40 M M 0 20 40
25 70 43 57 3 8 0 0.00 M M 7.0 15 190 M M 7 19 150
26 75 64 70 16 0 5 0.12 M M 6.9 14 210 M M 4 1 20 320
27 75 53 64 11 1 0 0.19 M M 3.8 12 280 M M 3 13 23 90
28 63 51 57 4 8 0 0.06 M M 1.3 8 350 M M 6 12 10 360
29 70 50 60 7 5 0 0.43 M M 8.3 18 170 M M 7 1 31 170
30 73 47 60 8 5 0 0.22 M M 17.1 44 210 M M 5 1 54 220
================================================================================
SM 2138 1558 155 62 6.02 M 212.3 M 108
================================================================================
AV 71.3 51.9 7.1 FASTST M M 4 MAX(MPH)
MISC ----> 44 210 54 220
================================================================================
NOTES:
# LAST OF SEVERAL OCCURRENCES
COLUMN 17 PEAK WIND IN M.P.H.
PRELIMINARY LOCAL CLIMATOLOGICAL DATA (WS FORM: F-6) , PAGE 2
STATION: N.MYRTLE BEACH SOUTH CAROLINA
MONTH: NOVEMBER
YEAR: 2020
LATITUDE: 33 49 N
LONGITUDE: 78 43 W
[TEMPERATURE DATA] [PRECIPITATION DATA] SYMBOLS USED IN COLUMN 16
AVERAGE MONTHLY: 61.6 TOTAL FOR MONTH: 6.02 1 = FOG OR MIST
DPTR FM NORMAL: 5.1 DPTR FM NORMAL: 2.98 2 = FOG REDUCING VISIBILITY
HIGHEST: 81 ON 9 GRTST 24HR 3.84 ON 11-12 TO 1/4 MILE OR LESS
LOWEST: 35 ON 3 3 = THUNDER
SNOW, ICE PELLETS, HAIL 4 = ICE PELLETS
TOTAL MONTH: M 5 = HAIL
GRTST 24HR M ON M 6 = FREEZING RAIN OR DRIZZLE
GRTST DEPTH: M ON M 7 = DUSTSTORM OR SANDSTORM:
VSBY 1/2 MILE OR LESS
8 = SMOKE OR HAZE
[NO. OF DAYS WITH] [WEATHER - DAYS WITH] 9 = BLOWING SNOW
X = TORNADO
MAX 32 OR BELOW: 0 0.01 INCH OR MORE: 11
MAX 90 OR ABOVE: 0 0.10 INCH OR MORE: 8
MIN 32 OR BELOW: 0 0.50 INCH OR MORE: 2
MIN 0 OR BELOW: 0 1.00 INCH OR MORE: 2
[HDD (BASE 65) ]
TOTAL THIS MO. 155 CLEAR (SCALE 0-3) 13
DPTR FM NORMAL -116 PTCLDY (SCALE 4-7) 15
TOTAL FM JUL 1 164 CLOUDY (SCALE 8-10) 2
DPTR FM NORMAL -197
[CDD (BASE 65) ]
TOTAL THIS MO. 62
DPTR FM NORMAL 46 [PRESSURE DATA]
TOTAL FM JAN 1 2354 HIGHEST SLP 30.64 ON 19
DPTR FM NORMAL 455 LOWEST SLP 29.53 ON 30
[REMARKS]
#FINAL-11-20#