000
CXUS52 KILM 011000
CF6CRE
PRELIMINARY LOCAL CLIMATOLOGICAL DATA (WS FORM: F-6)
STATION: N.MYRTLE BEACH SOUTH CAROLINA
MONTH: AUGUST
YEAR: 2020
LATITUDE: 33 49 N
LONGITUDE: 78 43 W
TEMPERATURE IN F: :PCPN: SNOW: WIND :SUNSHINE: SKY :PK WND
================================================================================
1 2 3 4 5 6A 6B 7 8 9 10 11 12 13 14 15 16 17 18
12Z AVG MX 2MIN
DY MAX MIN AVG DEP HDD CDD WTR SNW DPTH SPD SPD DIR MIN PSBL S-S WX SPD DR
================================================================================
1 92 78 85 5 0 20 T M M 8.6 20 190 M M 2 3 24 190
2 88 82 85 5 0 20 0.00 M M 9.6 15 210 M M 2 19 200
3 86 74 80 0 0 15 2.38 M M 11.6 33 350 M M 5 13 53 360
4 86 73 80 0 0 15 T M M 9.7 16 200 M M 4 1 24 260
5 86 73 80 0 0 15 2.08 M M 6.8 16 20 M M 5 123 27 360
6 84 75 80 1 0 15 0.54 M M 5.9 14 300 M M 5 13 20 310
7 85 74 80 1 0 15 0.03 M M 6.8 15 220 M M 3 3 18 190
8 88 73 81 2 0 16 0.01 M M 7.4 15 200 M M 1 21 170
9 88 77 83 4 0 18 T M M 5.9 17 220 M M 1 21 190
10 88 77 83 4 0 18 0.00 M M 7.3 16 220 M M 1 20 230
11 86 74 80 1 0 15 0.00 M M 6.6 14 210 M M 1 18 190
12 87 75 81 2 0 16 0.00 M M 6.2 15 210 M M 1 13 18 210
13 86 76 81 2 0 16 0.01 M M 4.5 18 210 M M 3 13 22 210
14 88 74 81 2 0 16 0.00 M M 8.0 17 220 M M 2 3 21 220
15 88 76 82 3 0 17 0.35 M M 9.4 23 210 M M 4 138 29 210
16 84 73 79 0 0 14 0.05 M M 4.9 14 220 M M 7 1 17 350
17 85 71 78 -1 0 13 0.00 M M 5.6 14 190 M M 2 18 200
18 87 74 81 2 0 16 0.00 M M 4.5 14 230 M M 4 16 230
19 84 73 79 0 0 14 0.49 M M 4.1 18 200 M M 2 138 24 200
20 84 73 79 0 0 14 T M M 5.7 14 100 M M 2 3 17 100
21 84 73 79 0 0 14 0.29 M M 6.3 17 220 M M 4 1 22 210
22 87 75 81 2 0 16 0.03 M M 5.8 16 210 M M 1 23 200
23 86 76 81 2 0 16 0.16 M M 3.0 14 250 M M 3 13 18 250
24 85 74 80 2 0 15 0.85 M M 5.1 20 190 M M 5 13 25 200
25 87 75 81 3 0 16 T M M 4.1 13 210 M M 1 15 210
26 92 76 84 6 0 19 0.00 M M 4.6 12 20 M M 1 1 18 320
27 90 75 83 5 0 18 0.00 M M 7.0 18 210 M M 1 1 22 210
28 92 80 86 8 0 21 T M M 9.3 21 190 M M 2 3 36 170
29 91 81 86 8 0 21 0.11 M M 11.4 22 230 M M 4 1 30 240
30 91 78 85 7 0 20 T M M 5.9 13 120 M M 2 1 15 300
31 88 76 82 4 0 17 T M M 5.4 12 130 M M 2 1 16 130
================================================================================
SM 2703 2334 0 511 7.38 M 207.0 M 83
================================================================================
AV 87.2 75.3 6.7 FASTST M M 3 MAX(MPH)
MISC ----> 33 350 53 360
================================================================================
NOTES:
# LAST OF SEVERAL OCCURRENCES
COLUMN 17 PEAK WIND IN M.P.H.
PRELIMINARY LOCAL CLIMATOLOGICAL DATA (WS FORM: F-6) , PAGE 2
STATION: N.MYRTLE BEACH SOUTH CAROLINA
MONTH: AUGUST
YEAR: 2020
LATITUDE: 33 49 N
LONGITUDE: 78 43 W
[TEMPERATURE DATA] [PRECIPITATION DATA] SYMBOLS USED IN COLUMN 16
AVERAGE MONTHLY: 81.2 TOTAL FOR MONTH: 7.38 1 = FOG OR MIST
DPTR FM NORMAL: 2.3 DPTR FM NORMAL: -0.03 2 = FOG REDUCING VISIBILITY
HIGHEST: 92 ON 28,26 GRTST 24HR 2.38 ON 3- 3 TO 1/4 MILE OR LESS
LOWEST: 71 ON 17 3 = THUNDER
SNOW, ICE PELLETS, HAIL 4 = ICE PELLETS
TOTAL MONTH: M 5 = HAIL
GRTST 24HR M ON M 6 = FREEZING RAIN OR DRIZZLE
GRTST DEPTH: M ON M 7 = DUSTSTORM OR SANDSTORM:
VSBY 1/2 MILE OR LESS
8 = SMOKE OR HAZE
[NO. OF DAYS WITH] [WEATHER - DAYS WITH] 9 = BLOWING SNOW
X = TORNADO
MAX 32 OR BELOW: 0 0.01 INCH OR MORE: 14
MAX 90 OR ABOVE: 6 0.10 INCH OR MORE: 9
MIN 32 OR BELOW: 0 0.50 INCH OR MORE: 4
MIN 0 OR BELOW: 0 1.00 INCH OR MORE: 2
[HDD (BASE 65) ]
TOTAL THIS MO. 0 CLEAR (SCALE 0-3) 20
DPTR FM NORMAL 0 PTCLDY (SCALE 4-7) 11
TOTAL FM JUL 1 0 CLOUDY (SCALE 8-10) 0
DPTR FM NORMAL 0
[CDD (BASE 65) ]
TOTAL THIS MO. 511
DPTR FM NORMAL 80 [PRESSURE DATA]
TOTAL FM JAN 1 1750 HIGHEST SLP 30.17 ON 23
DPTR FM NORMAL 274 LOWEST SLP 29.32 ON 3
[REMARKS]
#FINAL-08-20#