000
CDUS42 KILM 252042
CLICRE


CLIMATE REPORT
NATIONAL WEATHER SERVICE WILMINGTON NC
442 PM EDT SAT OCT 25 2014


...................................

...THE NORTH MYRTLE BEACH SC CLIMATE SUMMARY FOR OCTOBER 25 2014...
VALID TODAY AS OF 0400 PM LOCAL TIME.

CLIMATE NORMAL PERIOD 1981 TO 2010
CLIMATE RECORD PERIOD 1949 TO 2014


WEATHER ITEM   OBSERVED TIME   RECORD YEAR NORMAL DEPARTURE LAST
                VALUE   (LST)  VALUE       VALUE  FROM      YEAR
                                                  NORMAL
..................................................................
TEMPERATURE (F)
 TODAY
  MAXIMUM         76    211 PM  88    2001  73      3       61
  MINIMUM         45    543 AM  35    2006  52     -7       36
  AVERAGE         61                        62     -1       49

PRECIPITATION (IN)
  TODAY            0.00                      0.09  -0.09     0.00
  MONTH TO DATE    0.35                      3.29  -2.94     1.37
  SINCE SEP 1      4.92                      9.57  -4.65     2.73
  SINCE JAN 1     33.57                     44.92 -11.35    43.49

DEGREE DAYS
 HEATING
  TODAY            4                         5     -1       16
  MONTH TO DATE   49                        55     -6       39
  SINCE SEP 1     50                        59     -9       39
  SINCE JUL 1     50                        59     -9       39

 COOLING
  TODAY            0                         2     -2        0
  MONTH TO DATE  101                        88     13       89
  SINCE SEP 1    422                       396     26      366
  SINCE JAN 1   2010                      1872    138     1817
..................................................................


WIND (MPH)
  HIGHEST WIND SPEED     8   HIGHEST WIND DIRECTION     N (350)
  HIGHEST GUST SPEED    12   HIGHEST GUST DIRECTION     W (280)
  AVERAGE WIND SPEED     2.7


SKY COVER
  POSSIBLE SUNSHINE  MM
  AVERAGE SKY COVER 0.0


WEATHER CONDITIONS
 THE FOLLOWING WEATHER WAS RECORDED TODAY.
  FOG


RELATIVE HUMIDITY (PERCENT)
 HIGHEST   100           400 AM
 LOWEST     29           200 PM
 AVERAGE    65

..........................................................


THE NORTH MYRTLE BEACH SC CLIMATE NORMALS FOR TOMORROW
                         NORMAL    RECORD    YEAR
 MAXIMUM TEMPERATURE (F)   72        83      1949
 MINIMUM TEMPERATURE (F)   52        33      2013


SUNRISE AND SUNSET
OCTOBER 25 2014.......SUNRISE   728 AM EDT   SUNSET   629 PM EDT
OCTOBER 26 2014.......SUNRISE   729 AM EDT   SUNSET   628 PM EDT


-  INDICATES NEGATIVE NUMBERS.
R  INDICATES RECORD WAS SET OR TIED.
MM INDICATES DATA IS MISSING.
T  INDICATES TRACE AMOUNT.




$$
