000
CDUS42 KILM 162042
CLICRE


CLIMATE REPORT
NATIONAL WEATHER SERVICE WILMINGTON NC
442 PM EDT WED APR 16 2014


...................................

...THE NORTH MYRTLE BEACH SC CLIMATE SUMMARY FOR APRIL 16 2014...
VALID TODAY AS OF 0400 PM LOCAL TIME.

CLIMATE NORMAL PERIOD 1981 TO 2010
CLIMATE RECORD PERIOD 1949 TO 2014


WEATHER ITEM   OBSERVED TIME   RECORD YEAR NORMAL DEPARTURE LAST
                VALUE   (LST)  VALUE       VALUE  FROM      YEAR
                                                  NORMAL
..................................................................
TEMPERATURE (F)
 TODAY
  MAXIMUM         58    253 PM  87    2006  71    -13       74
  MINIMUM         41    632 AM  28    1950  52    -11       57
  AVERAGE         50                        62    -12       66

PRECIPITATION (IN)
  TODAY            0.00                      0.09  -0.09     0.00
  MONTH TO DATE    0.63                      1.67  -1.04     3.36
  SINCE MAR 1      5.37                      5.59  -0.22     6.54
  SINCE JAN 1      9.49                     12.70  -3.21    11.60

SNOWFALL (IN)
  TODAY           MM
  MONTH TO DATE   MM
  SINCE MAR 1     MM
  SINCE JUL 1     MM
  SNOW DEPTH      MM

DEGREE DAYS
 HEATING
  TODAY           15                         5     10        0
  MONTH TO DATE   57                        97    -40       80
  SINCE MAR 1    505                       435     70      565
  SINCE JUL 1   2529                      2379    150     2346

 COOLING
  TODAY            0                         1     -1        1
  MONTH TO DATE   15                        12      3       15
  SINCE MAR 1     15                        15      0       17
  SINCE JAN 1     15                        15      0       19
..................................................................


WIND (MPH)
  HIGHEST WIND SPEED    20   HIGHEST WIND DIRECTION     N (10)
  HIGHEST GUST SPEED    27   HIGHEST GUST DIRECTION     N (340)
  AVERAGE WIND SPEED    11.9


SKY COVER
  POSSIBLE SUNSHINE  MM
  AVERAGE SKY COVER 0.2


WEATHER CONDITIONS
 THE FOLLOWING WEATHER WAS RECORDED TODAY.
  NO SIGNIFICANT WEATHER WAS OBSERVED.


RELATIVE HUMIDITY (PERCENT)
 HIGHEST    67           300 AM
 LOWEST     33           300 PM
 AVERAGE    50

..........................................................


THE NORTH MYRTLE BEACH SC CLIMATE NORMALS FOR TOMORROW
                         NORMAL    RECORD    YEAR
 MAXIMUM TEMPERATURE (F)   72        88      1995
 MINIMUM TEMPERATURE (F)   52        32      1950


SUNRISE AND SUNSET
APRIL 16 2014.........SUNRISE   643 AM EDT   SUNSET   747 PM EDT
APRIL 17 2014.........SUNRISE   642 AM EDT   SUNSET   748 PM EDT


-  INDICATES NEGATIVE NUMBERS.
R  INDICATES RECORD WAS SET OR TIED.
MM INDICATES DATA IS MISSING.
T  INDICATES TRACE AMOUNT.




$$
