000
CDUS42 KILM 240941
CLICRE


CLIMATE REPORT
NATIONAL WEATHER SERVICE WILMINGTON NC
440 AM EST TUE JAN 24 2017


...................................

...THE NORTH MYRTLE BEACH SC CLIMATE SUMMARY FOR JANUARY 23 2017...

CLIMATE NORMAL PERIOD 1981 TO 2010
CLIMATE RECORD PERIOD 1949 TO 2017


WEATHER ITEM   OBSERVED TIME   RECORD YEAR NORMAL DEPARTURE LAST
                VALUE   (LST)  VALUE       VALUE  FROM      YEAR
                                                  NORMAL
..................................................................
TEMPERATURE (F)
 YESTERDAY
  MAXIMUM         64    133 AM  73    1950  55      9       37
  MINIMUM         49    741 AM  17    2011  36     13       30
  AVERAGE         57                        46     11       34

PRECIPITATION (IN)
  YESTERDAY        0.06                      0.12  -0.06      T
  MONTH TO DATE    1.98                      2.56  -0.58     1.83
  SINCE DEC 1      4.60                      6.02  -1.42     4.95
  SINCE JAN 1      1.98                      2.56  -0.58     1.83

SNOWFALL (IN)
  YESTERDAY       MM
  MONTH TO DATE   MM
  SINCE DEC 1     MM
  SINCE JUL 1     MM
  SNOW DEPTH      MM

DEGREE DAYS
 HEATING
  YESTERDAY        8                        19    -11       31
  MONTH TO DATE  270                       448   -178      485
  SINCE DEC 1    706                       955   -249      659
  SINCE JUL 1   1009                      1316   -307      856

 COOLING
  YESTERDAY        0                         0      0        0
  MONTH TO DATE    0                         0      0        0
  SINCE DEC 1      0                         3     -3       51
  SINCE JAN 1      0                         0      0        0
..................................................................


WIND (MPH)
  HIGHEST WIND SPEED    23   HIGHEST WIND DIRECTION    SW (240)
  HIGHEST GUST SPEED    31   HIGHEST GUST DIRECTION    SW (240)
  AVERAGE WIND SPEED     7.9


SKY COVER
  POSSIBLE SUNSHINE  MM
  AVERAGE SKY COVER 0.4


WEATHER CONDITIONS
 THE FOLLOWING WEATHER WAS RECORDED YESTERDAY.
  RAIN
  LIGHT RAIN
  FOG


RELATIVE HUMIDITY (PERCENT)
 HIGHEST   100          1200 AM
 LOWEST     72           400 AM
 AVERAGE    86

..........................................................


THE NORTH MYRTLE BEACH SC CLIMATE NORMALS FOR TODAY
                         NORMAL    RECORD    YEAR
 MAXIMUM TEMPERATURE (F)   55        72      1950
 MINIMUM TEMPERATURE (F)   36        14      2014


SUNRISE AND SUNSET
JANUARY 24 2017.......SUNRISE   716 AM EST   SUNSET   538 PM EST
JANUARY 25 2017.......SUNRISE   716 AM EST   SUNSET   539 PM EST


-  INDICATES NEGATIVE NUMBERS.
R  INDICATES RECORD WAS SET OR TIED.
MM INDICATES DATA IS MISSING.
T  INDICATES TRACE AMOUNT.




$$
