000
CDUS42 KILM 172144
CLICRE


CLIMATE REPORT
NATIONAL WEATHER SERVICE WILMINGTON NC
443 PM EST SAT FEB 17 2018


...................................

...THE N.MYRTLE BEACH SOUTH CAROLINA CLIMATE SUMMARY FOR FEBRUARY 17 2018...
VALID TODAY AS OF 0400 PM LOCAL TIME.

CLIMATE NORMAL PERIOD 1981 TO 2010
CLIMATE RECORD PERIOD 1949 TO 2018


WEATHER ITEM   OBSERVED TIME   RECORD YEAR NORMAL DEPARTURE LAST
                VALUE   (LST)  VALUE       VALUE  FROM      YEAR
                                                  NORMAL
..................................................................
TEMPERATURE (F)
 TODAY
  MAXIMUM         65    151 AM  76    1990  58      7       59
  MINIMUM         55    830 AM  19    1991  39     16       36
  AVERAGE         60                        48     12       48

PRECIPITATION (IN)
  TODAY            0.00          0.59 2004   0.14  -0.14     0.00
  MONTH TO DATE    1.30                      2.01  -0.71     1.31
  SINCE DEC 1      8.96                      9.16  -0.20     5.96
  SINCE JAN 1      5.52                      5.70  -0.18     3.34

SNOWFALL (IN)
  TODAY           MM
  MONTH TO DATE   MM
  SINCE DEC 1     MM
  SINCE JUL 1     MM
  SNOW DEPTH      MM

DEGREE DAYS
 HEATING
  TODAY            5                        17    -12       17
  MONTH TO DATE  200                       306   -106      213
  SINCE DEC 1   1385                      1413    -28     1039
  SINCE JUL 1   1726                      1774    -48     1342

 COOLING
  TODAY            0                         0      0        0
  MONTH TO DATE    4                         0      4        0
  SINCE DEC 1      4                         3      1        0
  SINCE JAN 1      4                         0      4        0
..................................................................


WIND (MPH)
  RESULTANT WIND SPEED   9   RESULTANT WIND DIRECTION  NE (60)
  HIGHEST WIND SPEED    21   HIGHEST WIND DIRECTION     E (110)
  HIGHEST GUST SPEED    27   HIGHEST GUST DIRECTION     E (80)
  AVERAGE WIND SPEED    10.5


SKY COVER
  POSSIBLE SUNSHINE  MM
  AVERAGE SKY COVER 1.0


WEATHER CONDITIONS
 THE FOLLOWING WEATHER WAS RECORDED TODAY.
  NO SIGNIFICANT WEATHER WAS OBSERVED.


RELATIVE HUMIDITY (PERCENT)
 HIGHEST    86           600 AM
 LOWEST     56           400 AM
 AVERAGE    71

..........................................................


THE N.MYRTLE BEACH SOUTH CAROLINA CLIMATE NORMALS FOR TOMORROW
                         NORMAL    RECORD    YEAR
 MAXIMUM TEMPERATURE (F)   58        81      1956
 MINIMUM TEMPERATURE (F)   39        23      2013
                                             1950


SUNRISE AND SUNSET
FEBRUARY 17 2018......SUNRISE   657 AM EST   SUNSET   601 PM EST
FEBRUARY 18 2018......SUNRISE   656 AM EST   SUNSET   602 PM EST


-  INDICATES NEGATIVE NUMBERS.
R  INDICATES RECORD WAS SET OR TIED.
MM INDICATES DATA IS MISSING.
T  INDICATES TRACE AMOUNT.




$$
