000
CDUS42 KILM 250846
CLICRE


CLIMATE REPORT
NATIONAL WEATHER SERVICE WILMINGTON NC
446 AM EDT SAT JUN 25 2016


...................................

...THE NORTH MYRTLE BEACH SC CLIMATE SUMMARY FOR JUNE 24 2016...

CLIMATE NORMAL PERIOD 1981 TO 2010
CLIMATE RECORD PERIOD 1949 TO 2016


WEATHER ITEM   OBSERVED TIME   RECORD YEAR NORMAL DEPARTURE LAST
                VALUE   (LST)  VALUE       VALUE  FROM      YEAR
                                                  NORMAL
..................................................................
TEMPERATURE (F)
 YESTERDAY
  MAXIMUM         91   1150 AM  99    1950  86      5       90
  MINIMUM         74    539 PM  62    1992  71      3       74
  AVERAGE         83                        79      4       82

PRECIPITATION (IN)
  YESTERDAY        1.12                      0.15   0.97     1.17
  MONTH TO DATE    2.21                      3.66  -1.45     2.89
  SINCE JUN 1      2.21                      3.66  -1.45     2.89
  SINCE JAN 1     17.95                     21.06  -3.11    22.95

DEGREE DAYS
 HEATING
  YESTERDAY        0                         0      0        0
  MONTH TO DATE    0                         0      0        0
  SINCE JUN 1      0                         0      0        0
  SINCE JUL 1   1781                      2447   -666     2450

 COOLING
  YESTERDAY       18                        14      4       17
  MONTH TO DATE  354                       272     82      374
  SINCE JUN 1    354                       272     82      374
  SINCE JAN 1    650                       484    166      633
..................................................................


WIND (MPH)
  HIGHEST WIND SPEED    26   HIGHEST WIND DIRECTION     N (20)
  HIGHEST GUST SPEED    43   HIGHEST GUST DIRECTION     N (20)
  AVERAGE WIND SPEED    10.2


SKY COVER
  POSSIBLE SUNSHINE  MM
  AVERAGE SKY COVER 0.1


WEATHER CONDITIONS
 THE FOLLOWING WEATHER WAS RECORDED YESTERDAY.
  THUNDERSTORM
  HEAVY RAIN
  RAIN
  LIGHT RAIN
  FOG


RELATIVE HUMIDITY (PERCENT)
 HIGHEST    94           600 AM
 LOWEST     59          1000 AM
 AVERAGE    77

..........................................................


THE NORTH MYRTLE BEACH SC CLIMATE NORMALS FOR TODAY
                         NORMAL    RECORD    YEAR
 MAXIMUM TEMPERATURE (F)   86       100      1952
 MINIMUM TEMPERATURE (F)   72        63      1991


SUNRISE AND SUNSET
JUNE 25 2016..........SUNRISE   606 AM EDT   SUNSET   829 PM EDT
JUNE 26 2016..........SUNRISE   606 AM EDT   SUNSET   830 PM EDT


-  INDICATES NEGATIVE NUMBERS.
R  INDICATES RECORD WAS SET OR TIED.
MM INDICATES DATA IS MISSING.
T  INDICATES TRACE AMOUNT.




$$
