000
CDUS42 KILM 232143
CLICRE


CLIMATE REPORT
NATIONAL WEATHER SERVICE WILMINGTON NC
441 PM EST THU FEB 23 2017


...................................

...THE NORTH MYRTLE BEACH SC CLIMATE SUMMARY FOR FEBRUARY 23 2017...
VALID TODAY AS OF 0400 PM LOCAL TIME.

CLIMATE NORMAL PERIOD 1981 TO 2010
CLIMATE RECORD PERIOD 1949 TO 2017


WEATHER ITEM   OBSERVED TIME   RECORD YEAR NORMAL DEPARTURE LAST
                VALUE   (LST)  VALUE       VALUE  FROM      YEAR
                                                  NORMAL
..................................................................
TEMPERATURE (F)
 TODAY
  MAXIMUM         74R   151 PM  70    1955  59     15       63
  MINIMUM         55    224 AM  25    1999  40     15       53
  AVERAGE         65                        49     16       58

PRECIPITATION (IN)
  TODAY            0.00                      0.13  -0.13     0.12
  MONTH TO DATE    1.31                      2.81  -1.50     5.66
  SINCE DEC 1      5.96                      9.96  -4.00    10.68
  SINCE JAN 1      3.34                      6.50  -3.16     7.56

SNOWFALL (IN)
  TODAY           MM
  MONTH TO DATE   MM
  SINCE DEC 1     MM
  SINCE JUL 1     MM
  SNOW DEPTH      MM

DEGREE DAYS
 HEATING
  TODAY            0                        16    -16        7
  MONTH TO DATE  242                       403   -161      392
  SINCE DEC 1   1068                      1510   -442     1197
  SINCE JUL 1   1371                      1871   -500     1394

 COOLING
  TODAY            0                         0      0        0
  MONTH TO DATE    0                         0      0        0
  SINCE DEC 1      0                         3     -3       51
  SINCE JAN 1      0                         0      0        0
..................................................................


WIND (MPH)
  HIGHEST WIND SPEED    20   HIGHEST WIND DIRECTION     E (100)
  HIGHEST GUST SPEED    28   HIGHEST GUST DIRECTION     E (90)
  AVERAGE WIND SPEED     8.1


SKY COVER
  POSSIBLE SUNSHINE  MM
  AVERAGE SKY COVER 0.3


WEATHER CONDITIONS
 THE FOLLOWING WEATHER WAS RECORDED TODAY.
  NO SIGNIFICANT WEATHER WAS OBSERVED.


RELATIVE HUMIDITY (PERCENT)
 HIGHEST    93          1200 AM
 LOWEST     57          1200 PM
 AVERAGE    75

..........................................................


THE NORTH MYRTLE BEACH SC CLIMATE NORMALS FOR TOMORROW
                         NORMAL    RECORD    YEAR
 MAXIMUM TEMPERATURE (F)   59        78      1996
 MINIMUM TEMPERATURE (F)   40        26      2009


SUNRISE AND SUNSET
FEBRUARY 23 2017......SUNRISE   650 AM EST   SUNSET   606 PM EST
FEBRUARY 24 2017......SUNRISE   649 AM EST   SUNSET   607 PM EST


-  INDICATES NEGATIVE NUMBERS.
R  INDICATES RECORD WAS SET OR TIED.
MM INDICATES DATA IS MISSING.
T  INDICATES TRACE AMOUNT.




$$
