000
CDUS42 KILM 272103
CLICRE


CLIMATE REPORT
NATIONAL WEATHER SERVICE WILMINGTON NC
503 PM EDT FRI MAY 27 2016


...................................

...THE NORTH MYRTLE BEACH SC CLIMATE SUMMARY FOR MAY 27 2016...
VALID TODAY AS OF 0400 PM LOCAL TIME.

CLIMATE NORMAL PERIOD 1981 TO 2010
CLIMATE RECORD PERIOD 1949 TO 2016


WEATHER ITEM   OBSERVED TIME   RECORD YEAR NORMAL DEPARTURE LAST
                VALUE   (LST)  VALUE       VALUE  FROM      YEAR
                                                  NORMAL
..................................................................
TEMPERATURE (F)
 TODAY
  MAXIMUM         81    257 PM  95    1989  81      0       82
  MINIMUM         63    500 AM  52    1949  64     -1       75
  AVERAGE         72                        72      0       79

PRECIPITATION (IN)
  TODAY            0.00                      0.12  -0.12     0.00
  MONTH TO DATE    4.23                      2.85   1.38     6.80
  SINCE MAR 1      6.69                      9.73  -3.04    12.87
  SINCE JAN 1     14.76                     16.84  -2.08    20.06

DEGREE DAYS
 HEATING
  TODAY            0                         0      0        0
  MONTH TO DATE   12                        23    -11        8
  SINCE MAR 1    306                       502   -196      363
  SINCE JUL 1   1781                      2446   -665     2450

 COOLING
  TODAY            7                         8     -1       14
  MONTH TO DATE  152                       137     15      170
  SINCE MAR 1    252                       179     73      222
  SINCE JAN 1    252                       179     73      223
..................................................................


WIND (MPH)
  HIGHEST WIND SPEED    14   HIGHEST WIND DIRECTION    SE (140)
  HIGHEST GUST SPEED    19   HIGHEST GUST DIRECTION    SE (140)
  AVERAGE WIND SPEED     6.3


SKY COVER
  POSSIBLE SUNSHINE  MM
  AVERAGE SKY COVER 0.0


WEATHER CONDITIONS
 THE FOLLOWING WEATHER WAS RECORDED TODAY.
  NO SIGNIFICANT WEATHER WAS OBSERVED.


RELATIVE HUMIDITY (PERCENT)
 HIGHEST   100           500 AM
 LOWEST     51           300 PM
 AVERAGE    76

..........................................................


THE NORTH MYRTLE BEACH SC CLIMATE NORMALS FOR TOMORROW
                         NORMAL    RECORD    YEAR
 MAXIMUM TEMPERATURE (F)   81        91      2000
 MINIMUM TEMPERATURE (F)   64        54      1997


SUNRISE AND SUNSET
MAY 27 2016...........SUNRISE   607 AM EDT   SUNSET   818 PM EDT
MAY 28 2016...........SUNRISE   606 AM EDT   SUNSET   818 PM EDT


-  INDICATES NEGATIVE NUMBERS.
R  INDICATES RECORD WAS SET OR TIED.
MM INDICATES DATA IS MISSING.
T  INDICATES TRACE AMOUNT.




$$
