000
CDUS42 KILM 310949
CLICRE


CLIMATE REPORT
NATIONAL WEATHER SERVICE WILMINGTON NC
448 AM EST SAT JAN 31 2015


...................................

...THE NORTH MYRTLE BEACH SC CLIMATE SUMMARY FOR JANUARY 30 2015...

CLIMATE NORMAL PERIOD 1981 TO 2010
CLIMATE RECORD PERIOD 1949 TO 2015


WEATHER ITEM   OBSERVED TIME   RECORD YEAR NORMAL DEPARTURE LAST
                VALUE   (LST)  VALUE       VALUE  FROM      YEAR
                                                  NORMAL
..................................................................
TEMPERATURE (F)
 YESTERDAY
  MAXIMUM         54    203 PM  74    1950  55     -1       34
  MINIMUM         39   1159 PM  21    1952  37      2       25
  AVERAGE         47                        46      1       30

PRECIPITATION (IN)
  YESTERDAY        0.03                      0.15  -0.12     0.02
  MONTH TO DATE    4.12                      3.53   0.59     1.81
  SINCE DEC 1      7.32                      6.99   0.33     3.39
  SINCE JAN 1      4.12                      3.53   0.59     1.81

SNOWFALL (IN)
  YESTERDAY       MM
  MONTH TO DATE   MM
  SINCE DEC 1     MM
  SINCE JUL 1     MM
  SNOW DEPTH      MM

DEGREE DAYS
 HEATING
  YESTERDAY       18                        19     -1       35
  MONTH TO DATE  487                       581    -94      673
  SINCE DEC 1    935                      1088   -153     1086
  SINCE JUL 1   1385                      1449    -64     1499

 COOLING
  YESTERDAY        0                         0      0        0
  MONTH TO DATE    1                         0      1        0
  SINCE DEC 1      3                         3      0        8
  SINCE JAN 1      1                         0      1        0
..................................................................


WIND (MPH)
  HIGHEST WIND SPEED    20   HIGHEST WIND DIRECTION    NW (300)
  HIGHEST GUST SPEED    31   HIGHEST GUST DIRECTION    NW (300)
  AVERAGE WIND SPEED     9.7


SKY COVER
  POSSIBLE SUNSHINE  MM
  AVERAGE SKY COVER 0.4


WEATHER CONDITIONS
 THE FOLLOWING WEATHER WAS RECORDED YESTERDAY.
  RAIN
  LIGHT RAIN


RELATIVE HUMIDITY (PERCENT)
 HIGHEST    80           800 AM
 LOWEST     28           500 PM
 AVERAGE    54

..........................................................


THE NORTH MYRTLE BEACH SC CLIMATE NORMALS FOR TODAY
                         NORMAL    RECORD    YEAR
 MAXIMUM TEMPERATURE (F)   55        75      1950
 MINIMUM TEMPERATURE (F)   37        17      1952


SUNRISE AND SUNSET
JANUARY 31 2015.......SUNRISE   712 AM EST   SUNSET   545 PM EST
FEBRUARY  1 2015......SUNRISE   712 AM EST   SUNSET   546 PM EST


-  INDICATES NEGATIVE NUMBERS.
R  INDICATES RECORD WAS SET OR TIED.
MM INDICATES DATA IS MISSING.
T  INDICATES TRACE AMOUNT.




$$
