000
CDUS42 KILM 312052
CLICRE


CLIMATE REPORT
NATIONAL WEATHER SERVICE WILMINGTON NC
452 PM EDT MON AUG 31 2015


...................................

...THE NORTH MYRTLE BEACH SC CLIMATE SUMMARY FOR AUGUST 31 2015...
VALID TODAY AS OF 0400 PM LOCAL TIME.

CLIMATE NORMAL PERIOD 1981 TO 2010
CLIMATE RECORD PERIOD 1949 TO 2015


WEATHER ITEM   OBSERVED TIME   RECORD YEAR NORMAL DEPARTURE LAST
                VALUE   (LST)  VALUE       VALUE  FROM      YEAR
                                                  NORMAL
..................................................................
TEMPERATURE (F)
 TODAY
  MAXIMUM         82    236 PM  97    1993  86     -4       86
  MINIMUM         73    742 AM  61    1951  70      3       78
  AVERAGE         78                        78      0       82

PRECIPITATION (IN)
  TODAY            0.60                      0.26   0.34     0.00
  MONTH TO DATE    5.81                      7.41  -1.60     6.60
  SINCE JUN 1     12.72                     17.95  -5.23    15.67
  SINCE JAN 1     32.78                     35.35  -2.57    28.65

DEGREE DAYS
 HEATING
  TODAY            0                         0      0        0
  MONTH TO DATE    0                         0      0        0
  SINCE JUN 1      0                         0      0        0
  SINCE JUL 1      0                         0      0        0

 COOLING
  TODAY           13                        13      0       17
  MONTH TO DATE  450                       431     19      440
  SINCE JUN 1   1450                      1264    186     1306
  SINCE JAN 1   1709                      1476    233     1588
..................................................................


WIND (MPH)
  HIGHEST WIND SPEED    22   HIGHEST WIND DIRECTION    SW (230)
  HIGHEST GUST SPEED    29   HIGHEST GUST DIRECTION    SW (220)
  AVERAGE WIND SPEED     6.3


SKY COVER
  POSSIBLE SUNSHINE  MM
  AVERAGE SKY COVER 0.7


WEATHER CONDITIONS
 THE FOLLOWING WEATHER WAS RECORDED TODAY.
  HEAVY RAIN
  RAIN
  LIGHT RAIN
  FOG


RELATIVE HUMIDITY (PERCENT)
 HIGHEST    94          1000 AM
 LOWEST     74           100 AM
 AVERAGE    84

..........................................................


THE NORTH MYRTLE BEACH SC CLIMATE NORMALS FOR TOMORROW
                         NORMAL    RECORD    YEAR
 MAXIMUM TEMPERATURE (F)   86        92      2012
 MINIMUM TEMPERATURE (F)   70        59      1999


SUNRISE AND SUNSET
AUGUST 31 2015........SUNRISE   648 AM EDT   SUNSET   742 PM EDT
SEPTEMBER  1 2015.....SUNRISE   648 AM EDT   SUNSET   741 PM EDT


-  INDICATES NEGATIVE NUMBERS.
R  INDICATES RECORD WAS SET OR TIED.
MM INDICATES DATA IS MISSING.
T  INDICATES TRACE AMOUNT.




$$
