000
CDUS42 KILM 240944
CLICRE


CLIMATE REPORT
NATIONAL WEATHER SERVICE WILMINGTON NC
444 AM EST MON NOV 24 2014


...................................

...THE NORTH MYRTLE BEACH SC CLIMATE SUMMARY FOR NOVEMBER 23 2014...

CLIMATE NORMAL PERIOD 1981 TO 2010
CLIMATE RECORD PERIOD 1949 TO 2014


WEATHER ITEM   OBSERVED TIME   RECORD YEAR NORMAL DEPARTURE LAST
                VALUE   (LST)  VALUE       VALUE  FROM      YEAR
                                                  NORMAL
..................................................................
TEMPERATURE (F)
 YESTERDAY
  MAXIMUM         71   1018 PM  78    1953  64      7       65
  MINIMUM         47   1231 AM  24    1949  45      2       53
  AVERAGE         59                        54      5       59

PRECIPITATION (IN)
  YESTERDAY        2.22                      0.11   2.11     0.08
  MONTH TO DATE    3.22                      2.33   0.89     1.70
  SINCE SEP 1      8.50                     12.49  -3.99     4.43
  SINCE JAN 1     37.15                     47.84 -10.69    45.19

SNOWFALL (IN)
  YESTERDAY       MM
  MONTH TO DATE   MM
  SINCE SEP 1     MM
  SINCE JUL 1     MM
  SNOW DEPTH      MM

DEGREE DAYS
 HEATING
  YESTERDAY        6                        11     -5        6
  MONTH TO DATE  301                       188    113      192
  SINCE SEP 1    361                       278     83      269
  SINCE JUL 1    361                       278     83      269

 COOLING
  YESTERDAY        0                         0      0        0
  MONTH TO DATE    4                        12     -8       23
  SINCE SEP 1    441                       419     22      389
  SINCE JAN 1   2029                      1895    134     1840
..................................................................


WIND (MPH)
  HIGHEST WIND SPEED    26   HIGHEST WIND DIRECTION    SW (240)
  HIGHEST GUST SPEED    43   HIGHEST GUST DIRECTION    SW (210)
  AVERAGE WIND SPEED     9.0


SKY COVER
  POSSIBLE SUNSHINE  MM
  AVERAGE SKY COVER 0.8


WEATHER CONDITIONS
 THE FOLLOWING WEATHER WAS RECORDED YESTERDAY.
  THUNDERSTORM
  HEAVY RAIN
  RAIN
  LIGHT RAIN
  FOG


RELATIVE HUMIDITY (PERCENT)
 HIGHEST    96           400 AM
 LOWEST     87           900 AM
 AVERAGE    92

..........................................................


THE NORTH MYRTLE BEACH SC CLIMATE NORMALS FOR TODAY
                         NORMAL    RECORD    YEAR
 MAXIMUM TEMPERATURE (F)   64        76      1993
 MINIMUM TEMPERATURE (F)   44        27      2013


SUNRISE AND SUNSET
NOVEMBER 24 2014......SUNRISE   655 AM EST   SUNSET   508 PM EST
NOVEMBER 25 2014......SUNRISE   656 AM EST   SUNSET   507 PM EST


-  INDICATES NEGATIVE NUMBERS.
R  INDICATES RECORD WAS SET OR TIED.
MM INDICATES DATA IS MISSING.
T  INDICATES TRACE AMOUNT.




$$
