000
CDUS42 KILM 272043
CLICRE


CLIMATE REPORT
NATIONAL WEATHER SERVICE WILMINGTON NC
443 PM EDT MON MAR 27 2017


...................................

...THE NORTH MYRTLE BEACH SC CLIMATE SUMMARY FOR MARCH 27 2017...
VALID TODAY AS OF 0400 PM LOCAL TIME.

CLIMATE NORMAL PERIOD 1981 TO 2010
CLIMATE RECORD PERIOD 1949 TO 2017


WEATHER ITEM   OBSERVED TIME   RECORD YEAR NORMAL DEPARTURE LAST
                VALUE   (LST)  VALUE       VALUE  FROM      YEAR
                                                  NORMAL
..................................................................
TEMPERATURE (F)
 TODAY
  MAXIMUM         74    125 PM  79    1949  67      7       67
  MINIMUM         53    627 AM  25    1955  47      6       62
  AVERAGE         64                        57      7       65

PRECIPITATION (IN)
  TODAY            0.00                      0.14  -0.14     0.62
  MONTH TO DATE    1.69                      3.41  -1.72     1.47
  SINCE MAR 1      1.69                      3.41  -1.72     1.47
  SINCE JAN 1      5.22                     10.52  -5.30     9.54

SNOWFALL (IN)
  TODAY           MM
  MONTH TO DATE   MM
  SINCE MAR 1     MM
  SINCE JUL 1     MM
  SNOW DEPTH      MM

DEGREE DAYS
 HEATING
  TODAY            1                         8     -7        0
  MONTH TO DATE  343                       306     37      158
  SINCE MAR 1    343                       306     37      158
  SINCE JUL 1   1747                      2250   -503     1633

 COOLING
  TODAY            0                         0      0        0
  MONTH TO DATE    3                         0      3       28
  SINCE MAR 1      3                         0      3       28
  SINCE JAN 1      4                         0      4       28
..................................................................


WIND (MPH)
  HIGHEST WIND SPEED    14   HIGHEST WIND DIRECTION     S (170)
  HIGHEST GUST SPEED    19   HIGHEST GUST DIRECTION     S (180)
  AVERAGE WIND SPEED     6.2


SKY COVER
  POSSIBLE SUNSHINE  MM
  AVERAGE SKY COVER 0.0


WEATHER CONDITIONS
 THE FOLLOWING WEATHER WAS RECORDED TODAY.
  FOG


RELATIVE HUMIDITY (PERCENT)
 HIGHEST   100           500 AM
 LOWEST     53          1100 AM
 AVERAGE    77

..........................................................


THE NORTH MYRTLE BEACH SC CLIMATE NORMALS FOR TOMORROW
                         NORMAL    RECORD    YEAR
 MAXIMUM TEMPERATURE (F)   67        83      2016
 MINIMUM TEMPERATURE (F)   47        27      1955


SUNRISE AND SUNSET
MARCH 27 2017.........SUNRISE   709 AM EDT   SUNSET   732 PM EDT
MARCH 28 2017.........SUNRISE   707 AM EDT   SUNSET   733 PM EDT


-  INDICATES NEGATIVE NUMBERS.
R  INDICATES RECORD WAS SET OR TIED.
MM INDICATES DATA IS MISSING.
T  INDICATES TRACE AMOUNT.




$$
