000
CXUS54 KCRP 011210
CF6CRP
PRELIMINARY LOCAL CLIMATOLOGICAL DATA (WS FORM: F-6)
STATION: CORPUS CHRISTI
MONTH: MAY
YEAR: 2023
LATITUDE: 27 46 N
LONGITUDE: 97 30 W
TEMPERATURE IN F: :PCPN: SNOW: WIND :SUNSHINE: SKY :PK WND
================================================================================
1 2 3 4 5 6A 6B 7 8 9 10 11 12 13 14 15 16 17 18
12Z AVG MX 2MIN
DY MAX MIN AVG DEP HDD CDD WTR SNW DPTH SPD SPD DIR MIN PSBL S-S WX SPD DR
================================================================================
1 85 64 75 -1 0 10 0.00 0.0 0 10.6 18 140 M M 5 26 140
2 82 71 77 1 0 12 0.00 0.0 0 10.3 18 90 M M 8 24 150
3 83 68 76 0 0 11 0.00 0.0 0 8.8 15 100 M M 8 22 110
4 86 74 80 3 0 15 T 0.0 0 7.8 16 110 M M 10 13 24 120
5 89 76 83 6 0 18 T 0.0 0 9.3 22 160 M M 10 138 33 180
6 88 78 83 6 0 18 0.00 0.0 0 12.7 22 160 M M 8 32 170
7 89 78 84 7 0 19 0.01 0.0 0 13.5 23 140 M M 9 33 130
8 88 76 82 4 0 17 T 0.0 0 10.1 21 170 M M 8 1 32 180
9 83 68 76 -2 0 11 0.38 0.0 0 10.3 25 330 M M 9 13 37 340
10 89 76 83 5 0 18 T 0.0 0 10.6 21 170 M M 9 3 29 180
11 89 79 84 6 0 19 0.00 0.0 0 11.9 20 140 M M 9 1 28 130
12 88 80 84 6 0 19 T 0.0 0 13.4 21 120 M M 9 18 31 150
13 81 70 76 -2 0 11 1.38 0.0 0 8.8 21 250 M M 10 13 31 180
14 90 70 80 1 0 15 0.00 0.0 0 6.0 13 110 M M 8 1 18 110
15 85 73 79 0 0 14 0.02 0.0 0 4.8 12 90 M M 9 3 18 200
16 83 69 76 -3 0 11 1.37 0.0 0 4.5 24 120 M M 8 13 34 120
17 91 70 81 2 0 16 0.00 0.0 0 5.0 12 110 M M 4 1 17 40
18 89 69 79 0 0 14 0.00 0.0 0 4.6 16 80 M M 5 1 21 80
19 91 72 82 2 0 17 0.00 0.0 0 7.8 16 150 M M 6 23 130
20 88 73 81 1 0 16 0.10 0.0 0 6.7 18 360 M M 9 13 24 10
21 86 72 79 -1 0 14 T 0.0 0 8.2 15 10 M M 8 21 350
22 91 71 81 1 0 16 0.00 0.0 0 6.0 14 100 M M 6 20 110
23 91 72 82 2 0 17 0.00 0.0 0 5.1 14 110 M M 4 1 20 130
24 90 73 82 1 0 17 0.00 0.0 0 8.6 22 50 M M 5 28 50
25 90 71 81 0 0 16 0.00 0.0 0 6.9 14 120 M M 6 22 110
26 89 72 81 0 0 16 0.00 0.0 0 8.0 17 110 M M 6 23 110
27 90 72 81 0 0 16 0.00 0.0 0 7.4 18 90 M M 6 28 80
28 87 71 79 -2 0 14 T 0.0 0 6.2 15 140 M M 9 21 110
29 90 70 80 -1 0 15 0.01 0.0 0 6.8 17 80 M M 8 24 90
30 90 73 82 0 0 17 0.06 0.0 0 7.1 16 100 M M 6 3 23 80
31 91 70 81 -1 0 16 0.00 0.0 0 7.7 18 100 M M 3 26 90
================================================================================
SM 2722 2241 0 475 3.33 0.0 255.5 M 228
================================================================================
AV 87.8 72.3 8.2 FASTST M M 7 MAX(MPH)
MISC ----> 25 330 37 340
================================================================================
NOTES:
# LAST OF SEVERAL OCCURRENCES
COLUMN 17 PEAK WIND IN M.P.H.
PRELIMINARY LOCAL CLIMATOLOGICAL DATA (WS FORM: F-6) , PAGE 2
STATION: CORPUS CHRISTI
MONTH: MAY
YEAR: 2023
LATITUDE: 27 46 N
LONGITUDE: 97 30 W
[TEMPERATURE DATA] [PRECIPITATION DATA] SYMBOLS USED IN COLUMN 16
AVERAGE MONTHLY: 80.0 TOTAL FOR MONTH: 3.33 1 = FOG OR MIST
DPTR FM NORMAL: 1.0 DPTR FM NORMAL: -0.05 2 = FOG REDUCING VISIBILITY
HIGHEST: 91 ON 31,23 GRTST 24HR 1.38 ON 12-13 TO 1/4 MILE OR LESS
LOWEST: 64 ON 1 3 = THUNDER
SNOW, ICE PELLETS, HAIL 4 = ICE PELLETS
TOTAL MONTH: 0.0 INCH 5 = HAIL
GRTST 24HR 0.0 6 = FREEZING RAIN OR DRIZZLE
GRTST DEPTH: 0 7 = DUSTSTORM OR SANDSTORM:
VSBY 1/2 MILE OR LESS
8 = SMOKE OR HAZE
[NO. OF DAYS WITH] [WEATHER - DAYS WITH] 9 = BLOWING SNOW
X = TORNADO
MAX 32 OR BELOW: 0 0.01 INCH OR MORE: 8
MAX 90 OR ABOVE: 11 0.10 INCH OR MORE: 4
MIN 32 OR BELOW: 0 0.50 INCH OR MORE: 2
MIN 0 OR BELOW: 0 1.00 INCH OR MORE: 2
[HDD (BASE 65) ]
TOTAL THIS MO. 0 CLEAR (SCALE 0-3) 1
DPTR FM NORMAL 0 PTCLDY (SCALE 4-7) 14
TOTAL FM JUL 1 728 CLOUDY (SCALE 8-10) 16
DPTR FM NORMAL -73
[CDD (BASE 65) ]
TOTAL THIS MO. 475
DPTR FM NORMAL 41 [PRESSURE DATA]
TOTAL FM JAN 1 1220 HIGHEST SLP 30.17 ON 15
DPTR FM NORMAL 286 LOWEST SLP 29.72 ON 11
[REMARKS]
#FINAL-05-23#