000
CXUS54 KCRP 222311
CF6CRP
PRELIMINARY LOCAL CLIMATOLOGICAL DATA (WS FORM: F-6)
STATION: CORPUS CHRISTI
MONTH: MARCH
YEAR: 2022
LATITUDE: 27 46 N
LONGITUDE: 97 30 W
TEMPERATURE IN F: :PCPN: SNOW: WIND :SUNSHINE: SKY :PK WND
================================================================================
1 2 3 4 5 6A 6B 7 8 9 10 11 12 13 14 15 16 17 18
12Z AVG MX 2MIN
DY MAX MIN AVG DEP HDD CDD WTR SNW DPTH SPD SPD DIR MIN PSBL S-S WX SPD DR
================================================================================
1 69 32 51 -13 14 0 0.00 0.0 0 7.0 16 110 M M 1 1 21 80
2 73 47 60 -5 5 0 0.00 0.0 0 10.3 20 100 M M 5 1 23 110
3 77 55 66 1 0 1 0.00 0.0 0 8.1 17 100 M M 9 21 110
4 82 62 72 7 0 7 0.00 0.0 0 14.4 32 140 M M 6 37 140
5 83 64 74 9 0 9 0.00 0.0 0 20.2 38 160 M M 5 47 160
6 81 70 76 11 0 11 T 0.0 0 22.2 35 160 M M 8 40 170
7 71 50 61 -5 4 0 T 0.0 0 17.0 32 30 M M 10 1 40 30
8 53 47 50 -16 15 0 T 0.0 0 14.9 22 20 M M 10 1 28 20
9 64 43 54 -12 11 0 0.00 0.0 0 11.5 21 10 M M 7 26 20
10 67 41 54 -12 11 0 T 0.0 0 10.1 16 50 M M 8 1 19 40
11 66 41 54 -12 11 0 0.58 0.0 0 18.9 36 350 M M 8 1 46 360
12 59 35 47 -20 18 0 0.00 0.0 0 12.9 25 360 M M 3 32 10
13 71 34 53 -14 12 0 0.00 0.0 0 11.8 25 140 M M 6 35 140
14 81 50 66 -1 0 1 0.00 0.0 0 15.4 31 160 M M 3 1 37 170
15 84 54 69 2 0 4 0.00 0.0 0 11.1 24 310 M M 3 12 29 320
16 82 44 63 -4 2 0 0.00 0.0 0 8.8 24 160 M M 3 30 140
17 84 56 70 2 0 5 0.00 0.0 0 17.7 31 160 M M 6 1 40 160
18 81 61 71 3 0 6 0.00 0.0 0 13.5 30 350 M M 6 12 47 350
19 76 51 64 -4 1 0 0.00 0.0 0 11.9 22 100 M M 2 29 80
20 77 45 61 -7 4 0 T 0.0 0 13.3 28 110 M M 5 1 40 120
21 83 68 76 8 0 11 T 0.0 0 27.5 44 160 M M 10 18 54 160
22 83 55 69 0 0 4 0.11 0.0 0 15.0 30 300 M M 4 1 38 300
23 76 42 59 -10 6 0 0.00 0.0 0 9.3 24 340 M M 2 31 340
24 82 46 64 -5 1 0 0.00 0.0 0 13.5 31 290 M M 0 40 290
25 88 44 66 -3 0 1 0.00 0.0 0 8.9 20 110 M M 1 24 120
26 89 51 70 1 0 5 0.00 0.0 0 13.6 25 140 M M 5 12 31 160
27 83 52 68 -2 0 3 0.00 0.0 0 15.8 28 150 M M 5 12 34 180
28 85 58 72 2 0 7 0.00 0.0 0 18.9 35 150 M M 5 44 140
29 83 70 77 7 0 12 0.00 0.0 0 29.5 43 160 M M 9 54 160
30 94 69 82 12 0 17 0.01 0.0 0 20.4 41 160 M M 4 1 54 160
31 79 55 67 -3 0 2 0.00 0.0 0 12.3 22 100 M M 3 27 100
================================================================================
SM 2406 1592 115 106 0.70 0.0 455.7 M 162
================================================================================
AV 77.6 51.4 14.7 FASTST M M 5 MAX(MPH)
MISC ----> 44 160 # 54 160
================================================================================
NOTES:
# LAST OF SEVERAL OCCURRENCES
COLUMN 17 PEAK WIND IN M.P.H.
PRELIMINARY LOCAL CLIMATOLOGICAL DATA (WS FORM: F-6) , PAGE 2
STATION: CORPUS CHRISTI
MONTH: MARCH
YEAR: 2022
LATITUDE: 27 46 N
LONGITUDE: 97 30 W
[TEMPERATURE DATA] [PRECIPITATION DATA] SYMBOLS USED IN COLUMN 16
AVERAGE MONTHLY: 64.5 TOTAL FOR MONTH: 0.70 1 = FOG OR MIST
DPTR FM NORMAL: -2.9 DPTR FM NORMAL: -1.58 2 = FOG REDUCING VISIBILITY
HIGHEST: 94 ON 30 GRTST 24HR 0.58 ON 11-11 TO 1/4 MILE OR LESS
LOWEST: 32 ON 1 3 = THUNDER
SNOW, ICE PELLETS, HAIL 4 = ICE PELLETS
TOTAL MONTH: 0.0 INCH 5 = HAIL
GRTST 24HR 0.0 6 = FREEZING RAIN OR DRIZZLE
GRTST DEPTH: 0 7 = DUSTSTORM OR SANDSTORM:
VSBY 1/2 MILE OR LESS
8 = SMOKE OR HAZE
[NO. OF DAYS WITH] [WEATHER - DAYS WITH] 9 = BLOWING SNOW
X = TORNADO
MAX 32 OR BELOW: 0 0.01 INCH OR MORE: 3
MAX 90 OR ABOVE: 1 0.10 INCH OR MORE: 2
MIN 32 OR BELOW: 1 0.50 INCH OR MORE: 1
MIN 0 OR BELOW: 0 1.00 INCH OR MORE: 0
[HDD (BASE 65) ]
TOTAL THIS MO. 115 CLEAR (SCALE 0-3) 9
DPTR FM NORMAL 48 PTCLDY (SCALE 4-7) 16
TOTAL FM JUL 1 871 CLOUDY (SCALE 8-10) 6
DPTR FM NORMAL 81
[CDD (BASE 65) ]
TOTAL THIS MO. 106
DPTR FM NORMAL -35 [PRESSURE DATA]
TOTAL FM JAN 1 163 HIGHEST SLP 30.58 ON 12
DPTR FM NORMAL -74 LOWEST SLP 29.44 ON 30
[REMARKS]
#FINAL-03-22#