000
CDUS44 KCRP 220743
CLICRP

CLIMATE REPORT
NATIONAL WEATHER SERVICE CORPUS CHRISTI TX
140 AM CST WED FEB 22 2017


...................................

...THE CORPUS CHRISTI CLIMATE SUMMARY FOR FEBRUARY 21 2017...

CLIMATE NORMAL PERIOD 1981 TO 2010
CLIMATE RECORD PERIOD 1887 TO 2017


WEATHER ITEM   OBSERVED TIME   RECORD YEAR NORMAL DEPARTURE LAST
                VALUE   (LST)  VALUE       VALUE  FROM      YEAR
                                                  NORMAL
..................................................................
TEMPERATURE (F)
 YESTERDAY
  MAXIMUM         84    435 PM  92    1997  72     12       81
  MINIMUM         54    732 AM  33    1978  52      2       64
                                      1964
  AVERAGE         69                        62      7       73

PRECIPITATION (IN)
  YESTERDAY        0.00          1.53 1938   0.07  -0.07     0.00
  MONTH TO DATE    2.57                      1.40   1.17     0.00
  SINCE DEC 1      5.04                      4.77   0.27     2.97
  SINCE JAN 1      2.84                      2.94  -0.10     2.08

SNOWFALL (IN)
  YESTERDAY        0.0
  MONTH TO DATE    0.0
  SINCE DEC 1      0.0
  SINCE JUL 1      0.0
  SNOW DEPTH       0

DEGREE DAYS
 HEATING
  YESTERDAY        0                         5     -5        0
  MONTH TO DATE   26                       140   -114       83
  SINCE DEC 1    330                       666   -336      515
  SINCE JUL 1    348                       767   -419      589

 COOLING
  YESTERDAY        4                         2      2        8
  MONTH TO DATE  122                        35     87       37
  SINCE DEC 1    302                       114    188      128
  SINCE JAN 1    214                        65    149       50
..................................................................


WIND (MPH)
  HIGHEST WIND SPEED    21   HIGHEST WIND DIRECTION    NW (320)
  HIGHEST GUST SPEED    25   HIGHEST GUST DIRECTION    NW (310)
  AVERAGE WIND SPEED    10.9


SKY COVER
  POSSIBLE SUNSHINE  MM
  AVERAGE SKY COVER 0.1


WEATHER CONDITIONS
 THE FOLLOWING WEATHER WAS RECORDED YESTERDAY.
  NO SIGNIFICANT WEATHER WAS OBSERVED.


RELATIVE HUMIDITY (PERCENT)
 HIGHEST   100          1200 AM
 LOWEST     26           300 PM
 AVERAGE    63

..........................................................


THE CORPUS CHRISTI CLIMATE NORMALS FOR TODAY
                         NORMAL    RECORD    YEAR
 MAXIMUM TEMPERATURE (F)   72        89      1980
 MINIMUM TEMPERATURE (F)   52        27      1978


SUNRISE AND SUNSET
FEBRUARY 22 2017......SUNRISE   701 AM CST   SUNSET   626 PM CST
FEBRUARY 23 2017......SUNRISE   700 AM CST   SUNSET   627 PM CST


-  INDICATES NEGATIVE NUMBERS.
R  INDICATES RECORD WAS SET OR TIED.
MM INDICATES DATA IS MISSING.
T  INDICATES TRACE AMOUNT.




$$
