000
CDUS44 KCRP 070725
CLICRP

CLIMATE REPORT
NATIONAL WEATHER SERVICE CORPUS CHRISTI TX
221 AM CDT TUE JUL 7 2015


...................................

...THE CORPUS CHRISTI CLIMATE SUMMARY FOR JULY 6 2015...

CLIMATE NORMAL PERIOD 1981 TO 2010
CLIMATE RECORD PERIOD 1887 TO 2015


WEATHER ITEM   OBSERVED TIME   RECORD YEAR NORMAL DEPARTURE LAST
                VALUE   (LST)  VALUE       VALUE  FROM      YEAR
                                                  NORMAL
..................................................................
TEMPERATURE (F)
 YESTERDAY
  MAXIMUM         92    108 PM 100    2005  92      0       94
  MINIMUM         79    643 AM  68    1997  75      4       73
                                      1981
  AVERAGE         86                        84      2       84

PRECIPITATION (IN)
  YESTERDAY        0.00          3.49 1981   0.12  -0.12     0.00
  MONTH TO DATE    0.57                      0.74  -0.17     0.29
  SINCE JUN 1      2.20                      4.10  -1.90     1.70
  SINCE JAN 1     32.46                     14.37  18.09     8.80

SNOWFALL (IN)
  YESTERDAY        0.0
  MONTH TO DATE    0.0
  SINCE JUN 1      0.0
  SINCE JUL 1      0.0
  SNOW DEPTH       0

DEGREE DAYS
 HEATING
  YESTERDAY        0                         0      0        0
  MONTH TO DATE    0                         0      0        0
  SINCE JUN 1      0                         0      0        0
  SINCE JUL 1      0                         0      0        0

 COOLING
  YESTERDAY       21                        19      2       19
  MONTH TO DATE  110                       110      0      114
  SINCE JUN 1    649                       632     17      721
  SINCE JAN 1   1479                      1473      6     1527
..................................................................


WIND (MPH)
  HIGHEST WIND SPEED    28   HIGHEST WIND DIRECTION    SE (150)
  HIGHEST GUST SPEED    35   HIGHEST GUST DIRECTION    SE (150)
  AVERAGE WIND SPEED    17.7


SKY COVER
  POSSIBLE SUNSHINE  MM
  AVERAGE SKY COVER 0.8


WEATHER CONDITIONS
 THE FOLLOWING WEATHER WAS RECORDED YESTERDAY.
  FOG


RELATIVE HUMIDITY (PERCENT)
 HIGHEST    91          1200 AM
 LOWEST     56          1100 AM
 AVERAGE    74

..........................................................


THE CORPUS CHRISTI CLIMATE NORMALS FOR TODAY
                         NORMAL    RECORD    YEAR
 MAXIMUM TEMPERATURE (F)   92        99      2005
 MINIMUM TEMPERATURE (F)   75        69      1985


SUNRISE AND SUNSET
JULY  7 2015..........SUNRISE   640 AM CDT   SUNSET   830 PM CDT
JULY  8 2015..........SUNRISE   641 AM CDT   SUNSET   829 PM CDT


-  INDICATES NEGATIVE NUMBERS.
R  INDICATES RECORD WAS SET OR TIED.
MM INDICATES DATA IS MISSING.
T  INDICATES TRACE AMOUNT.

$$

CB
