000
CDUS44 KCRP 180023
CLICRP

CLIMATE REPORT
NATIONAL WEATHER SERVICE CORPUS CHRISTI TX
721 PM CDT WED SEP 17 2014


...................................

...THE CORPUS CHRISTI CLIMATE SUMMARY FOR SEPTEMBER 17 2014...
VALID TODAY AS OF 700 PM LOCAL TIME.

CLIMATE NORMAL PERIOD 1981 TO 2010
CLIMATE RECORD PERIOD 1887 TO 2014


WEATHER ITEM   OBSERVED TIME   RECORD YEAR NORMAL DEPARTURE LAST
                VALUE   (LST)  VALUE       VALUE  FROM      YEAR
                                                  NORMAL
..................................................................
TEMPERATURE (F)
 TODAY
  MAXIMUM         92    215 PM  98    1997  90      2       92
                                      1995
  MINIMUM         76    419 AM  54    1903  72      4       79
  AVERAGE         84                        81      3       86

PRECIPITATION (IN)
  TODAY            T             2.41 1950   0.17  -0.17     0.62
  MONTH TO DATE    2.65                      3.02  -0.37     4.96
  SINCE SEP 1      2.65                      3.02  -0.37     4.96
  SINCE JAN 1     16.49                     22.36  -5.87    15.97

SNOWFALL (IN)
  TODAY            0.0
  MONTH TO DATE    0.0
  SINCE SEP 1      0.0
  SINCE JUL 1      0.0
  SNOW DEPTH       0

DEGREE DAYS
 HEATING
  TODAY            0                         0      0        0
  MONTH TO DATE    0                         0      0        0
  SINCE SEP 1      0                         0      0        0
  SINCE JUL 1      0                         0      0        0

 COOLING
  TODAY           19                        16      3       21
  MONTH TO DATE  302                       295      7      345
  SINCE SEP 1    302                       295      7      345
  SINCE JAN 1   3005                      2856    149     3358
..................................................................


WIND (MPH)
  HIGHEST WIND SPEED    16   HIGHEST WIND DIRECTION    SE (150)
  HIGHEST GUST SPEED    20   HIGHEST GUST DIRECTION    SE (140)


SKY COVER
  POSSIBLE SUNSHINE  MM
  AVERAGE SKY COVER 0.7


WEATHER CONDITIONS
 THE FOLLOWING WEATHER WAS RECORDED TODAY.
  LIGHT RAIN


RELATIVE HUMIDITY (PERCENT)
 HIGHEST    94           300 AM
 LOWEST     59          1200 PM
 AVERAGE    77

..........................................................


THE CORPUS CHRISTI CLIMATE NORMALS FOR TOMORROW
                         NORMAL    RECORD    YEAR
 MAXIMUM TEMPERATURE (F)   90        97      1997
                                             1995
 MINIMUM TEMPERATURE (F)   72        58      1981


SUNRISE AND SUNSET
SEPTEMBER 17 2014.....SUNRISE   716 AM CDT   SUNSET   732 PM CDT
SEPTEMBER 18 2014.....SUNRISE   717 AM CDT   SUNSET   731 PM CDT


-  INDICATES NEGATIVE NUMBERS.
R  INDICATES RECORD WAS SET OR TIED.
MM INDICATES DATA IS MISSING.
T  INDICATES TRACE AMOUNT.




$$
