000
CDUS44 KCRP 290035
CLICRP

CLIMATE REPORT
NATIONAL WEATHER SERVICE CORPUS CHRISTI TX
734 PM CDT TUE JUN 28 2016


...................................

...THE CORPUS CHRISTI CLIMATE SUMMARY FOR JUNE 28 2016...
VALID TODAY AS OF 700 PM LOCAL TIME.

CLIMATE NORMAL PERIOD 1981 TO 2010
CLIMATE RECORD PERIOD 1887 TO 2016


WEATHER ITEM   OBSERVED TIME   RECORD YEAR NORMAL DEPARTURE LAST
                VALUE   (LST)  VALUE       VALUE  FROM      YEAR
                                                  NORMAL
..................................................................
TEMPERATURE (F)
 TODAY
  MAXIMUM         99    227 PM 101    2013  92      7       91
  MINIMUM         74    556 AM  65    1974  75     -1       75
  AVERAGE         87                        83      4       83

PRECIPITATION (IN)
  TODAY            0.00          1.44 1913   0.12  -0.12     0.00
  MONTH TO DATE    2.88                      3.13  -0.25     1.58
  SINCE JUN 1      2.88                      3.13  -0.25     1.58
  SINCE JAN 1     21.10                     13.40   7.70    31.84

SNOWFALL (IN)
  TODAY            0.0
  MONTH TO DATE    0.0
  SINCE JUN 1      0.0
  SINCE JUL 1      0.0
  SNOW DEPTH       0

DEGREE DAYS
 HEATING
  TODAY            0                         0      0        0
  MONTH TO DATE    0                         0      0        0
  SINCE JUN 1      0                         0      0        0
  SINCE JUL 1    640                       898   -258     1053

 COOLING
  TODAY           22                        18      4       18
  MONTH TO DATE  518                       484     34      502
  SINCE JUN 1    518                       484     34      502
  SINCE JAN 1   1554                      1325    229     1332
..................................................................


WIND (MPH)
  HIGHEST WIND SPEED    16   HIGHEST WIND DIRECTION    SE (130)
  HIGHEST GUST SPEED    20   HIGHEST GUST DIRECTION    SE (140)


SKY COVER
  POSSIBLE SUNSHINE  MM
  AVERAGE SKY COVER 0.4


WEATHER CONDITIONS
 THE FOLLOWING WEATHER WAS RECORDED TODAY.
  HAZE


RELATIVE HUMIDITY (PERCENT)
 HIGHEST    94           100 AM
 LOWEST     42           100 PM
 AVERAGE    68

..........................................................


THE CORPUS CHRISTI CLIMATE NORMALS FOR TOMORROW
                         NORMAL    RECORD    YEAR
 MAXIMUM TEMPERATURE (F)   92       107      2013
 MINIMUM TEMPERATURE (F)   75        65      1985


SUNRISE AND SUNSET
JUNE 28 2016..........SUNRISE   637 AM CDT   SUNSET   830 PM CDT
JUNE 29 2016..........SUNRISE   637 AM CDT   SUNSET   830 PM CDT


-  INDICATES NEGATIVE NUMBERS.
R  INDICATES RECORD WAS SET OR TIED.
MM INDICATES DATA IS MISSING.
T  INDICATES TRACE AMOUNT.




$$
