000
CDUS44 KCRP 270827
CLICRP

CLIMATE REPORT
NATIONAL WEATHER SERVICE CORPUS CHRISTI TX
327 AM CDT FRI MAR 27 2015


...................................

...THE CORPUS CHRISTI CLIMATE SUMMARY FOR MARCH 26 2015...

CLIMATE NORMAL PERIOD 1981 TO 2010
CLIMATE RECORD PERIOD 1887 TO 2015


WEATHER ITEM   OBSERVED TIME   RECORD YEAR NORMAL DEPARTURE LAST
                VALUE   (LST)  VALUE       VALUE  FROM      YEAR
                                                  NORMAL
..................................................................
TEMPERATURE (F)
 YESTERDAY
  MAXIMUM         75    912 AM  94    1939  78     -3       70
  MINIMUM         59   1159 PM  34    1969  58      1       59
  AVERAGE         67                        68     -1       65

PRECIPITATION (IN)
  YESTERDAY        0.04          1.67 1943   0.07  -0.03     0.07
  MONTH TO DATE    6.13                      1.63   4.50     1.64
  SINCE MAR 1      6.13                      1.63   4.50     1.64
  SINCE JAN 1      9.58                      5.10   4.48     2.55

SNOWFALL (IN)
  YESTERDAY        0.0
  MONTH TO DATE    0.0
  SINCE MAR 1      0.0
  SINCE JUL 1      0.0
  SNOW DEPTH       0

DEGREE DAYS
 HEATING
  YESTERDAY        0                         2     -2        0
  MONTH TO DATE  115                        75     40      132
  SINCE MAR 1    115                        75     40      132
  SINCE JUL 1   1052                       875    177     1131

 COOLING
  YESTERDAY        2                         5     -3        0
  MONTH TO DATE   52                        90    -38       42
  SINCE MAR 1     52                        90    -38       42
  SINCE JAN 1     80                       166    -86      119
..................................................................


WIND (MPH)
  HIGHEST WIND SPEED    33   HIGHEST WIND DIRECTION     N (350)
  HIGHEST GUST SPEED    41   HIGHEST GUST DIRECTION     N (340)
  AVERAGE WIND SPEED    12.9


SKY COVER
  POSSIBLE SUNSHINE  MM
  AVERAGE SKY COVER 0.9


WEATHER CONDITIONS
 THE FOLLOWING WEATHER WAS RECORDED YESTERDAY.
  THUNDERSTORM
  RAIN
  LIGHT RAIN
  FOG
  FOG W/VISIBILITY <= 1/4 MILE


RELATIVE HUMIDITY (PERCENT)
 HIGHEST    93          1200 AM
 LOWEST     53           300 PM
 AVERAGE    73

..........................................................


THE CORPUS CHRISTI CLIMATE NORMALS FOR TODAY
                         NORMAL    RECORD    YEAR
 MAXIMUM TEMPERATURE (F)   78       101      1984
 MINIMUM TEMPERATURE (F)   59        37      1955
                                             1913


SUNRISE AND SUNSET
MARCH 27 2015.........SUNRISE   726 AM CDT   SUNSET   745 PM CDT
MARCH 28 2015.........SUNRISE   725 AM CDT   SUNSET   745 PM CDT


-  INDICATES NEGATIVE NUMBERS.
R  INDICATES RECORD WAS SET OR TIED.
MM INDICATES DATA IS MISSING.
T  INDICATES TRACE AMOUNT.




$$
