000
CDUS44 KCRP 040905
CLICRP

CLIMATE REPORT
NATIONAL WEATHER SERVICE CORPUS CHRISTI TX
404 AM CDT WED MAY 4 2016


...................................

...THE CORPUS CHRISTI CLIMATE SUMMARY FOR MAY 3 2016...

CLIMATE NORMAL PERIOD 1981 TO 2010
CLIMATE RECORD PERIOD 1887 TO 2016


WEATHER ITEM   OBSERVED TIME   RECORD YEAR NORMAL DEPARTURE LAST
                VALUE   (LST)  VALUE       VALUE  FROM      YEAR
                                                  NORMAL
..................................................................
TEMPERATURE (F)
 YESTERDAY
  MAXIMUM         83    259 PM 103    1984  85     -2       82
  MINIMUM         64    604 AM  52    2004  67     -3       65
  AVERAGE         74                        76     -2       74

PRECIPITATION (IN)
  YESTERDAY        0.00          1.90 1896   0.08  -0.08     0.22
  MONTH TO DATE    T                         0.24  -0.24     0.22
  SINCE MAR 1      9.94                      3.97   5.97    12.71
  SINCE JAN 1     12.23                      7.44   4.79    16.16

SNOWFALL (IN)
  YESTERDAY        0.0
  MONTH TO DATE    0.0
  SINCE MAR 1      0.0
  SINCE JUL 1      0.0
  SNOW DEPTH       0

DEGREE DAYS
 HEATING
  YESTERDAY        0                         0      0        0
  MONTH TO DATE    0                         0      0        0
  SINCE MAR 1     21                        98    -77      116
  SINCE JUL 1    640                       898   -258     1053

 COOLING
  YESTERDAY        9                        11     -2        9
  MONTH TO DATE   35                        33      2       19
  SINCE MAR 1    533                       385    148      375
  SINCE JAN 1    610                       461    149      403
..................................................................


WIND (MPH)
  HIGHEST WIND SPEED    17   HIGHEST WIND DIRECTION    NE (30)
  HIGHEST GUST SPEED    26   HIGHEST GUST DIRECTION     N (20)
  AVERAGE WIND SPEED    10.0


SKY COVER
  POSSIBLE SUNSHINE  MM
  AVERAGE SKY COVER 0.7


WEATHER CONDITIONS
 THE FOLLOWING WEATHER WAS RECORDED YESTERDAY.
  NO SIGNIFICANT WEATHER WAS OBSERVED.


RELATIVE HUMIDITY (PERCENT)
 HIGHEST    67           200 AM
 LOWEST     31           300 PM
 AVERAGE    49

..........................................................


THE CORPUS CHRISTI CLIMATE NORMALS FOR TODAY
                         NORMAL    RECORD    YEAR
 MAXIMUM TEMPERATURE (F)   85       100      1999
 MINIMUM TEMPERATURE (F)   68        47      1970


SUNRISE AND SUNSET
MAY  4 2016...........SUNRISE   648 AM CDT   SUNSET   806 PM CDT
MAY  5 2016...........SUNRISE   647 AM CDT   SUNSET   807 PM CDT


-  INDICATES NEGATIVE NUMBERS.
R  INDICATES RECORD WAS SET OR TIED.
MM INDICATES DATA IS MISSING.
T  INDICATES TRACE AMOUNT.




$$
