000
CDUS44 KCRP 312309
CLICRP

CLIMATE REPORT
NATIONAL WEATHER SERVICE CORPUS CHRISTI TX
609 PM CDT MON AUG 31 2015

...................................

...THE CORPUS CHRISTI CLIMATE SUMMARY FOR AUGUST 31 2015...
VALID TODAY AS OF 609 PM LOCAL TIME.

CLIMATE NORMAL PERIOD 1981 TO 2010
CLIMATE RECORD PERIOD 1887 TO 2015


WEATHER ITEM   OBSERVED TIME   RECORD YEAR NORMAL DEPARTURE LAST
                VALUE   (LST)  VALUE       VALUE  FROM      YEAR
                                                  NORMAL
..................................................................
TEMPERATURE (F)
 TODAY
  MAXIMUM         93   1107 AM 103    2000  93      0       91
  MINIMUM         75    551 AM  67    1915  75      0       77
  AVERAGE         84                        84      0       84

PRECIPITATION (IN)
  TODAY            0.59          2.13 1987   0.16   0.43     0.06
  MONTH TO DATE    2.93                      2.92   0.01     4.59
  SINCE JUN 1      5.75                      9.07  -3.32     6.74
  SINCE JAN 1     36.01                     19.34  16.67    13.84

SNOWFALL (IN)
  TODAY            0.0
  MONTH TO DATE    0.0
  SINCE JUN 1      0.0
  SINCE JUL 1      0.0
  SNOW DEPTH       0

DEGREE DAYS
 HEATING
  TODAY            0                         0      0        0
  MONTH TO DATE    0                         0      0        0
  SINCE JUN 1      0                         0      0        0
  SINCE JUL 1      0                         0      0        0

 COOLING
  TODAY           19                        19      0       19
  MONTH TO DATE  643                       611     32      670
  SINCE JUN 1   1827                      1720    107     1897
  SINCE JAN 1   2657                      2561     96     2703
..................................................................


WIND (MPH)
  HIGHEST WIND SPEED    26   HIGHEST WIND DIRECTION    NW (320)
  HIGHEST GUST SPEED    39   HIGHEST GUST DIRECTION     W (280)


SKY COVER
  POSSIBLE SUNSHINE  MM
  AVERAGE SKY COVER 0.7


WEATHER CONDITIONS
 THE FOLLOWING WEATHER WAS RECORDED TODAY.
  THUNDERSTORM
  HEAVY RAIN
  RAIN
  LIGHT RAIN


RELATIVE HUMIDITY (PERCENT)
 HIGHEST    87           300 AM
 LOWEST     52          1100 AM
 AVERAGE    70

..........................................................


THE CORPUS CHRISTI CLIMATE NORMALS FOR TOMORROW
                         NORMAL    RECORD    YEAR
 MAXIMUM TEMPERATURE (F)   93       103      2000
 MINIMUM TEMPERATURE (F)   75        67      1950


SUNRISE AND SUNSET
AUGUST 31 2015........SUNRISE   708 AM CDT   SUNSET   752 PM CDT
SEPTEMBER  1 2015.....SUNRISE   709 AM CDT   SUNSET   751 PM CDT


-  INDICATES NEGATIVE NUMBERS.
R  INDICATES RECORD WAS SET OR TIED.
MM INDICATES DATA IS MISSING.
T  INDICATES TRACE AMOUNT.




$$
