000
CDUS44 KCRP 290914
CLICRP

CLIMATE REPORT
NATIONAL WEATHER SERVICE CORPUS CHRISTI TX
307 AM CST THU JAN 29 2015


...................................

...THE CORPUS CHRISTI CLIMATE SUMMARY FOR JANUARY 28 2015...

CLIMATE NORMAL PERIOD 1981 TO 2010
CLIMATE RECORD PERIOD 1887 TO 2015


WEATHER ITEM   OBSERVED TIME   RECORD YEAR NORMAL DEPARTURE LAST
                VALUE   (LST)  VALUE       VALUE  FROM      YEAR
                                                  NORMAL
..................................................................
TEMPERATURE (F)
 YESTERDAY
  MAXIMUM         80    234 PM  83    1977  68     12       48
  MINIMUM         44    610 AM  25    1948  48     -4       36
  AVERAGE         62                        58      4       42

PRECIPITATION (IN)
  YESTERDAY        0.00          0.70 1931   0.05  -0.05      T
  MONTH TO DATE    1.99                      1.40   0.59     0.67
  SINCE DEC 1      3.03                      3.23  -0.20     0.96
  SINCE JAN 1      1.99                      1.40   0.59     0.67

SNOWFALL (IN)
  YESTERDAY        0.0
  MONTH TO DATE    0.0
  SINCE DEC 1      0.0
  SINCE JUL 1      0.0
  SNOW DEPTH       0

DEGREE DAYS
 HEATING
  YESTERDAY        3                         8     -5       23
  MONTH TO DATE  387                       247    140      281
  SINCE DEC 1    541                       497     44      580
  SINCE JUL 1    702                       598    104      737

 COOLING
  YESTERDAY        0                         1     -1        0
  MONTH TO DATE    2                        28    -26        2
  SINCE DEC 1     61                        77    -16       38
  SINCE JAN 1      2                        28    -26        2
..................................................................


WIND (MPH)
  HIGHEST WIND SPEED    22   HIGHEST WIND DIRECTION    SE (150)
  HIGHEST GUST SPEED    26   HIGHEST GUST DIRECTION    SE (130)
  AVERAGE WIND SPEED     9.6


SKY COVER
  POSSIBLE SUNSHINE  MM
  AVERAGE SKY COVER 0.4


WEATHER CONDITIONS
 THE FOLLOWING WEATHER WAS RECORDED YESTERDAY.
  FOG
  FOG W/VISIBILITY <= 1/4 MILE


RELATIVE HUMIDITY (PERCENT)
 HIGHEST   100           900 AM
 LOWEST     30           200 PM
 AVERAGE    65

..........................................................


THE CORPUS CHRISTI CLIMATE NORMALS FOR TODAY
                         NORMAL    RECORD    YEAR
 MAXIMUM TEMPERATURE (F)   68        91      2013
 MINIMUM TEMPERATURE (F)   48        25      1951


SUNRISE AND SUNSET
JANUARY 29 2015.......SUNRISE   718 AM CST   SUNSET   608 PM CST
JANUARY 30 2015.......SUNRISE   718 AM CST   SUNSET   609 PM CST


-  INDICATES NEGATIVE NUMBERS.
R  INDICATES RECORD WAS SET OR TIED.
MM INDICATES DATA IS MISSING.
T  INDICATES TRACE AMOUNT.




$$
