000
CDUS44 KCRP 290051
CLICRP

CLIMATE REPORT
NATIONAL WEATHER SERVICE CORPUS CHRISTI TX
748 PM CDT SAT MAY 28 2016


...................................

...THE CORPUS CHRISTI CLIMATE SUMMARY FOR MAY 28 2016...
VALID TODAY AS OF 700 PM LOCAL TIME.

CLIMATE NORMAL PERIOD 1981 TO 2010
CLIMATE RECORD PERIOD 1887 TO 2016


WEATHER ITEM   OBSERVED TIME   RECORD YEAR NORMAL DEPARTURE LAST
                VALUE   (LST)  VALUE       VALUE  FROM      YEAR
                                                  NORMAL
..................................................................
TEMPERATURE (F)
 TODAY
  MAXIMUM         88    347 PM  94    2010  89     -1       88
                                      1974
  MINIMUM         76   1202 AM  62    1901  72      4       79
  AVERAGE         82                        80      2       84

PRECIPITATION (IN)
  TODAY            0.00          1.92 1943   0.10  -0.10     0.00
  MONTH TO DATE    5.81                      2.74   3.07    13.41
  SINCE MAR 1     15.75                      6.47   9.28    25.90
  SINCE JAN 1     18.04                      9.94   8.10    29.35

SNOWFALL (IN)
  TODAY            0.0
  MONTH TO DATE    0.0
  SINCE MAR 1      0.0
  SINCE JUL 1      0.0
  SNOW DEPTH       0

DEGREE DAYS
 HEATING
  TODAY            0                         0      0        0
  MONTH TO DATE    0                         0      0        0
  SINCE MAR 1     21                        98    -77      116
  SINCE JUL 1    640                       898   -258     1053

 COOLING
  TODAY           17                        15      2       19
  MONTH TO DATE  409                       366     43      404
  SINCE MAR 1    907                       718    189      760
  SINCE JAN 1    984                       794    190      788
..................................................................


WIND (MPH)
  HIGHEST WIND SPEED    24   HIGHEST WIND DIRECTION     S (160)
  HIGHEST GUST SPEED    31   HIGHEST GUST DIRECTION     S (170)


SKY COVER
  POSSIBLE SUNSHINE  MM
  AVERAGE SKY COVER 0.7


WEATHER CONDITIONS
 THE FOLLOWING WEATHER WAS RECORDED TODAY.
  NO SIGNIFICANT WEATHER WAS OBSERVED.


RELATIVE HUMIDITY (PERCENT)
 HIGHEST    91           300 AM
 LOWEST     68           100 PM
 AVERAGE    80

..........................................................


THE CORPUS CHRISTI CLIMATE NORMALS FOR TOMORROW
                         NORMAL    RECORD    YEAR
 MAXIMUM TEMPERATURE (F)   89        95      2010
 MINIMUM TEMPERATURE (F)   72        61      1973


SUNRISE AND SUNSET
MAY 28 2016...........SUNRISE   635 AM CDT   SUNSET   820 PM CDT
MAY 29 2016...........SUNRISE   635 AM CDT   SUNSET   820 PM CDT


-  INDICATES NEGATIVE NUMBERS.
R  INDICATES RECORD WAS SET OR TIED.
MM INDICATES DATA IS MISSING.
T  INDICATES TRACE AMOUNT.




$$
