848
CDUS44 KCRP 120022
CLICRP

CLIMATE REPORT
NATIONAL WEATHER SERVICE CORPUS CHRISTI TX
620 PM CST THU FEB 11 2016


...................................

...THE CORPUS CHRISTI CLIMATE SUMMARY FOR FEBRUARY 11 2016...
VALID TODAY AS OF 600 PM LOCAL TIME.

CLIMATE NORMAL PERIOD 1981 TO 2010
CLIMATE RECORD PERIOD 1887 TO 2016


WEATHER ITEM   OBSERVED TIME   RECORD YEAR NORMAL DEPARTURE LAST
                VALUE   (LST)  VALUE       VALUE  FROM      YEAR
                                                  NORMAL
..................................................................
TEMPERATURE (F)
 TODAY
  MAXIMUM         84R   242 PM  84    2000  70     14       77
  MINIMUM         41    740 AM  24    1899  50     -9       49
  AVERAGE         63                        60      3       63

PRECIPITATION (IN)
  TODAY            0.00          1.45 2010   0.08  -0.08     0.00
  MONTH TO DATE    T                         0.66  -0.66     0.79
  SINCE DEC 1      2.97                      4.03  -1.06     3.87
  SINCE JAN 1      2.08                      2.20  -0.12     2.83

SNOWFALL (IN)
  TODAY            0.0
  MONTH TO DATE    0.0
  SINCE DEC 1      0.0
  SINCE JUL 1      0.0
  SNOW DEPTH       0

DEGREE DAYS
 HEATING
  TODAY            2                         7     -5        2
  MONTH TO DATE   80                        81     -1       76
  SINCE DEC 1    512                       607    -95      621
  SINCE JUL 1    586                       708   -122      782

 COOLING
  TODAY            0                         2     -2        0
  MONTH TO DATE    6                        15     -9       11
  SINCE DEC 1     97                        94      3       73
  SINCE JAN 1     19                        45    -26       14
..................................................................


WIND (MPH)
  HIGHEST WIND SPEED    26   HIGHEST WIND DIRECTION    SE (150)
  HIGHEST GUST SPEED    31   HIGHEST GUST DIRECTION     S (160)


SKY COVER
  POSSIBLE SUNSHINE  MM
  AVERAGE SKY COVER 0.0


WEATHER CONDITIONS
 THE FOLLOWING WEATHER WAS RECORDED TODAY.
  NO SIGNIFICANT WEATHER WAS OBSERVED.


RELATIVE HUMIDITY (PERCENT)
 HIGHEST    96           700 AM
 LOWEST     24           200 PM
 AVERAGE    60

..........................................................


THE CORPUS CHRISTI CLIMATE NORMALS FOR TOMORROW
                         NORMAL    RECORD    YEAR
 MAXIMUM TEMPERATURE (F)   70        86      1950
 MINIMUM TEMPERATURE (F)   50        11      1899


SUNRISE AND SUNSET
FEBRUARY 11 2016......SUNRISE   711 AM CST   SUNSET   618 PM CST
FEBRUARY 12 2016......SUNRISE   710 AM CST   SUNSET   619 PM CST


-  INDICATES NEGATIVE NUMBERS.
R  INDICATES RECORD WAS SET OR TIED.
MM INDICATES DATA IS MISSING.
T  INDICATES TRACE AMOUNT.




$$
