000
CDUS44 KCRP 220646
CLICRP

CLIMATE REPORT
NATIONAL WEATHER SERVICE CORPUS CHRISTI TX
1245 AM CST SAT NOV 22 2014


...................................

...THE CORPUS CHRISTI CLIMATE SUMMARY FOR NOVEMBER 21 2014...

CLIMATE NORMAL PERIOD 1981 TO 2010
CLIMATE RECORD PERIOD 1887 TO 2014


WEATHER ITEM   OBSERVED TIME   RECORD YEAR NORMAL DEPARTURE LAST
                VALUE   (LST)  VALUE       VALUE  FROM      YEAR
                                                  NORMAL
..................................................................
TEMPERATURE (F)
 YESTERDAY
  MAXIMUM         79    108 PM  91    1996  74      5       87
  MINIMUM         65    311 AM  32    1969  54     11       72
  AVERAGE         72                        64      8       80

PRECIPITATION (IN)
  YESTERDAY        0.01          2.07 1982   0.05  -0.04     0.00
  MONTH TO DATE    2.21                      1.52   0.69     0.53
  SINCE SEP 1     13.85                     10.14   3.71     9.29
  SINCE JAN 1     27.69                     29.48  -1.79    20.30

SNOWFALL (IN)
  YESTERDAY        0.0
  MONTH TO DATE    0.0
  SINCE SEP 1      0.0
  SINCE JUL 1      0.0
  SNOW DEPTH       0

DEGREE DAYS
 HEATING
  YESTERDAY        0                         4     -4        0
  MONTH TO DATE  135                        47     88       26
  SINCE SEP 1    135                        57     78       26
  SINCE JUL 1    135                        57     78       26

 COOLING
  YESTERDAY        7                         3      4       15
  MONTH TO DATE   42                        99    -57      129
  SINCE SEP 1    920                       889     31     1099
  SINCE JAN 1   3623                      3450    173     4112
..................................................................


WIND (MPH)
  HIGHEST WIND SPEED    29   HIGHEST WIND DIRECTION     S (160)
  HIGHEST GUST SPEED    36   HIGHEST GUST DIRECTION     S (160)
  AVERAGE WIND SPEED    11.8


SKY COVER
  POSSIBLE SUNSHINE  MM
  AVERAGE SKY COVER 0.8


WEATHER CONDITIONS
 THE FOLLOWING WEATHER WAS RECORDED YESTERDAY.
  LIGHT RAIN
  FOG


RELATIVE HUMIDITY (PERCENT)
 HIGHEST    93           200 AM
 LOWEST     67           100 PM
 AVERAGE    80

..........................................................


THE CORPUS CHRISTI CLIMATE NORMALS FOR TODAY
                         NORMAL    RECORD    YEAR
 MAXIMUM TEMPERATURE (F)   74        89      1909
 MINIMUM TEMPERATURE (F)   54        36      1937


SUNRISE AND SUNSET
NOVEMBER 22 2014......SUNRISE   657 AM CST   SUNSET   535 PM CST
NOVEMBER 23 2014......SUNRISE   657 AM CST   SUNSET   535 PM CST


-  INDICATES NEGATIVE NUMBERS.
R  INDICATES RECORD WAS SET OR TIED.
MM INDICATES DATA IS MISSING.
T  INDICATES TRACE AMOUNT.

$$

GW
