000
CXUS54 KCRP 062002
CLMCRP

CLIMATE REPORT
NATIONAL WEATHER SERVICE CORPUS CHRISTI TX
302 PM CDT MON JUN 6 2016

...................................

...THE CORPUS CHRISTI CLIMATE SUMMARY FOR THE MONTH OF MAY 2016...

CLIMATE NORMAL PERIOD 1981 TO 2010
CLIMATE RECORD PERIOD 1887 TO 2016

WEATHER         OBSERVED          NORMAL  DEPART  LAST YEAR`S
                 VALUE   DATE(S)  VALUE   FROM    VALUE  DATE(S)
                                          NORMAL
................................................................
TEMPERATURE (F)
RECORD
 HIGH             103   05/10/2006
                        05/03/1984
 LOW               44   05/19/1888
HIGHEST            93   05/05        86       7       88  05/30
                                                          05/29
                                                          05/28
LOWEST             58   05/04        70     -12       58  05/01
AVG. MAXIMUM     86.9              86.6     0.3     85.2
AVG. MINIMUM     72.3              70.0     2.3     73.0
MEAN             79.6              78.3     1.3     79.1
DAYS MAX >= 90      6               6.2    -0.2        0
DAYS MAX <= 32      0               0.0     0.0        0
DAYS MIN <= 32      0               0.0     0.0        0
DAYS MIN <= 0       0               0.0     0.0        0

PRECIPITATION (INCHES)
RECORD
 MAXIMUM        14.32   2015
 MINIMUM         0.00   1998
TOTALS           5.99              3.07    2.92    14.32
DAILY AVG.       0.19              0.10    0.09     0.46
DAYS >= .01         9               6.0     3.0       10
DAYS >= .10         4               4.0     0.0        9
DAYS >= .50         3               1.8     1.2        6
DAYS >= 1.00        2               1.1     0.9        4
GREATEST
 24 HR. TOTAL    5.01   05/15 TO 05/16              4.81


DEGREE_DAYS
HEATING TOTAL       0                 0       0        0
 SINCE 7/1        640               898    -258     1053
COOLING TOTAL     461               413      48      446
 SINCE 1/1       1036               841     195      830
.................................................................

WIND (MPH)
AVERAGE WIND SPEED              11.9
HIGHEST WIND SPEED/DIRECTION    35/140    DATE  05/09
HIGHEST GUST SPEED/DIRECTION    43/140    DATE  05/09

SKY COVER
AVERAGE SKY COVER           0.70

AVERAGE RH (PERCENT)     74

WEATHER CONDITIONS. NUMBER OF DAYS WITH
THUNDERSTORM              8     MIXED PRECIP               0
HEAVY RAIN                4     RAIN                       5
LIGHT RAIN               18     FREEZING RAIN              0
LT FREEZING RAIN          0     HAIL                       0
HEAVY SNOW                0     SNOW                       0
LIGHT SNOW                0     SLEET                      0
FOG                      15     FOG W/VIS <= 1/4 MILE      0
HAZE                      5

-  INDICATES NEGATIVE NUMBERS.
R  INDICATES RECORD WAS SET OR TIED.
MM INDICATES DATA IS MISSING.
T  INDICATES TRACE AMOUNT.

$$

KW/ANM
