707
CXUS54 KCRP 011758
CLMCRP

CLIMATE REPORT
NATIONAL WEATHER SERVICE CORPUS CHRISTI TX
1138 AM CST WED MAR 1 2017

...................................

...THE CORPUS CHRISTI CLIMATE SUMMARY FOR THE MONTH OF FEBRUARY 2017...

CLIMATE NORMAL PERIOD 1981 TO 2010
CLIMATE RECORD PERIOD 1887 TO 2017

WEATHER         OBSERVED          NORMAL  DEPART  LAST YEAR`S
                 VALUE   DATE(S)  VALUE   FROM    VALUE  DATE(S)
                                          NORMAL
................................................................
TEMPERATURE (F)
RECORD
 HIGH              97   02/19/1986
 LOW               11   02/12/1899
HIGHEST            92   02/08        70      22       85  02/15
LOWEST             42   02/16        50      -8       34  02/25
AVG. MAXIMUM     80.0              70.4     9.6     77.1
AVG. MINIMUM     60.0              50.5     9.5     49.0
MEAN             70.0              60.5     9.5     63.0
DAYS MAX >= 90      1               0.4     0.6        0
DAYS MAX <= 32      0               0.0     0.0        0
DAYS MIN <= 32      0               0.8    -0.8        0
DAYS MIN <= 0       0               0.0     0.0        0

PRECIPITATION (INCHES)
RECORD
 MAXIMUM         8.11   1982
 MINIMUM            T   1976
                        1974
                        1917
TOTALS           2.57              1.93    0.64     0.21
DAILY AVG.       0.09              0.07    0.02     0.01
DAYS >= .01         5               6.5    -1.5        2
DAYS >= .10         4               2.5     1.5        1
DAYS >= .50         2               1.2     0.8        0
DAYS >= 1.00        1               0.8     0.2        0
GREATEST
 24 HR. TOTAL    1.54   02/19 TO 02/20              0.20

SNOWFALL (INCHES)
RECORDS
 TOTAL            4.3   1895
 24 HR TOTAL      4.3   02/14/1895 TO 02/14/1895
TOTALS            0.0               0.0     0.0      0.0
SINCE 7/1         0.0               0.2    -0.2      0.0
SNOWDEPTH AVG.      0                MM      MM        0
DAYS >= 1.0         0               0.0     0.0        0
GREATEST
 SNOW DEPTH         0   MM                             0
 24 HR TOTAL      0.0   02/28 TO 02/28               0.0

DEGREE_DAYS
HEATING TOTAL      30               173    -143      113
 SINCE 7/1        352               800    -448      619
COOLING TOTAL     177                46     131       64
 SINCE 1/1        269                76     193       77
.................................................................

WIND (MPH)
AVERAGE WIND SPEED              13.4
HIGHEST WIND SPEED/DIRECTION    35/310    DATE  02/14
HIGHEST GUST SPEED/DIRECTION    43/310    DATE  02/14

SKY COVER
AVERAGE SKY COVER           0.60

AVERAGE RH (PERCENT)     73

WEATHER CONDITIONS. NUMBER OF DAYS WITH
THUNDERSTORM              2     MIXED PRECIP               0
HEAVY RAIN                2     RAIN                       4
LIGHT RAIN                9     FREEZING RAIN              0
LT FREEZING RAIN          0     HAIL                       0
HEAVY SNOW                0     SNOW                       0
LIGHT SNOW                0     SLEET                      0
FOG                      17     FOG W/VIS <= 1/4 MILE      7
HAZE                      4

-  INDICATES NEGATIVE NUMBERS.
R  INDICATES RECORD WAS SET OR TIED.
MM INDICATES DATA IS MISSING.
T  INDICATES TRACE AMOUNT.

$$

88
