000
CXUS54 KCRP 021057
CLMCRP

CLIMATE REPORT
NATIONAL WEATHER SERVICE CORPUS CHRISTI TX
552 AM CDT MON MAY 2 2016

...................................

...THE CORPUS CHRISTI CLIMATE SUMMARY FOR THE MONTH OF APRIL 2016...

CLIMATE NORMAL PERIOD 1981 TO 2010
CLIMATE RECORD PERIOD 1887 TO 2016

WEATHER         OBSERVED          NORMAL  DEPART  LAST YEAR`S
                 VALUE   DATE(S)  VALUE   FROM    VALUE  DATE(S)
                                          NORMAL
................................................................
TEMPERATURE (F)
RECORD
 HIGH             103   04/27/2014
                        04/28/2014
                        02/05/2000
 LOW               33   04/03/1987
                        04/14/1980
HIGHEST            94   04/30        82      12       90  04/27
LOWEST             50   04/04        63     -13       54  04/30
                                                          04/29
AVG. MAXIMUM     83.1              81.7     1.4     80.5
AVG. MINIMUM     66.3              63.0     3.3     67.7
MEAN             74.7              72.4     2.3     74.1
DAYS MAX >= 90      1               2.1    -1.1        1
DAYS MAX <= 32      0               0.0     0.0        0
DAYS MIN <= 32      0               0.0     0.0        0
DAYS MIN <= 0       0               0.0     0.0        0

PRECIPITATION (INCHES)
RECORD
 MAXIMUM         9.21   2004
 MINIMUM            T   1984
                        1983
                        1887
TOTALS           3.40              1.84    1.56     6.36
DAILY AVG.       0.11              0.06    0.05     0.21
DAYS >= .01         8               5.3     2.7       14
DAYS >= .10         4               2.3     1.7        9
DAYS >= .50         2               0.9     1.1        4
DAYS >= 1.00        1               0.5     0.5        2
GREATEST
 24 HR. TOTAL    1.98   04/18 TO 04/18              2.48
                        04/17 TO 04/18
                        04/18 TO 04/18

SNOWFALL (INCHES)
RECORDS
 TOTAL            0.0   MM
 24 HR TOTAL      0.0   MM
TOTALS            0.0               0.0     0.0      0.0
SINCE 7/1         0.0               0.2    -0.2      0.0
SNOWDEPTH AVG.      0                MM      MM        0
DAYS >= 1.0         0               0.0     0.0        0
GREATEST
 SNOW DEPTH         0   MM                             0
 24 HR TOTAL      0.0   04/30 TO 04/30               0.0

DEGREE_DAYS
HEATING TOTAL       0                17     -17        0
 SINCE 7/1        640               898    -258     1053
COOLING TOTAL     298               237      61      281
 SINCE 1/1        575               428     147      384
.................................................................

WIND (MPH)
AVERAGE WIND SPEED              12.4
HIGHEST WIND SPEED/DIRECTION    43/350    DATE  04/27
HIGHEST GUST SPEED/DIRECTION    51/350    DATE  04/27

SKY COVER
AVERAGE SKY COVER           0.70

AVERAGE RH (PERCENT)     72

WEATHER CONDITIONS. NUMBER OF DAYS WITH
THUNDERSTORM              5     MIXED PRECIP               0
HEAVY RAIN                3     RAIN                       6
LIGHT RAIN               12     FREEZING RAIN              0
LT FREEZING RAIN          0     HAIL                       0
HEAVY SNOW                0     SNOW                       0
LIGHT SNOW                0     SLEET                      0
FOG                      21     FOG W/VIS <= 1/4 MILE      1
HAZE                     11

-  INDICATES NEGATIVE NUMBERS.
R  INDICATES RECORD WAS SET OR TIED.
MM INDICATES DATA IS MISSING.
T  INDICATES TRACE AMOUNT.

$$
