000
CXUS54 KCRP 011828
CLMCRP

CLIMATE REPORT
NATIONAL WEATHER SERVICE CORPUS CHRISTI TX
1149 AM CST MON DEC 1 2014

...................................

...THE CORPUS CHRISTI CLIMATE SUMMARY FOR THE MONTH OF NOVEMBER 2014...

CLIMATE NORMAL PERIOD 1981 TO 2010
CLIMATE RECORD PERIOD 1887 TO 2014

WEATHER         OBSERVED          NORMAL  DEPART  LAST YEAR`S
                 VALUE   DATE(S)  VALUE   FROM    VALUE  DATE(S)
                                          NORMAL
................................................................
TEMPERATURE (F)
RECORD
 HIGH              98   11/04/1988
 LOW               27   11/28/2011
HIGHEST            84   11/04        75       9       90  11/06
LOWEST             36   11/13        55     -19       38  11/28
                                                          11/27
AVG. MAXIMUM     70.2              76.0    -5.8     72.8
AVG. MINIMUM     52.5              56.2    -3.7     54.9
MEAN             61.3              66.1    -4.8     63.9
DAYS MAX >= 90      0               0.4    -0.4        1
DAYS MAX <= 32      0               0.0     0.0        0
DAYS MIN <= 32      0               0.1    -0.1        0
DAYS MIN <= 0       0               0.0     0.0        0

PRECIPITATION (INCHES)
RECORD
 MAXIMUM         8.64   1888
 MINIMUM            T   1949
TOTALS           2.84              1.97    0.87     3.39
DAILY AVG.       0.09              0.07    0.02     0.11
DAYS >= .01        10               6.0     4.0        7
DAYS >= .10         5               2.9     2.1        3
DAYS >= .50         2               1.1     0.9        2
DAYS >= 1.00        1               0.5     0.5        1
GREATEST
 24 HR. TOTAL    1.52   11/05 TO 11/06              2.42

SNOWFALL (INCHES)
RECORDS
 TOTAL            0.0   MM
 24 HR TOTAL      0.0   MM
TOTALS            0.0               0.0     0.0      0.0
SINCE 7/1         0.0               0.0     0.0      0.0
SNOWDEPTH AVG.      0                 0       0        0
DAYS >= 1.0         0               0.0     0.0        0
GREATEST
 SNOW DEPTH         0   MM                             0
 24 HR TOTAL      0.0   MM                           0.0

DEGREE_DAYS
HEATING TOTAL     161                91      70      157
 SINCE 7/1        161               101      60      157
COOLING TOTAL      60               124     -64      129
 SINCE 1/1       3641              3475     166     4112
.................................................................

WIND (MPH)
AVERAGE WIND SPEED              11.3
HIGHEST WIND SPEED/DIRECTION    37/350    DATE  11/17
HIGHEST GUST SPEED/DIRECTION    43/350    DATE  11/17

SKY COVER
AVERAGE SKY COVER           0.60

AVERAGE RH (PERCENT)     71

WEATHER CONDITIONS. NUMBER OF DAYS WITH
THUNDERSTORM              1     MIXED PRECIP               0
HEAVY RAIN                4     RAIN                       5
LIGHT RAIN               12     FREEZING RAIN              0
LT FREEZING RAIN          0     HAIL                       0
HEAVY SNOW                0     SNOW                       0
LIGHT SNOW                0     SLEET                      0
FOG                      13     FOG W/VIS <= 1/4 MILE      3
HAZE                      1

-  INDICATES NEGATIVE NUMBERS.
R  INDICATES RECORD WAS SET OR TIED.
MM INDICATES DATA IS MISSING.
T  INDICATES TRACE AMOUNT.

$$

88
