000
CXUS54 KCRP 011745
CLMCRP

CLIMATE REPORT
NATIONAL WEATHER SERVICE CORPUS CHRISTI TX
1120 AM CST SUN MAR 1 2015

...................................

...THE CORPUS CHRISTI CLIMATE SUMMARY FOR THE MONTH OF FEBRUARY 2015...

CLIMATE NORMAL PERIOD 1981 TO 2010
CLIMATE RECORD PERIOD 1887 TO 2015

WEATHER         OBSERVED          NORMAL  DEPART  LAST YEAR`S
                 VALUE   DATE(S)  VALUE   FROM    VALUE  DATE(S)
                                          NORMAL
................................................................
TEMPERATURE (F)
RECORD
 HIGH              97   02/19/1986
 LOW               11   02/12/1899
HIGHEST            83   02/09        70      13       91  02/14
                        02/08
LOWEST             32   02/18        50     -18       31  02/13
AVG. MAXIMUM     67.5              70.4    -2.9     69.6
AVG. MINIMUM     47.2              50.5    -3.3     48.6
MEAN             57.4              60.5    -3.1     59.1
DAYS MAX >= 90      0               0.4    -0.4        1
DAYS MAX <= 32      0               0.0     0.0        0
DAYS MIN <= 32      1               0.8     0.2        1
DAYS MIN <= 0       0               0.0     0.0        0

PRECIPITATION (INCHES)
RECORD
 MAXIMUM         8.11   1982
 MINIMUM            T   1976
                        1974
                        1917
TOTALS           1.41              1.93   -0.52     0.24
DAILY AVG.       0.05              0.07   -0.02     0.01
DAYS >= .01         8               6.5     1.5        8
DAYS >= .10         2               2.5    -0.5        1
DAYS >= .50         1               1.2    -0.2        0
DAYS >= 1.00        0               0.8    -0.8        0
GREATEST
 24 HR. TOTAL    0.74   02/03 TO 02/03              0.11

SNOWFALL (INCHES)
RECORDS
 TOTAL            4.3   1895
                        1973
 24 HR TOTAL      4.3   02/14/1895 TO 02/14/1895
TOTALS            0.0               0.0     0.0      0.0
SINCE 7/1         0.0               0.2    -0.2        T
SNOWDEPTH AVG.      0                MM      MM        0
DAYS >= 1.0         0               0.0     0.0        0
GREATEST
 SNOW DEPTH         0   MM                             0
 24 HR TOTAL      0.0   MM                           0.0

DEGREE_DAYS
HEATING TOTAL     231               173      58      233
 SINCE 7/1        937               800     137      999
COOLING TOTAL      25                46     -21       75
 SINCE 1/1         28                76     -48       77
.................................................................

WIND (MPH)
AVERAGE WIND SPEED              11.8
HIGHEST WIND SPEED/DIRECTION    37/160    DATE  02/20
HIGHEST GUST SPEED/DIRECTION    44/160    DATE  02/20

SKY COVER
AVERAGE SKY COVER           0.70

AVERAGE RH (PERCENT)     75

WEATHER CONDITIONS. NUMBER OF DAYS WITH
THUNDERSTORM              0     MIXED PRECIP               0
HEAVY RAIN                1     RAIN                       2
LIGHT RAIN               13     FREEZING RAIN              0
LT FREEZING RAIN          0     HAIL                       0
HEAVY SNOW                0     SNOW                       0
LIGHT SNOW                0     SLEET                      0
FOG                      21     FOG W/VIS <= 1/4 MILE      4
HAZE                      4

-  INDICATES NEGATIVE NUMBERS.
R  INDICATES RECORD WAS SET OR TIED.
MM INDICATES DATA IS MISSING.
T  INDICATES TRACE AMOUNT.

$$
