000
CXUS54 KCRP 011613
CLMCRP

CLIMATE REPORT
NATIONAL WEATHER SERVICE CORPUS CHRISTI TX
1058 AM CDT SUN OCT 1 2017

...................................

...THE CORPUS CHRISTI CLIMATE SUMMARY FOR THE MONTH OF SEPTEMBER 2017...

CLIMATE NORMAL PERIOD 1981 TO 2010
CLIMATE RECORD PERIOD 1887 TO 2017

WEATHER         OBSERVED          NORMAL  DEPART  LAST YEAR`S
                 VALUE   DATE(S)  VALUE   FROM    VALUE  DATE(S)
                                          NORMAL
................................................................
TEMPERATURE (F)
RECORD
 HIGH             109   09/05/2000
 LOW                    09/28/2010
HIGHEST            95   09/20        90       5       99  09/18
                        09/19
LOWEST             61   09/12        72     -11       64  09/30
AVG. MAXIMUM     90.8              90.1     0.7     94.0
AVG. MINIMUM     72.0              72.0     0.0     75.5
MEAN             81.4              81.0     0.4     84.8
DAYS MAX >= 90     21              17.1     3.9       27
DAYS MAX <= 32      0               0.0     0.0        0
DAYS MIN <= 32      0               0.0     0.0        0
DAYS MIN <= 0       0               0.0     0.0        0

PRECIPITATION (INCHES)
RECORD
 MAXIMUM        20.33   1967
 MINIMUM            T   1920
TOTALS           1.46              4.98   -3.52     3.05
DAILY AVG.       0.05              0.17   -0.12     0.10
DAYS >= .01         6               8.8    -2.8        9
DAYS >= .10         5               6.2    -1.2        6
DAYS >= .50         0               2.8    -2.8        1
DAYS >= 1.00        0               1.5    -1.5        1
GREATEST
 24 HR. TOTAL    0.48   09/25 TO 09/25              2.16

SNOWFALL (INCHES)
RECORDS
 TOTAL            0.0   MM
 24 HR TOTAL      0.0   MM
TOTALS            0.0               0.0     0.0      0.0
SINCE 7/1         0.0               0.0     0.0      0.0
SNOWDEPTH AVG.      0                MM      MM        0
DAYS >= 1.0         0               0.0     0.0        0
GREATEST
 SNOW DEPTH         0   MM                             0
 24 HR TOTAL      0.0   MM                           0.0

DEGREE_DAYS
HEATING TOTAL       0                 0       0        0
 SINCE 7/1          0                 0       0        0
COOLING TOTAL     501               482      19      599
 SINCE 1/1       3482              3043     439     3516
.................................................................

WIND (MPH)
AVERAGE WIND SPEED              10.3
HIGHEST WIND SPEED/DIRECTION    25/100    DATE  09/26
HIGHEST GUST SPEED/DIRECTION    34/140    DATE  09/14

SKY COVER
AVERAGE SKY COVER           0.50

AVERAGE RH (PERCENT)     74

WEATHER CONDITIONS. NUMBER OF DAYS WITH
THUNDERSTORM              6     MIXED PRECIP               0
HEAVY RAIN                1     RAIN                       2
LIGHT RAIN                9     FREEZING RAIN              0
LT FREEZING RAIN          0     HAIL                       0
HEAVY SNOW                0     SNOW                       0
LIGHT SNOW                0     SLEET                      0
FOG                       8     FOG W/VIS <= 1/4 MILE      1
HAZE                      3

-  INDICATES NEGATIVE NUMBERS.
R  INDICATES RECORD WAS SET OR TIED.
MM INDICATES DATA IS MISSING.
T  INDICATES TRACE AMOUNT.

$$
