000
CXUS51 KRLX 011157
CF6CRW
PRELIMINARY LOCAL CLIMATOLOGICAL DATA (WS FORM: F-6)
STATION: CHARLESTON WV
MONTH: SEPTEMBER
YEAR: 2021
LATITUDE: 38 22 N
LONGITUDE: 81 36 W
TEMPERATURE IN F: :PCPN: SNOW: WIND :SUNSHINE: SKY :PK WND
================================================================================
1 2 3 4 5 6A 6B 7 8 9 10 11 12 13 14 15 16 17 18
12Z AVG MX 2MIN
DY MAX MIN AVG DEP HDD CDD WTR SNW DPTH SPD SPD DIR MIN PSBL S-S WX SPD DR
================================================================================
1 77 62 70 -3 0 5 0.50 0.0 0 5.3 14 360 M M 7 18 21 360
2 78 56 67 -5 0 2 0.00 0.0 0 2.9 13 10 M M 2 18 18 360
3 79 53 66 -6 0 1 0.00 0.0 0 1.8 8 50 M M 4 18 12 40
4 82 54 68 -4 0 3 0.00 0.0 0 2.3 15 220 M M 4 1 21 210
5 71 66 69 -3 0 4 0.50 0.0 0 3.4 9 200 M M 10 1 17 250
6 81 61 71 -1 0 6 T 0.0 0 3.1 9 320 M M 5 1 12 320
7 84 56 70 -1 0 5 0.00 0.0 0 2.8 13 190 M M 1 15 200
8 82 63 73 2 0 8 0.35 0.0 0 4.5 16 220 M M 7 13 21 220
9 78 56 67 -4 0 2 0.00 0.0 0 3.7 20 330 M M 6 1 28 320
10 76 52 64 -6 1 0 0.00 0.0 0 1.2 9 320 M M 4 1 12 330
11 79 51 65 -5 0 0 0.00 0.0 0 3.3 15 190 M M 4 1 19 180
12 83 59 71 1 0 6 0.00 0.0 0 5.4 16 210 M M 0 1 21 220
13 83 63 73 4 0 8 0.00 0.0 0 2.8 12 220 M M 2 1 16 250
14 87 62 75 6 0 10 0.00 0.0 0 2.2 12 180 M M 2 1 18 160
15 79 65 72 3 0 7 0.11 0.0 0 2.6 14 280 M M 7 12 21 280
16 84 64 74 6 0 9 0.01 0.0 0 2.1 15 150 M M 8 12 26 150
17 87 63 75 7 0 10 0.00 0.0 0 1.5 8 150 M M 5 12 12 170
18 86 64 75 7 0 10 T 0.0 0 0.8 6 340 M M 7 12 14 320
19 88 64 76 9 0 11 0.00 0.0 0 1.7 9 110 M M 5 12 12 120
20 84 67 76 9 0 11 0.03 0.0 0 3.3 16 150 M M 8 1 23 170
21 71 64 68 2 0 3 0.29 0.0 0 2.2 9 70 M M 8 1 10 60
22 83 58 71 5 0 6 0.13 0.0 0 6.6 32 250 M M 8 1 43 250
23 67 49 58 -8 7 0 0.07 0.0 0 8.4 18 230 M M 6 1 25 240
24 72 44 58 -7 7 0 0.00 0.0 0 1.6 9 210 M M 1 1 12 280
25 71 47 59 -6 6 0 T 0.0 0 3.1 15 240 M M 5 1 20 240
26 73 50 62 -3 3 0 0.00 0.0 0 3.0 15 230 M M 4 1 19 220
27 80 48 64 0 1 0 0.00 0.0 0 4.0 14 190 M M 1 1 19 210
28 81 58 70 6 0 5 0.00 0.0 0 4.6 16 240 M M 6 1 23 250
29 80 55 68 4 0 3 0.00 0.0 0 1.5 9 340 M M 6 128 12 350
30 78 50 64 1 1 0 0.00 0.0 0 0.9 10 330 M M 5 12 14 330
================================================================================
SM 2384 1724 26 135 1.99 0.0 92.6 M 148
================================================================================
AV 79.5 57.5 3.1 FASTST M M 5 MAX(MPH)
MISC ----> 32 250 43 250
================================================================================
NOTES:
# LAST OF SEVERAL OCCURRENCES
COLUMN 17 PEAK WIND IN M.P.H.
PRELIMINARY LOCAL CLIMATOLOGICAL DATA (WS FORM: F-6) , PAGE 2
STATION: CHARLESTON WV
MONTH: SEPTEMBER
YEAR: 2021
LATITUDE: 38 22 N
LONGITUDE: 81 36 W
[TEMPERATURE DATA] [PRECIPITATION DATA] SYMBOLS USED IN COLUMN 16
AVERAGE MONTHLY: 68.5 TOTAL FOR MONTH: 1.99 1 = FOG OR MIST
DPTR FM NORMAL: 0.2 DPTR FM NORMAL: -1.47 2 = FOG REDUCING VISIBILITY
HIGHEST: 88 ON 19 GRTST 24HR 0.69 ON 31- 1 TO 1/4 MILE OR LESS
LOWEST: 44 ON 24 3 = THUNDER
SNOW, ICE PELLETS, HAIL 4 = ICE PELLETS
TOTAL MONTH: 0.0 INCH 5 = HAIL
GRTST 24HR 0.0 6 = FREEZING RAIN OR DRIZZLE
GRTST DEPTH: 0 7 = DUSTSTORM OR SANDSTORM:
VSBY 1/2 MILE OR LESS
8 = SMOKE OR HAZE
[NO. OF DAYS WITH] [WEATHER - DAYS WITH] 9 = BLOWING SNOW
X = TORNADO
MAX 32 OR BELOW: 0 0.01 INCH OR MORE: 9
MAX 90 OR ABOVE: 0 0.10 INCH OR MORE: 6
MIN 32 OR BELOW: 0 0.50 INCH OR MORE: 2
MIN 0 OR BELOW: 0 1.00 INCH OR MORE: 0
[HDD (BASE 65) ]
TOTAL THIS MO. 26 CLEAR (SCALE 0-3) 7
DPTR FM NORMAL -19 PTCLDY (SCALE 4-7) 22
TOTAL FM JUL 1 26 CLOUDY (SCALE 8-10) 1
DPTR FM NORMAL -18
[CDD (BASE 65) ]
TOTAL THIS MO. 135
DPTR FM NORMAL -9 [PRESSURE DATA]
TOTAL FM JAN 1 1191 HIGHEST SLP 30.24 ON 12
DPTR FM NORMAL 56 LOWEST SLP 29.55 ON 1
[REMARKS]
#FINAL-09-21#