000
CXUS52 KFFC 051812
CLMCSG
CLIMATE REPORT
NATIONAL WEATHER SERVICE PEACHTREE CITY GA
212 PM EDT WED APR 05 2023
...................................
...THE COLUMBUS CLIMATE SUMMARY FOR THE MONTH OF MARCH 2023...
CLIMATE NORMAL PERIOD: 1991 TO 2020
CLIMATE RECORD PERIOD: 1948 TO 2023
WEATHER OBSERVED NORMAL DEPART LAST YEAR`S
VALUE DATE(S) VALUE FROM VALUE DATE(S)
NORMAL
................................................................
TEMPERATURE (F)
RECORD
HIGH 89 03/29/2007
03/25/2007
03/18/1982
LOW 16 03/03/1980
HIGHEST 88 03/25 89 -1 84 03/04
03/06
03/30
LOWEST 29 03/20 16 13 25 03/13
AVG. MAXIMUM 72.5 70.4 2.1 73.0
AVG. MINIMUM 48.9 47.3 1.6 47.6
MEAN 60.7 58.9 1.8 60.3
DAYS MAX >= 90 0 0.0 0.0 0
DAYS MAX <= 32 0 0.0 0.0 0
DAYS MIN <= 32 3 1.8 1.2 3
DAYS MIN <= 0 0 0.0 0.0 0
PRECIPITATION (INCHES)
RECORD
MAXIMUM 13.30 2001
MINIMUM 0.56 2004
TOTALS 4.67 4.92 -0.25 4.69
DAILY AVG. 0.15 0.16 -0.01 0.15
DAYS >= .01 9 9.4 -0.4 8
DAYS >= .10 6 6.4 -0.4 8
DAYS >= .50 4 3.2 0.8 3
DAYS >= 1.00 1 1.5 -0.5 2
GREATEST
24 HR. TOTAL 2.64 03/26 TO 03/27 1.60 03/31 TO 03/31
SNOWFALL (INCHES)
RECORDS
TOTAL T 2008
24 HR TOTAL T MM
TOTALS 0.0 0.2 -0.2 0.0
SINCE 7/1 0.0 0.5 -0.5 MM
SNOWDEPTH AVG. MM 0
DAYS >= TRACE 0 0.1 -0.1 0
DAYS >= 1.0 0 0.1 -0.1 0
GREATEST
24 HR TOTAL MM MM
DEGREE DAYS
HEATING TOTAL 178 222 -44 162
SINCE 7/1 1499 1866 -367 MM
COOLING TOTAL 54 31 23 26
SINCE 1/1 113 40 73 MM
................................................................
WIND (MPH)
AVERAGE WIND SPEED 6.2
HIGHEST WIND SPEED/DIRECTION 32/220 DATE 03/03
HIGHEST GUST SPEED/DIRECTION 48/230 DATE 03/03
SKY COVER
POSSIBLE SUNSHINE (PERCENT) MM
AVERAGE SKY COVER 0.36
NUMBER OF DAYS FAIR 17
NUMBER OF DAYS PC 7
NUMBER OF DAYS CLOUDY 7
AVERAGE RH (PERCENT) 62
WEATHER CONDITIONS. NUMBER OF DAYS WITH
THUNDERSTORM 4 MIXED PRECIP 0
HEAVY RAIN 5 RAIN 5
LIGHT RAIN 10 FREEZING RAIN 0
LT FREEZING RAIN 0 HAIL 0
HEAVY SNOW 0 SNOW 0
LIGHT SNOW 0 SLEET 0
FOG 13 FOG W/VIS <= 1/4 MILE 3
HAZE 2
- INDICATES NEGATIVE NUMBERS.
R INDICATES RECORD WAS SET OR TIED.
MM INDICATES DATA IS MISSING.
T INDICATES TRACE AMOUNT.
$$