000
CXUS52 KFFC 011149
CLMCSG
CLIMATE REPORT
NATIONAL WEATHER SERVICE PEACHTREE CITY GA
749 AM EDT MON APR 01 2024
...................................
...THE COLUMBUS CLIMATE SUMMARY FOR THE MONTH OF MARCH 2024...
CLIMATE NORMAL PERIOD: 1991 TO 2020
CLIMATE RECORD PERIOD: 1948 TO 2024
WEATHER OBSERVED NORMAL DEPART LAST YEAR`S
VALUE DATE(S) VALUE FROM VALUE DATE(S)
NORMAL
................................................................
TEMPERATURE (F)
RECORD
HIGH 89 03/29/2007
03/25/2007
03/18/1982
LOW 16 03/03/1980
HIGHEST 83 03/14 89 -6 88 03/25
LOWEST 37 03/19 16 21 29 03/20
03/20
AVG. MAXIMUM 71.5 70.4 1.1 72.5
AVG. MINIMUM 50.8 47.3 3.5 48.9
MEAN 61.1 58.9 2.2 60.7
DAYS MAX >= 90 0 0.0 0.0 0
DAYS MAX <= 32 0 0.0 0.0 0
DAYS MIN <= 32 0 1.8 -1.8 3
DAYS MIN <= 0 0 0.0 0.0 0
PRECIPITATION (INCHES)
RECORD
MAXIMUM 13.30 2001
MINIMUM 0.56 2004
TOTALS 9.43 4.92 4.51 4.67
DAILY AVG. 0.30 0.16 0.14 0.15
DAYS >= .01 10 9.4 0.6 9
DAYS >= .10 9 6.4 2.6 6
DAYS >= .50 7 3.2 3.8 4
DAYS >= 1.00 3 1.5 1.5 1
GREATEST
24 HR. TOTAL 3.84 03/08 TO 03/09 2.64 03/26 TO 03/27
SNOWFALL (INCHES)
RECORDS
TOTAL T 2008
24 HR TOTAL T MM
TOTALS 0.0 0.2 -0.2 0.0
SINCE 7/1 0.0 0.5 -0.5 MM
SNOWDEPTH AVG. MM MM
DAYS >= TRACE 0 0.1 -0.1 0
DAYS >= 1.0 0 0.1 -0.1 0
GREATEST
24 HR TOTAL MM MM
DEGREE DAYS
HEATING TOTAL 129 222 -93 178
SINCE 7/1 1691 1866 -175 MM
COOLING TOTAL 15 31 -16 54
SINCE 1/1 25 40 -15 MM
................................................................
WIND (MPH)
AVERAGE WIND SPEED 6.3
HIGHEST WIND SPEED/DIRECTION 26/340 DATE 03/18
HIGHEST GUST SPEED/DIRECTION 38/130 DATE 03/25
SKY COVER
POSSIBLE SUNSHINE (PERCENT) MM
AVERAGE SKY COVER 0.42
NUMBER OF DAYS FAIR 15
NUMBER OF DAYS PC 5
NUMBER OF DAYS CLOUDY 11
AVERAGE RH (PERCENT) 65
WEATHER CONDITIONS. NUMBER OF DAYS WITH
THUNDERSTORM 6 MIXED PRECIP 0
HEAVY RAIN 7 RAIN 7
LIGHT RAIN 11 FREEZING RAIN 0
LT FREEZING RAIN 0 HAIL 0
HEAVY SNOW 0 SNOW 0
LIGHT SNOW 0 SLEET 0
FOG 14 FOG W/VIS <= 1/4 MILE 0
HAZE 0
- INDICATES NEGATIVE NUMBERS.
R INDICATES RECORD WAS SET OR TIED.
MM INDICATES DATA IS MISSING.
T INDICATES TRACE AMOUNT.
$$