000
CDUS44 KOHX 020640
CLICSV

CLIMATE REPORT
NATIONAL WEATHER SERVICE NASHVILLE TN
138 AM CDT TUE SEP 2 2014


...................................

...THE CROSSVILLE CLIMATE SUMMARY FOR SEPTEMBER 1 2014...

CLIMATE NORMAL PERIOD 1981 TO 2010
CLIMATE RECORD PERIOD 1954 TO 2014


WEATHER ITEM   OBSERVED TIME   RECORD YEAR NORMAL DEPARTURE
                VALUE   (LST)  VALUE       VALUE  FROM
                                                  NORMAL
...............................................................
TEMPERATURE (F)
 YESTERDAY
  MAXIMUM         86    207 PM  95    1957  82      4
  MINIMUM         68    447 AM  43    1954  62      6
  AVERAGE         77                        72      5

PRECIPITATION (IN)
  YESTERDAY        0.00          1.25 1976   0.12  -0.12
  MONTH TO DATE    0.00                      0.12  -0.12
  SINCE SEP 1      0.00                      0.12  -0.12
  SINCE JAN 1     31.73                     38.24  -6.51

DEGREE DAYS
 HEATING
  YESTERDAY        0                                0
  MONTH TO DATE    0                                0
  SINCE SEP 1      0                                0
  SINCE JUL 1      1                               -1

 COOLING
  YESTERDAY       12                                5
  MONTH TO DATE   12                                5
  SINCE SEP 1     12                                5
  SINCE JAN 1    848                              -11
...............................................................


WIND (MPH)
  HIGHEST WIND SPEED    14   HIGHEST WIND DIRECTION     W (250)
  HIGHEST GUST SPEED    22   HIGHEST GUST DIRECTION    SW (220)
  AVERAGE WIND SPEED     3.4


SKY COVER
  POSSIBLE SUNSHINE  MM
  AVERAGE SKY COVER 0.2


WEATHER CONDITIONS
 THE FOLLOWING WEATHER WAS RECORDED YESTERDAY.
  FOG


RELATIVE HUMIDITY (PERCENT)
 HIGHEST    93           400 AM
 LOWEST     51           300 PM
 AVERAGE    72

..........................................................


THE CROSSVILLE CLIMATE NORMALS FOR TODAY
                         NORMAL    RECORD    YEAR
 MAXIMUM TEMPERATURE (F)   82        95      2011
 MINIMUM TEMPERATURE (F)   62        44      1954


SUNRISE AND SUNSET
SEPTEMBER  2 2014.....SUNRISE   613 AM CDT   SUNSET   706 PM CDT
SEPTEMBER  3 2014.....SUNRISE   614 AM CDT   SUNSET   705 PM CDT


-  INDICATES NEGATIVE NUMBERS.
R  INDICATES RECORD WAS SET OR TIED.
MM INDICATES DATA IS MISSING.
T  INDICATES TRACE AMOUNT.




$$
