000
CDUS44 KOHX 290700
CLICSV

CLIMATE REPORT
NATIONAL WEATHER SERVICE NASHVILLE TN
200 AM CDT FRI AUG 29 2014

...THE CROSSVILLE CLIMATE SUMMARY FOR AUGUST 28 2014...

CLIMATE NORMAL PERIOD 1981 TO 2010
CLIMATE RECORD PERIOD 1954 TO 2014


WEATHER ITEM   OBSERVED TIME   RECORD YEAR NORMAL DEPARTURE
                VALUE   (LST)  VALUE       VALUE  FROM
                                                  NORMAL
...............................................................
TEMPERATURE (F)
 YESTERDAY
  MAXIMUM         87    201 PM  96    1990  83      4
  MINIMUM         68    500 AM  47    1958  63      5
  AVERAGE         78                        73      5

PRECIPITATION (IN)
  YESTERDAY        0.00          2.33 1987   0.11  -0.11
  MONTH TO DATE    3.20                      3.65  -0.45
  SINCE JUN 1     12.70                     13.40  -0.70
  SINCE JAN 1     30.61                     37.78  -7.17

DEGREE DAYS
 HEATING
  YESTERDAY        0                                0
  MONTH TO DATE    0                                0
  SINCE JUN 1      1                              -13
  SINCE JUL 1      1                                1

 COOLING
  YESTERDAY       13                                5
  MONTH TO DATE  250                               -5
  SINCE JUN 1    684                              -64
  SINCE JAN 1    802                              -29
...............................................................

WIND (MPH)
  HIGHEST WIND SPEED    13   HIGHEST WIND DIRECTION    NW (320)
  HIGHEST GUST SPEED    17   HIGHEST GUST DIRECTION    NW (330)
  AVERAGE WIND SPEED   1.6


SKY COVER
  POSSIBLE SUNSHINE  MM
  AVERAGE SKY COVER 0.2


WEATHER CONDITIONS
 THE FOLLOWING WEATHER WAS RECORDED YESTERDAY.
  THUNDERSTORM
  FOG
  HAZE


RELATIVE HUMIDITY (PERCENT)
 HIGHEST    90           900 PM
 LOWEST     51           200 PM
 AVERAGE    71

..........................................................

THE CROSSVILLE CLIMATE NORMALS FOR TODAY
                         NORMAL    RECORD    YEAR
 MAXIMUM TEMPERATURE (F)   82        91      1995
 MINIMUM TEMPERATURE (F)   63        44      1986


SUNRISE AND SUNSET
AUGUST 29 2014........SUNRISE   610 AM CDT   SUNSET   712 PM CDT
AUGUST 30 2014........SUNRISE   611 AM CDT   SUNSET   711 PM CDT


-  INDICATES NEGATIVE NUMBERS.
R  INDICATES RECORD WAS SET OR TIED.
MM INDICATES DATA IS MISSING.
T  INDICATES TRACE AMOUNT.
$$
31
