000
CXUS52 KCAE 011400
CF6CUB
PRELIMINARY LOCAL CLIMATOLOGICAL DATA (WS FORM: F-6)
STATION: HAMILTON - OWENS AIRPORT SC
MONTH: JUNE
YEAR: 2021
LATITUDE: 33 58 N
LONGITUDE: 80 59 W
TEMPERATURE IN F: :PCPN: SNOW: WIND :SUNSHINE: SKY :PK WND
================================================================================
1 2 3 4 5 6A 6B 7 8 9 10 11 12 13 14 15 16 17 18
12Z AVG MX 2MIN
DY MAX MIN AVG DEP HDD CDD WTR SNW DPTH SPD SPD DIR MIN PSBL S-S WX SPD DR
================================================================================
1 84 56 70 -7 0 5 T M M 2.6 13 160 M M 4 8 15 160
2 85 65 75 -2 0 10 0.12 M M 1.0 12 170 M M 6 1 17 160
3 84 71 78 0 0 13 0.37 M M 3.8 15 170 M M 6 13 19 330
4 90 70 80 2 0 15 0.00 M M 2.2 12 290 M M 1 17 310
5 88 72 80 2 0 15 0.02 M M 1.5 12 130 M M 2 3 18 130
6 91 72 82 4 0 17 0.08 M M 1.8 14 270 M M 5 13 18 260
7 91 73 82 4 0 17 1.34 M M 3.4 22 170 M M 6 1238 31 170
8 82 72 77 -2 0 12 0.35 M M 2.1 16 190 M M 5 1 21 190
9 90 70 80 1 0 15 0.73 M M 2.6 23 270 M M 2 13 29 260
10 92 72 82 3 0 17 0.03 M M 3.8 16 250 M M 2 13 26 260
11 91 73 82 3 0 17 0.00 M M 7.6 18 260 M M 2 138 24 240
12 92 73 83 3 0 18 0.47 M M 3.4 12 330 M M 7 13 23 330
13 86 72 79 -1 0 14 T M M 2.2 9 340 M M 6 1 14 50
14 93 69 81 1 0 16 0.52 M M 3.6 16 180 M M 2 3 23 260
15 93 72 83 3 0 18 0.00 M M 2.3 10 310 M M 1 1 16 290
16 88 67 78 -2 0 13 0.00 M M 2.3 9 310 M M 1 16 40
17 88 65 77 -3 0 12 0.00 M M 2.3 12 310 M M 0 8 19 30
18 91 62 77 -4 0 12 0.00 M M 2.7 12 190 M M 0 15 170
19 89 72 81 0 0 16 0.08 M M 4.6 22 240 M M 0 1 33 240
20 86 71 79 -2 0 14 0.90 M M 6.5 24 220 M M 0 138 32 230
21 91 74 83 2 0 18 0.00 M M 8.2 17 220 M M 0 24 240
22 82 71 77 -4 0 12 0.85 M M 7.2 15 250 M M 0 1 20 240
23 86 67 77 -4 0 12 0.00 M M 3.3 10 60 M M 0 8 16 70
24 84 66 75 -7 0 10 0.00 M M 2.4 9 70 M M 0 15 60
25 86 61 74 -8 0 9 0.00 M M 2.0 8 70 M M 0 14 320
26 91 74 83 1 0 18 0.00 M M 3.1 17 170 M M 0 24 160
27 91 74 83 1 0 18 0.00 M M 3.0 8 120 M M 0 1 14 150
28 90 72 81 -1 0 16 T M M 4.7 13 70 M M 0 20 70
29 92 75 84 2 0 19 T M M 4.5 12 180 M M 0 17 170
30 92 73 83 1 0 18 0.00 M M 3.7 12 200 M M 1 1 15 210
================================================================================
SM 2659 2096 0 436 5.86 M 104.4 M 59
================================================================================
AV 88.6 69.9 3.5 FASTST M M 2 MAX(MPH)
MISC ----> 24 220 33 240
================================================================================
NOTES:
# LAST OF SEVERAL OCCURRENCES
COLUMN 17 PEAK WIND IN M.P.H.
PRELIMINARY LOCAL CLIMATOLOGICAL DATA (WS FORM: F-6) , PAGE 2
STATION: HAMILTON - OWENS AIRPORT SC
MONTH: JUNE
YEAR: 2021
LATITUDE: 33 58 N
LONGITUDE: 80 59 W
[TEMPERATURE DATA] [PRECIPITATION DATA] SYMBOLS USED IN COLUMN 16
AVERAGE MONTHLY: 79.3 TOTAL FOR MONTH: 5.86 1 = FOG OR MIST
DPTR FM NORMAL: -0.7 DPTR FM NORMAL: 1.09 2 = FOG REDUCING VISIBILITY
HIGHEST: 93 ON 15,14 GRTST 24HR 1.69 ON 7- 8 TO 1/4 MILE OR LESS
LOWEST: 56 ON 1 3 = THUNDER
SNOW, ICE PELLETS, HAIL 4 = ICE PELLETS
TOTAL MONTH: M 5 = HAIL
GRTST 24HR M ON M 6 = FREEZING RAIN OR DRIZZLE
GRTST DEPTH: M ON M 7 = DUSTSTORM OR SANDSTORM:
VSBY 1/2 MILE OR LESS
8 = SMOKE OR HAZE
[NO. OF DAYS WITH] [WEATHER - DAYS WITH] 9 = BLOWING SNOW
X = TORNADO
MAX 32 OR BELOW: 0 0.01 INCH OR MORE: 13
MAX 90 OR ABOVE: 16 0.10 INCH OR MORE: 9
MIN 32 OR BELOW: 0 0.50 INCH OR MORE: 5
MIN 0 OR BELOW: 0 1.00 INCH OR MORE: 1
[HDD (BASE 65) ]
TOTAL THIS MO. 0 CLEAR (SCALE 0-3) 22
DPTR FM NORMAL 0 PTCLDY (SCALE 4-7) 8
TOTAL FM JUL 1 2032 CLOUDY (SCALE 8-10) 0
DPTR FM NORMAL -176
[CDD (BASE 65) ]
TOTAL THIS MO. 436
DPTR FM NORMAL -14 [PRESSURE DATA]
TOTAL FM JAN 1 775 HIGHEST SLP 30.30 ON 1
DPTR FM NORMAL -66 LOWEST SLP 29.70 ON 12
[REMARKS]
#FINAL-06-21#