000
CXUS53 KUNR 010930
CF6CUT
PRELIMINARY LOCAL CLIMATOLOGICAL DATA (WS FORM: F-6)
STATION: CUSTER COUNTY AIRPORT SD
MONTH: AUGUST
YEAR: 2022
LATITUDE: 43 43 N
LONGITUDE: 103 37 W
TEMPERATURE IN F: :PCPN: SNOW: WIND :SUNSHINE: SKY :PK WND
================================================================================
1 2 3 4 5 6A 6B 7 8 9 10 11 12 13 14 15 16 17 18
12Z AVG MX 2MIN
DY MAX MIN AVG DEP HDD CDD WTR SNW DPTH SPD SPD DIR MIN PSBL S-S WX SPD DR
================================================================================
1 91 M M M M M 0.00 M M 6.6 21 270 M M 0 33 260
2 89 60 75 8 0 10 T M M 5.8 15 310 M M 2 27 320
3 82 61 72 5 0 7 0.00 M M 5.4 13 210 M M 1 20 200
4 93 57 75 9 0 10 0.00 M M 5.7 18 270 M M 2 25 270
5 95 63 79 13 0 14 T M M 6.7 18 40 M M 1 29 30
6 70 51 61 -5 4 0 0.12 M M 12.6 22 60 M M 6 3 31 60
7 77 48 63 -3 2 0 0.05 M M 5.4 21 280 M M 5 13 28 270
8 86 47 67 1 0 2 0.00 M M 5.8 15 280 M M 0 21 270
9 90 55 73 7 0 8 0.00 M M 5.8 16 130 M M 1 25 130
10 89 55 72 6 0 7 0.00 M M 4.7 17 110 M M 2 26 120
11 93 62 78 12 0 13 0.00 M M 5.3 20 100 M M 0 26 210
12 86 62 74 8 0 9 0.03 M M 5.8 15 260 M M 2 21 270
13 88 60 74 9 0 9 T M M 6.0 18 80 M M 3 3 25 70
14 80 60 70 5 0 5 0.67 M M 4.7 17 70 M M 8 13 23 90
15 76 55 66 1 0 1 T M M 6.9 21 50 M M 6 3 29 30
16 79 51 65 0 0 0 0.00 M M 4.6 14 110 M M 1 3 22 100
17 82 51 67 2 0 2 0.44 M M 5.7 22 320 M M 3 13 38 330
18 78 53 66 1 0 1 0.00 M M 6.4 14 20 M M 2 24 350
19 73 48 61 -3 4 0 0.00 M M 6.9 15 20 M M 0 23 320
20 75 45 60 -4 5 0 0.00 M M 4.5 12 170 M M 0 8 20 150
21 82 50 66 2 0 1 0.00 M M 4.3 13 170 M M 2 19 170
22 86 54 70 6 0 5 0.01 M M 4.2 18 110 M M 2 3 25 120
23 79 56 68 4 0 3 0.30 M M 4.2 12 90 M M 5 13 17 90
24 74 50 62 -1 3 0 0.60 M M 4.4 14 90 M M 4 13 20 80
25 68 49 59 -4 6 0 0.16 M M 8.1 17 60 M M 5 13 24 70
26 77 50 64 1 1 0 0.48 M M 4.9 20 160 M M 5 123 34 160
27 82 50 66 3 0 1 T M M 4.9 14 270 M M 1 20 200
28 75 50 63 1 2 0 0.00 M M 5.4 15 270 M M 0 21 240
29 77 47 62 0 3 0 0.00 M M 6.9 15 290 M M 0 23 280
30 86 46 66 4 0 1 0.00 M M 5.1 15 90 M M 0 20 90
31 84 54 69 7 0 4 0.04 M M 4.8 15 100 M M 1 3 23 100
================================================================================
SM 2542 1600 30 113 2.90 M 178.5 M 70
================================================================================
AV 82.0 53.3 5.8 FASTST M M 2 MAX(MPH)
MISC ----> # 22 60 38 330
================================================================================
NOTES:
# LAST OF SEVERAL OCCURRENCES
COLUMN 17 PEAK WIND IN M.P.H.
PRELIMINARY LOCAL CLIMATOLOGICAL DATA (WS FORM: F-6) , PAGE 2
STATION: CUSTER COUNTY AIRPORT SD
MONTH: AUGUST
YEAR: 2022
LATITUDE: 43 43 N
LONGITUDE: 103 37 W
[TEMPERATURE DATA] [PRECIPITATION DATA] SYMBOLS USED IN COLUMN 16
AVERAGE MONTHLY: 67.7 TOTAL FOR MONTH: 2.90 1 = FOG OR MIST
DPTR FM NORMAL: 3.0 DPTR FM NORMAL: 0.78 2 = FOG REDUCING VISIBILITY
HIGHEST: 95 ON 5 GRTST 24HR 0.87 ON 23-24 TO 1/4 MILE OR LESS
LOWEST: 45 ON 20 3 = THUNDER
SNOW, ICE PELLETS, HAIL 4 = ICE PELLETS
TOTAL MONTH: M 5 = HAIL
GRTST 24HR M ON M 6 = FREEZING RAIN OR DRIZZLE
GRTST DEPTH: M ON M 7 = DUSTSTORM OR SANDSTORM:
VSBY 1/2 MILE OR LESS
8 = SMOKE OR HAZE
[NO. OF DAYS WITH] [WEATHER - DAYS WITH] 9 = BLOWING SNOW
X = TORNADO
MAX 32 OR BELOW: 0 0.01 INCH OR MORE: 11
MAX 90 OR ABOVE: 5 0.10 INCH OR MORE: 7
MIN 32 OR BELOW: 0 0.50 INCH OR MORE: 2
MIN 0 OR BELOW: 0 1.00 INCH OR MORE: 0
[HDD (BASE 65) ]
TOTAL THIS MO. 30 CLEAR (SCALE 0-3) 21
DPTR FM NORMAL -50 PTCLDY (SCALE 4-7) 10
TOTAL FM JUL 1 46 CLOUDY (SCALE 8-10) 0
DPTR FM NORMAL -86
[CDD (BASE 65) ]
TOTAL THIS MO. 113
DPTR FM NORMAL 42 [PRESSURE DATA]
TOTAL FM JAN 1 270 HIGHEST SLP 30.19 ON 30
DPTR FM NORMAL 77 LOWEST SLP 29.54 ON 28
[REMARKS]
#FINAL-08-22#