000
CXUS51 KILN 010534
CF6CVG
PRELIMINARY LOCAL CLIMATOLOGICAL DATA (WS FORM: F-6)
STATION: CINCINNATI OH
MONTH: SEPTEMBER
YEAR: 2020
LATITUDE: 39 2 N
LONGITUDE: 84 40 W
TEMPERATURE IN F: :PCPN: SNOW: WIND :SUNSHINE: SKY :PK WND
================================================================================
1 2 3 4 5 6A 6B 7 8 9 10 11 12 13 14 15 16 17 18
12Z AVG MX 2MIN
DY MAX MIN AVG DEP HDD CDD WTR SNW DPTH SPD SPD DIR MIN PSBL S-S WX SPD DR
================================================================================
1 84 68 76 3 0 11 T 0.0 0 4.7 13 210 M M 7 1 16 210
2 82 73 78 6 0 13 0.62 0.0 0 6.4 14 270 M M 9 1 18 260
3 84 72 78 6 0 13 0.53 0.0 0 6.9 17 250 M M 9 1 24 270
4 80 61 71 -1 0 6 0.00 0.0 0 8.0 18 330 M M 6 23 300
5 80 51 66 -6 0 1 0.00 0.0 0 5.1 13 200 M M 1 17 190
6 81 58 70 -1 0 5 0.00 0.0 0 5.5 16 170 M M 5 19 170
7 85 62 74 3 0 9 0.00 0.0 0 9.5 17 200 M M 4 26 200
8 86 65 76 5 0 11 0.00 0.0 0 6.1 12 180 M M 2 18 14 190
9 88 67 78 8 0 13 0.00 0.0 0 3.5 12 120 M M 2 16 120
10 90 69 80 10 0 15 0.00 0.0 0 6.2 15 350 M M 5 17 360
11 73 67 70 0 0 5 T 0.0 0 11.2 17 80 M M 10 20 80
12 84 63 74 5 0 9 0.24 0.0 0 7.0 13 180 M M 7 138 16 100
13 80 68 74 5 0 9 T 0.0 0 6.4 17 340 M M 9 18 21 340
14 79 60 70 2 0 5 0.00 0.0 0 10.2 16 50 M M 3 26 80
15 73 55 64 -4 1 0 0.00 0.0 0 7.3 16 60 M M 0 19 60
16 77 51 64 -4 1 0 0.00 0.0 0 2.7 9 220 M M 4 1 12 220
17 82 54 68 1 0 3 0.00 0.0 0 7.9 21 30 M M 3 1 25 30
18 69 54 62 -5 3 0 0.00 0.0 0 13.4 22 10 M M 2 28 10
19 69 47 58 -8 7 0 0.00 0.0 0 10.4 17 50 M M 1 23 40
20 73 48 61 -5 4 0 0.00 0.0 0 10.1 18 60 M M 0 23 90
21 73 48 61 -4 4 0 0.00 0.0 0 6.5 14 100 M M 1 17 130
22 75 48 62 -3 3 0 0.00 0.0 0 1.8 9 70 M M 5 1 12 300
23 75 49 62 -3 3 0 0.00 0.0 0 3.2 8 270 M M 8 15 350
24 76 57 67 3 0 2 0.00 0.0 0 2.5 12 180 M M 6 21 130
25 79 58 69 5 0 4 0.00 0.0 0 5.0 9 150 M M 4 12 170
26 77 59 68 5 0 3 0.00 0.0 0 6.6 16 180 M M 4 1 21 190
27 79 57 68 5 0 3 0.00 0.0 0 8.0 16 210 M M 4 1 23 190
28 72 52 62 0 3 0 0.24 0.0 0 9.3 30 290 M M 8 1 37 280
29 64 47 56 -6 9 0 T 0.0 0 4.4 17 260 M M 5 13 23 250
30 75 46 61 -1 4 0 0.00 0.0 0 12.7 24 210 M M 4 33 220
================================================================================
SM 2344 1734 42 140 1.63 0.0 208.5 M 138
================================================================================
AV 78.1 57.8 6.9 FASTST M M 5 MAX(MPH)
MISC ----> 30 290 37 280
================================================================================
NOTES:
# LAST OF SEVERAL OCCURRENCES
COLUMN 17 PEAK WIND IN M.P.H.
PRELIMINARY LOCAL CLIMATOLOGICAL DATA (WS FORM: F-6) , PAGE 2
STATION: CINCINNATI OH
MONTH: SEPTEMBER
YEAR: 2020
LATITUDE: 39 2 N
LONGITUDE: 84 40 W
[TEMPERATURE DATA] [PRECIPITATION DATA] SYMBOLS USED IN COLUMN 16
AVERAGE MONTHLY: 68.0 TOTAL FOR MONTH: 1.63 1 = FOG OR MIST
DPTR FM NORMAL: 0.4 DPTR FM NORMAL: -1.00 2 = FOG REDUCING VISIBILITY
HIGHEST: 90 ON 10 GRTST 24HR 0.81 ON 2- 3 TO 1/4 MILE OR LESS
LOWEST: 46 ON 30 3 = THUNDER
SNOW, ICE PELLETS, HAIL 4 = ICE PELLETS
TOTAL MONTH: 0.0 INCH 5 = HAIL
GRTST 24HR 0.0 6 = FREEZING RAIN OR DRIZZLE
GRTST DEPTH: 0 7 = DUSTSTORM OR SANDSTORM:
VSBY 1/2 MILE OR LESS
8 = SMOKE OR HAZE
[NO. OF DAYS WITH] [WEATHER - DAYS WITH] 9 = BLOWING SNOW
X = TORNADO
MAX 32 OR BELOW: 0 0.01 INCH OR MORE: 4
MAX 90 OR ABOVE: 1 0.10 INCH OR MORE: 4
MIN 32 OR BELOW: 0 0.50 INCH OR MORE: 2
MIN 0 OR BELOW: 0 1.00 INCH OR MORE: 0
[HDD (BASE 65) ]
TOTAL THIS MO. 42 CLEAR (SCALE 0-3) 9
DPTR FM NORMAL -16 PTCLDY (SCALE 4-7) 16
TOTAL FM JUL 1 42 CLOUDY (SCALE 8-10) 5
DPTR FM NORMAL -16
[CDD (BASE 65) ]
TOTAL THIS MO. 140
DPTR FM NORMAL 3 [PRESSURE DATA]
TOTAL FM JAN 1 1248 HIGHEST SLP 30.43 ON 21
DPTR FM NORMAL 143 LOWEST SLP 29.66 ON 28
[REMARKS]
#FINAL-09-20#